{"id":277,"date":"2022-10-04T15:45:02","date_gmt":"2022-10-04T13:45:02","guid":{"rendered":"http:\/\/ipoweb.bruxelles.be\/amy\/?page_id=277"},"modified":"2025-08-11T18:57:13","modified_gmt":"2025-08-11T16:57:13","slug":"nos-options","status":"publish","type":"page","link":"https:\/\/ipoweb.bruxelles.be\/amy\/nos-options\/","title":{"rendered":"Nos options"},"content":{"rendered":"\n<div class=\"wp-block-cover alignfull is-light has-parallax\" style=\"min-height:100vh;aspect-ratio:unset;\"><span aria-hidden=\"true\" class=\"wp-block-cover__background has-background-dim-70 has-background-dim\" style=\"background-color:#f7983e\"><\/span><div class=\"wp-block-cover__image-background wp-image-154 has-parallax\" style=\"background-position:50% 50%;background-image:url(http:\/\/ipoweb.bruxelles.be\/amy\/wp-content\/uploads\/2022\/09\/labo1duo.jpg)\"><\/div><div class=\"wp-block-cover__inner-container is-layout-flow wp-block-cover-is-layout-flow\">\n<h2 class=\"wp-block-heading has-text-align-center\">Nous proposons \u00e0 nos \u00e9l\u00e8ves un large choix d&rsquo;options tout au long de leur parcours<\/h2>\n\n\n\n<div class=\"wp-block-buttons alignwide is-horizontal is-content-justification-center is-layout-flex wp-container-core-buttons-is-layout-1 wp-block-buttons-is-layout-flex\">\n<div class=\"wp-block-button\"><a class=\"wp-block-button__link has-white-background-color has-text-color has-background wp-element-button\" href=\"#1\" style=\"color:#ec9233\"><strong>options du 1<sup>er<\/sup> degr\u00e9<\/strong><\/a><\/div>\n\n\n\n<div class=\"wp-block-button\"><a class=\"wp-block-button__link has-white-background-color has-text-color has-background wp-element-button\" href=\"#2\" style=\"color:#ec9233\"><strong>options du 2<sup>e<\/sup> degr\u00e9<\/strong><\/a><\/div>\n\n\n\n<div class=\"wp-block-button\"><a class=\"wp-block-button__link has-white-background-color has-text-color has-background wp-element-button\" href=\"#3\" style=\"color:#ec9233\"><strong>options du 3<sup>e<\/sup> degr\u00e9<\/strong><\/a><\/div>\n<\/div>\n\n\n\n<div class=\"wp-block-buttons is-content-justification-center is-layout-flex wp-container-core-buttons-is-layout-2 wp-block-buttons-is-layout-flex\">\n<div class=\"wp-block-button\"><a class=\"wp-block-button__link has-white-background-color has-text-color has-background wp-element-button\" href=\"#comp\" style=\"color:#ec9233\"><strong>Activit\u00e9s compl\u00e9mentaires<\/strong><\/a><\/div>\n<\/div>\n<\/div><\/div>\n\n\n\n<div class=\"wp-block-group alignfull tw-bottom-shape-organic\"><div class=\"wp-block-group__inner-container is-layout-flow wp-block-group-is-layout-flow\">\n<h2 class=\"wp-block-heading alignwide has-text-align-center\" id=\"1\"><mark style=\"background-color:rgba(0, 0, 0, 0);color:#e97828\" class=\"has-inline-color\">Au premier degr\u00e9 commun<\/mark><\/h2>\n\n\n\n<h2 class=\"wp-block-heading alignwide has-text-align-center\" id=\"1\"><mark style=\"background-color:rgba(0, 0, 0, 0);color:#e97828\" class=\"has-inline-color\"> (1<sup>re<\/sup> et 2<sup>e<\/sup> ann\u00e9e)<\/mark><\/h2>\n\n\n\n<p class=\"has-text-align-center tw-text-wide\">En 1<sup>re<\/sup> et 2 ann\u00e9e, deux options de deux heures sont \u00e0 choisir<br>(ou une seule si votre choix se porte sur l\u2019option Latin)<\/p>\n\n\n\n<div class=\"wp-block-columns alignwide is-style-default tw-gutter-large is-layout-flex wp-container-core-columns-is-layout-1 wp-block-columns-is-layout-flex\">\n<div class=\"wp-block-column is-layout-flow wp-block-column-is-layout-flow\"><div class=\"wp-block-image tw-sm-hidden\">\n<figure class=\"aligncenter size-full is-resized\"><img loading=\"lazy\" decoding=\"async\" width=\"356\" height=\"356\" src=\"http:\/\/ipoweb.bruxelles.be\/amy\/wp-content\/uploads\/2022\/10\/chats2.png\" alt=\"\" class=\"wp-image-306\" style=\"width:150px;height:150px\" srcset=\"https:\/\/ipoweb.bruxelles.be\/amy\/wp-content\/uploads\/2022\/10\/chats2.png 356w, https:\/\/ipoweb.bruxelles.be\/amy\/wp-content\/uploads\/2022\/10\/chats2-300x300.png 300w, https:\/\/ipoweb.bruxelles.be\/amy\/wp-content\/uploads\/2022\/10\/chats2-150x150.png 150w\" sizes=\"(max-width: 356px) 100vw, 356px\" \/><\/figure><\/div>\n\n\n<h3 class=\"wp-block-heading has-text-align-center\"><mark style=\"background-color:rgba(0, 0, 0, 0);color:#e97828\" class=\"has-inline-color\"><strong>Sciences humaines <\/strong><\/mark><\/h3>\n\n\n\n<h3 class=\"wp-block-heading has-text-align-center\"><mark style=\"background-color:rgba(0, 0, 0, 0);color:#e97828\" class=\"has-inline-color\"><strong>2 heures<\/strong><\/mark><\/h3>\n\n\n\n<p class=\"has-text-align-center\">Les sciences humaines sont l\u2019ensemble des sciences qui \u00e9tudient la mani\u00e8re dont vivent les humains en soci\u00e9t\u00e9 ainsi que leurs interactions dans leur environnement. Cette option s\u2019int\u00e9resse \u00e0 l\u2019\u00e9tude des ph\u00e9nom\u00e8nes sociaux \u00e0 travers la sociologie, la communication, la politique, la psychologie sociale ou les sciences \u00e9conomiques. Cette formation vise \u00e0 d\u00e9velopper l\u2019esprit critique, \u00e0 l\u2019 apprentissage de la citoyennet\u00e9 et \u00e0 enrichir la culture g\u00e9n\u00e9rale de nos \u00e9l\u00e8ves. Elle n\u00e9cessite d\u2019\u00eatre rigoureux, curieux et de suivre l\u2019actualit\u00e9, tout en ayant un regard tol\u00e9rant sur les diff\u00e9rentes activit\u00e9s propos\u00e9es.<\/p>\n\n\n<div class=\"wp-block-image tw-sm-hidden\">\n<figure class=\"aligncenter size-full is-resized\"><img loading=\"lazy\" decoding=\"async\" width=\"354\" height=\"354\" src=\"http:\/\/ipoweb.bruxelles.be\/amy\/wp-content\/uploads\/2022\/10\/search-word.png\" alt=\"\" class=\"wp-image-303\" style=\"width:150px;height:150px\" srcset=\"https:\/\/ipoweb.bruxelles.be\/amy\/wp-content\/uploads\/2022\/10\/search-word.png 354w, https:\/\/ipoweb.bruxelles.be\/amy\/wp-content\/uploads\/2022\/10\/search-word-300x300.png 300w, https:\/\/ipoweb.bruxelles.be\/amy\/wp-content\/uploads\/2022\/10\/search-word-150x150.png 150w\" sizes=\"(max-width: 354px) 100vw, 354px\" \/><\/figure><\/div>\n\n\n<h3 class=\"wp-block-heading has-text-align-center\"><mark style=\"background-color:rgba(0, 0, 0, 0);color:#e97828\" class=\"has-inline-color\"><strong>Latin <\/strong><\/mark><\/h3>\n\n\n\n<h3 class=\"wp-block-heading has-text-align-center\"><mark style=\"background-color:rgba(0, 0, 0, 0);color:#e97828\" class=\"has-inline-color\"><strong> 4 heures<\/strong><\/mark><\/h3>\n\n\n\n<p class=\"has-text-align-center\">Le cours de latin propos\u00e9 au sein de cette \u00e9cole comme activit\u00e9 compl\u00e9mentaire au fran\u00e7ais, cherchera \u00e0 d\u00e9velopper les principaux aspects du cours de fran\u00e7ais : lire, \u00e9crire, comprendre, parler. En plus de ces apports linguistiques, ce cours fournira aussi des apports culturels gr\u00e2ce \u00e0 sa longue histoire et scientifiques par ses constructions logiques.<\/p>\n<\/div>\n\n\n\n<div class=\"wp-block-column is-layout-flow wp-block-column-is-layout-flow\"><div class=\"wp-block-image tw-sm-hidden\">\n<figure class=\"aligncenter size-full is-resized\"><img loading=\"lazy\" decoding=\"async\" width=\"348\" height=\"348\" src=\"http:\/\/ipoweb.bruxelles.be\/amy\/wp-content\/uploads\/2022\/10\/movie-action.png\" alt=\"\" class=\"wp-image-304\" style=\"width:150px;height:140px\" srcset=\"https:\/\/ipoweb.bruxelles.be\/amy\/wp-content\/uploads\/2022\/10\/movie-action.png 348w, https:\/\/ipoweb.bruxelles.be\/amy\/wp-content\/uploads\/2022\/10\/movie-action-300x300.png 300w, https:\/\/ipoweb.bruxelles.be\/amy\/wp-content\/uploads\/2022\/10\/movie-action-150x150.png 150w\" sizes=\"(max-width: 348px) 100vw, 348px\" \/><\/figure><\/div>\n\n\n<h3 class=\"wp-block-heading has-text-align-center\"><strong><mark style=\"background-color:rgba(0, 0, 0, 0);color:#e97828\" class=\"has-inline-color\">Arts de la parole <\/mark><\/strong><\/h3>\n\n\n\n<h3 class=\"wp-block-heading has-text-align-center\"><strong><mark style=\"background-color:rgba(0, 0, 0, 0);color:#e97828\" class=\"has-inline-color\">2 heures<\/mark><\/strong><\/h3>\n\n\n\n<p class=\"has-text-align-center\">Le cours d\u2019Arts de la parole enseigne les bases de l\u2019expression orale et du jeu d\u2019acteur. Le cours apprend \u00e0 l\u2019\u00e9l\u00e8ve \u00e0 d\u00e9velopper son imagination, \u00e0 s\u2019exprimer, \u00e0 jouer avec les mots, \u00e0 dire un texte. En outre, l\u2019\u00e9l\u00e8ve y apprendra \u00e0 s\u2019ouvrir aux autres et au monde qui l\u2019entoure, \u00e0 se conna\u00eetre, \u00e0 prendre confiance en lui en osant s\u2019exprimer et en collaborant avec ses camarades au service d\u2019un projet commun. Au cours d\u2019Arts de la parole, l\u2019\u00e9l\u00e8ve sera amen\u00e9 \u00e0 inventer individuellement ou collectivement une histoire, un r\u00e9cit par le biais de l\u2019improvisation ou encore d\u2019exercices th\u00e9\u00e2traux.<\/p>\n\n\n<div class=\"wp-block-image tw-sm-hidden\">\n<figure class=\"aligncenter size-full is-resized\"><img loading=\"lazy\" decoding=\"async\" width=\"344\" height=\"344\" src=\"http:\/\/ipoweb.bruxelles.be\/amy\/wp-content\/uploads\/2022\/10\/mackbookpro.png\" alt=\"\" class=\"wp-image-300\" style=\"width:150px;height:150px\" srcset=\"https:\/\/ipoweb.bruxelles.be\/amy\/wp-content\/uploads\/2022\/10\/mackbookpro.png 344w, https:\/\/ipoweb.bruxelles.be\/amy\/wp-content\/uploads\/2022\/10\/mackbookpro-300x300.png 300w, https:\/\/ipoweb.bruxelles.be\/amy\/wp-content\/uploads\/2022\/10\/mackbookpro-150x150.png 150w\" sizes=\"(max-width: 344px) 100vw, 344px\" \/><\/figure><\/div>\n\n\n<h3 class=\"wp-block-heading has-text-align-center\"><mark style=\"background-color:rgba(0, 0, 0, 0);color:#e97828\" class=\"has-inline-color\"><strong>Codage<\/strong> <\/mark><\/h3>\n\n\n\n<h3 class=\"wp-block-heading has-text-align-center\"><mark style=\"background-color:rgba(0, 0, 0, 0);color:#e97828\" class=\"has-inline-color\">2 heures<\/mark><\/h3>\n\n\n\n<p class=\"has-text-align-center\">Les \u00e9l\u00e8ves s&rsquo;initieront \u00e0 l&rsquo;utilisation de logiciels de programmation tels que Scratch, Geogebra, Scottigo, qui leur permettront de r\u00e9aliser des projets concrets (jeux vid\u00e9os, etc.).<\/p>\n<\/div>\n<\/div>\n<\/div><\/div>\n\n\n\n<div class=\"wp-block-group alignfull has-white-background-color has-background tw-top-shape-organic tw-bottom-shape-organic\"><div class=\"wp-block-group__inner-container is-layout-flow wp-block-group-is-layout-flow\">\n<h2 class=\"wp-block-heading alignwide has-text-align-center\" id=\"2\"><mark style=\"background-color:rgba(0, 0, 0, 0);color:#e97828\" class=\"has-inline-color\">Au deuxi\u00e8me degr\u00e9<\/mark><\/h2>\n\n\n\n<h2 class=\"wp-block-heading alignwide has-text-align-center\" id=\"2\"><mark style=\"background-color:rgba(0, 0, 0, 0);color:#e97828\" class=\"has-inline-color\"> (3<sup>e<\/sup> ann\u00e9e et 4<sup>e<\/sup> ann\u00e9e)<\/mark><\/h2>\n\n\n\n<ul>\n<li>Sciences (5h) + sciences sport (2h)<\/li>\n\n\n\n<li>Sciences (5h) + laboratoire num\u00e9rique, codage (2h)<\/li>\n\n\n\n<li>Sciences (3h) + Sciences humaines (4h) + arts de la parole (2h)<\/li>\n\n\n\n<li>Sciences (3h) + Sciences humaines (4h) + histoire de l\u2019art et du th\u00e9\u00e2tre (2h)<\/li>\n<\/ul>\n\n\n\n<hr class=\"wp-block-separator has-text-color has-alpha-channel-opacity has-background tw-mb-7 tw-mt-2 is-style-default\" style=\"background-color:#84400f;color:#84400f\"\/>\n\n\n\n<h2 class=\"wp-block-heading alignwide has-text-align-center\" id=\"3\"><mark style=\"background-color:rgba(0, 0, 0, 0);color:#e97828\" class=\"has-inline-color\">Au troisi\u00e8me degr\u00e9<\/mark><\/h2>\n\n\n\n<h2 class=\"wp-block-heading alignwide has-text-align-center\" id=\"3\"><mark style=\"background-color:rgba(0, 0, 0, 0);color:#e97828\" class=\"has-inline-color\"> (5<sup>e<\/sup> ann\u00e9e et 6<sup>e<\/sup> ann\u00e9e)<\/mark><\/h2>\n\n\n\n<ul>\n<li>Sciences (6h) \u2013 Math (6h) + sport compl\u00e9mentaire (2h)<\/li>\n\n\n\n<li>Sciences (6h) \u2013 Math (6h) + labo (2h)<\/li>\n\n\n\n<li>Sciences (6h) \u2013 Math (6h) + math compl\u00e9mentaire (2h) \/ pr\u00e9paration \u00e0 l&rsquo;examen d&rsquo;entr\u00e9e d&rsquo;ing\u00e9nieur<\/li>\n\n\n\n<li>Sciences (6h) \u2013 Math (6h) + pr\u00e9paration \u00e0 l&rsquo;examen de m\u00e9decine (2h) <\/li>\n\n\n\n<li>Sciences (3h) \u2013 Math (4h) + Sciences humaines (4h) + arts de la parole (2h)<\/li>\n\n\n\n<li>Sciences (3h) \u2013 Math (4h) + Sciences humaines (4h) + sport compl\u00e9mentaire (2h)<\/li>\n\n\n\n<li>Sciences (3h) \u2013 Math (4h) + Espagnol (4h) + arts de la parole (2h)<\/li>\n\n\n\n<li>Sciences (3h) \u2013 Math (4h) + Espagnol (4h) + sport compl\u00e9mentaire (2h)<\/li>\n<\/ul>\n<\/div><\/div>\n\n\n\n<div class=\"wp-block-group alignfull tw-top-shape-organic tw-bottom-shape-organic\"><div class=\"wp-block-group__inner-container is-layout-flow wp-block-group-is-layout-flow\">\n<h2 class=\"wp-block-heading alignwide has-text-align-center\" id=\"comp\">Descriptions des<mark style=\"background-color:rgba(0, 0, 0, 0);color:#e97828\" class=\"has-inline-color\"> activit\u00e9s compl\u00e9mentaires dans les deuxi\u00e8me et troisi\u00e8me degr\u00e9s<\/mark><\/h2>\n\n\n\n<div class=\"wp-block-columns alignwide has-text-align-center tw-gutter-large is-layout-flex wp-container-core-columns-is-layout-2 wp-block-columns-is-layout-flex\">\n<div class=\"wp-block-column is-layout-flow wp-block-column-is-layout-flow\">\n<h3 class=\"wp-block-heading has-text-align-center\"><mark style=\"background-color:rgba(0, 0, 0, 0);color:#e97828\" class=\"has-inline-color\">Histoire de l\u2019art et du th\u00e9\u00e2tre<\/mark><\/h3>\n\n\n\n<p class=\"has-text-align-center\">Les \u00e9l\u00e8ves se constitueront une culture artistique fond\u00e9e sur des rep\u00e8res essentiels appr\u00e9hend\u00e9s dans leurs relations avec le contexte historique, politique, philosophique, \u00e9conomique et social en Europe et de par le monde. Les contenus y sont abord\u00e9s de mani\u00e8re \u00e0 d\u00e9velopper le sens de l\u2019observation et \u00e0 aiguiser la sensibilit\u00e9 de l\u2019\u00e9l\u00e8ve en d\u00e9couvrant les d\u00e9marches artistiques au travers des \u0153uvres mais aussi de ses recherches personnelles. Le cours est l\u2019occasion, pour l\u2019\u00e9l\u00e8ve, d\u2019affirmer aussi sa personnalit\u00e9.<\/p>\n<\/div>\n\n\n\n<div class=\"wp-block-column is-layout-flow wp-block-column-is-layout-flow\">\n<h3 class=\"wp-block-heading has-text-align-center\"><mark style=\"background-color:rgba(0, 0, 0, 0);color:#e97828\" class=\"has-inline-color\">Arts de la parole<\/mark><\/h3>\n\n\n\n<p class=\"has-text-align-center\">Le cours d\u2019Arts de la parole enseigne les bases de l\u2019expression orale et du jeu d\u2019acteur. Le cours apprend \u00e0 l\u2019\u00e9l\u00e8ve \u00e0 d\u00e9velopper son imagination, \u00e0 s\u2019exprimer, \u00e0 jouer avec les mots, \u00e0 dire un texte. En outre, l\u2019\u00e9l\u00e8ve y apprendra \u00e0 s\u2019ouvrir aux autres et au monde qui l\u2019entoure, \u00e0 se conna\u00eetre, \u00e0 prendre confiance en lui en osant s\u2019exprimer et en collaborant avec ses camarades au service d\u2019un projet commun. Au cours d\u2019Arts de la parole, l\u2019\u00e9l\u00e8ve sera amen\u00e9 \u00e0 inventer individuellement ou collectivement une histoire, un r\u00e9cit par le biais de l\u2019improvisation ou encore d\u2019exercices th\u00e9\u00e2traux.<\/p>\n<\/div>\n\n\n\n<div class=\"wp-block-column is-layout-flow wp-block-column-is-layout-flow\">\n<h3 class=\"wp-block-heading has-text-align-center\">Pr\u00e9paration examen de m\u00e9decine<\/h3>\n\n\n\n<p class=\"has-text-align-center\">La pr\u00e9paration \u00e0 l&rsquo;examen d&rsquo;entr\u00e9e de m\u00e9decine est un parcours \u00e9tal\u00e9 sur les deux ann\u00e9es du 3\u00e8me degr\u00e9. Chaque semestre sera consacr\u00e9 \u00e0 la pr\u00e9paration sp\u00e9cifique de l&rsquo;examen d&rsquo;entr\u00e9e de m\u00e9decine concernant les 4 mati\u00e8res suivantes: math\u00e9matiques, physique, chimie et biologie. <\/p>\n\n\n\n<p><\/p>\n<\/div>\n<\/div>\n\n\n\n<hr class=\"wp-block-separator has-text-color has-alpha-channel-opacity has-background tw-mb-7 tw-mt-2 is-style-default\" style=\"background-color:#84400f;color:#84400f\"\/>\n\n\n\n<div class=\"wp-block-columns alignwide tw-gutter-large is-layout-flex wp-container-core-columns-is-layout-3 wp-block-columns-is-layout-flex\">\n<div class=\"wp-block-column is-layout-flow wp-block-column-is-layout-flow\">\n<h3 class=\"wp-block-heading has-text-align-center\"><mark style=\"background-color:rgba(0, 0, 0, 0);color:#e97828\" class=\"has-inline-color\">Math compl\u00e9mentaire<\/mark><\/h3>\n\n\n\n<p class=\"has-text-align-center\">Le cours de math compl\u00e9mentaire repose sur la m\u00eame formation que celui du cours de math 6 p\u00e9riodes\/semaine, mais les deux heures suppl\u00e9mentaires permettent d\u2019approfondir les notions du programme, de r\u00e9soudre des exercices plus fouill\u00e9s, plus transversaux. Le cours de math compl\u00e9mentaire est donc plus dense et plus complet et donne une meilleure assise en math\u00e9matiques. Le cours s\u2019adresse principalement aux \u00e9tudiants souhaitant r\u00e9ussir l\u2019examen d\u2019entr\u00e9e de polytechnique mais servira \u00e9galement \u00e0 tous les \u00e9tudiants se destinant \u00e0 des \u00e9tudes scientifiques (sciences, m\u00e9decine, architecture, etc.).<\/p>\n\n\n\n<h3 class=\"wp-block-heading has-text-align-center\"><mark style=\"background-color:rgba(0, 0, 0, 0);color:#e97828\" class=\"has-inline-color\">Labo de physique (5<sup>e<\/sup>)<\/mark><\/h3>\n\n\n\n<p class=\"has-text-align-center\">Le labo de physique en 5<sup>e<\/sup> ann\u00e9e correspond \u00e0 l&rsquo;aboutissement du parcours des \u00e9l\u00e8ves ayant choisi l&rsquo;option codage au cours des ann\u00e9es pr\u00e9c\u00e9dentes. On y apprend la gestion en autonomie d\u2019un projet ing\u00e9nierie (li\u00e9 \u00e0 la robotique ou \u00e0 l&rsquo;\u00e9lectronique) sur plusieurs mois mobilisant toutes les comp\u00e9tences et savoir-faire d\u00e9velopp\u00e9s lors des ann\u00e9es ant\u00e9rieures. Cependant, un \u00e9l\u00e8ve qui n&rsquo;aurait pas eu de codage dans son parcours peut rejoindre les labos sans probl\u00e8me : les \u00e9quipes sont pluridisciplinaires et les comp\u00e9tences li\u00e9es \u00e0 la communication et au travail d&rsquo;\u00e9quipe sont aussi tr\u00e8s importantes pour mener \u00e0 bien la mission re\u00e7ue en d\u00e9but d&rsquo;ann\u00e9e scolaire.<\/p>\n<\/div>\n\n\n\n<div class=\"wp-block-column is-layout-flow wp-block-column-is-layout-flow\">\n<h3 class=\"wp-block-heading has-text-align-center\"><mark style=\"background-color:rgba(0, 0, 0, 0);color:#e97828\" class=\"has-inline-color\">Sciences du sport (3<sup>e<\/sup>-4<sup>e<\/sup>)<\/mark><\/h3>\n\n\n\n<p class=\"has-text-align-center\">La place prise par le sport dans notre soci\u00e9t\u00e9 ne cesse de cro\u00eetre ces derni\u00e8res (dizaines d\u2019) ann\u00e9es. Que ce soit pour accroitre la performance ou pour r\u00e9duire la probabilit\u00e9 de blessure, la science prend une place de plus en plus importante dans le domaine du sport professionnel ET dans celui du sport amateur (formation des entra\u00eeneurs (et des sportifs eux-m\u00eames), technologie du mat\u00e9riel, m\u00e9decine sp\u00e9cialis\u00e9e, etc.). Dans ce cadre, l&rsquo;option, destin\u00e9e \u00e0 faire comprendre aux \u00e9l\u00e8ves l\u2019int\u00e9r\u00eat des sciences dans le domaine du sport (et \u00e0 aborder les sciences \u00e0 travers le prisme du sport) a tout son int\u00e9r\u00eat. Ce cours a pour objectif de faire entrer les \u00e9l\u00e8ves dans ce vaste \u00ab monde \u00bb qu\u2019est la science du sport et \u00e0 leur faire prendre conscience que le sport d\u2019aujourd\u2019hui ne se limite plus \u00e0 l\u2019effort physique mais que, plus que jamais, un esprit sain dans un corps sain est indispensable.<\/p>\n\n\n\n<h3 class=\"wp-block-heading has-text-align-center\"><mark style=\"background-color:rgba(0, 0, 0, 0);color:#e97828\" class=\"has-inline-color\">Labo de chimie (6<sup>e<\/sup>)<\/mark><\/h3>\n\n\n\n<p class=\"has-text-align-center\">Le labo de chimie en 6<sup>e<\/sup> ann\u00e9e a pour objectif de pr\u00e9parer les \u00e9l\u00e8ves aux laboratoire qu&rsquo;ils auront lors de leurs \u00e9tudes sup\u00e9rieures. Les \u00e9l\u00e8ves y apprendront les techniques de laboratoire de base en chimie et bio (dissection, pr\u00e9paration de solution, extraction d&rsquo;ADN de fruits, pr\u00e9paration de savon, etc.). Les th\u00e9matiques abord\u00e9es seront tant\u00f4t en lien direct avec le cours de bio et chimie tant\u00f4t plus diversifi\u00e9es (confection de cr\u00e8mes, de baumes, de fromage, etc.).<\/p>\n<\/div>\n\n\n\n<div class=\"wp-block-column is-layout-flow wp-block-column-is-layout-flow\">\n<h3 class=\"wp-block-heading has-text-align-center\"><mark style=\"background-color:rgba(0, 0, 0, 0);color:#e97828\" class=\"has-inline-color\">Laboratoire num\u00e9rique, codage et robotique (3<sup>e<\/sup>-4<sup>e<\/sup>)<\/mark><\/h3>\n\n\n\n<p class=\"has-text-align-center\">Les \u00e9l\u00e8ves s&rsquo;initieront \u00e0 l&rsquo;utilisation d&rsquo;imprimantes 3D ou vinyle, \u00e0 la d\u00e9coupe laser, \u00e0 l\u2019utilisation\/cr\u00e9ation de robots et \u00e0 la maitrise des programmes qui commandent ces machines en vue de la r\u00e9alisation d&rsquo;un projet concret<\/p>\n\n\n\n<h3 class=\"wp-block-heading has-text-align-center\"><mark style=\"background-color:rgba(0, 0, 0, 0);color:#e97828\" class=\"has-inline-color\">Sport compl\u00e9mentaire (5<sup>e<\/sup>-6<sup>e<\/sup>)<\/mark><\/h3>\n\n\n\n<p class=\"has-text-align-center\">Cette option a pour objectif de faire d\u00e9couvrir aux \u00e9l\u00e8ves des sports qui, habituellement, sont peu pratiqu\u00e9s \u00e0 l\u2019\u00e9cole. En fonction des possibilit\u00e9s et, ces derni\u00e8res ann\u00e9es, des conditions sanitaires, des cycles de plusieurs s\u00e9ances sont organis\u00e9s \u00e0 ou en dehors de l\u2019\u00e9cole. Ces derni\u00e8res ann\u00e9es, les sports suivants ont \u00e9t\u00e9 pratiqu\u00e9s dans la salle multisport dont dispose l&rsquo;\u00e9cole ou en ext\u00e9rieur: athl\u00e9tisme (stade roi Baudoin), aviron (club d\u2019aviron RSNB1855), cross-fit (salle CrossFit Dansaert) , escalade et fitness (Belgica Medical Sport Center), kin-ball, krav-maga, natation (piscine de Laeken), street-workout, tchoukball, v\u00e9lo.Enfin, les \u00e9l\u00e8ves de l&rsquo;option ont \u00e9galement l&rsquo;occasion d&rsquo;exp\u00e9rimenter des activit\u00e9s d\u2019encadrement d\u2019enfants en tant que&nbsp; moniteurs lors de journ\u00e9es sportives.<\/p>\n<\/div>\n<\/div>\n<\/div><\/div>\n","protected":false},"excerpt":{"rendered":"<p>Au premier degr\u00e9 commun (1re et 2e ann\u00e9e) En 1re et 2 ann\u00e9e, deux options de deux heures sont \u00e0 choisir(ou une seule si votre choix se porte sur l\u2019option Latin) Sciences humaines 2 heures Les sciences humaines sont l\u2019ensemble des sciences qui \u00e9tudient la mani\u00e8re dont vivent les humains en soci\u00e9t\u00e9 ainsi que leurs&hellip; <a class=\"more-link\" href=\"https:\/\/ipoweb.bruxelles.be\/amy\/nos-options\/\">Poursuivre la lecture <span class=\"screen-reader-text\">Nos options<\/span><\/a><\/p>\n","protected":false},"author":1,"featured_media":0,"parent":0,"menu_order":0,"comment_status":"closed","ping_status":"closed","template":"tw-header-transparent-light.php","meta":{"footnotes":""},"_links":{"self":[{"href":"https:\/\/ipoweb.bruxelles.be\/amy\/wp-json\/wp\/v2\/pages\/277"}],"collection":[{"href":"https:\/\/ipoweb.bruxelles.be\/amy\/wp-json\/wp\/v2\/pages"}],"about":[{"href":"https:\/\/ipoweb.bruxelles.be\/amy\/wp-json\/wp\/v2\/types\/page"}],"author":[{"embeddable":true,"href":"https:\/\/ipoweb.bruxelles.be\/amy\/wp-json\/wp\/v2\/users\/1"}],"replies":[{"embeddable":true,"href":"https:\/\/ipoweb.bruxelles.be\/amy\/wp-json\/wp\/v2\/comments?post=277"}],"version-history":[{"count":131,"href":"https:\/\/ipoweb.bruxelles.be\/amy\/wp-json\/wp\/v2\/pages\/277\/revisions"}],"predecessor-version":[{"id":713,"href":"https:\/\/ipoweb.bruxelles.be\/amy\/wp-json\/wp\/v2\/pages\/277\/revisions\/713"}],"wp:attachment":[{"href":"https:\/\/ipoweb.bruxelles.be\/amy\/wp-json\/wp\/v2\/media?parent=277"}],"curies":[{"name":"wp","href":"https:\/\/api.w.org\/{rel}","templated":true}]}}