{"id":535,"date":"2022-11-20T16:41:27","date_gmt":"2022-11-20T15:41:27","guid":{"rendered":"http:\/\/ipoweb.bruxelles.be\/amy\/?page_id=535"},"modified":"2025-08-11T19:09:24","modified_gmt":"2025-08-11T17:09:24","slug":"lequipe-pedagogique","status":"publish","type":"page","link":"https:\/\/ipoweb.bruxelles.be\/amy\/lequipe-pedagogique\/","title":{"rendered":"Notre \u00e9quipe p\u00e9dagogique"},"content":{"rendered":"\n<figure class=\"wp-block-image alignwide size-large\"><img loading=\"lazy\" decoding=\"async\" width=\"1024\" height=\"682\" src=\"http:\/\/ipoweb.bruxelles.be\/amy\/wp-content\/uploads\/2023\/01\/equipeamy-copie-1024x682.jpg\" alt=\"\" class=\"wp-image-588\" srcset=\"https:\/\/ipoweb.bruxelles.be\/amy\/wp-content\/uploads\/2023\/01\/equipeamy-copie-1024x682.jpg 1024w, https:\/\/ipoweb.bruxelles.be\/amy\/wp-content\/uploads\/2023\/01\/equipeamy-copie-300x200.jpg 300w, https:\/\/ipoweb.bruxelles.be\/amy\/wp-content\/uploads\/2023\/01\/equipeamy-copie-768x511.jpg 768w, https:\/\/ipoweb.bruxelles.be\/amy\/wp-content\/uploads\/2023\/01\/equipeamy-copie-1536x1022.jpg 1536w, https:\/\/ipoweb.bruxelles.be\/amy\/wp-content\/uploads\/2023\/01\/equipeamy-copie-2048x1363.jpg 2048w, https:\/\/ipoweb.bruxelles.be\/amy\/wp-content\/uploads\/2023\/01\/equipeamy-copie-1568x1044.jpg 1568w\" sizes=\"(max-width: 1024px) 100vw, 1024px\" \/><\/figure>\n\n\n\n<div class=\"wp-block-group alignwide\"><div class=\"wp-block-group__inner-container is-layout-flow wp-block-group-is-layout-flow\">\n<div class=\"wp-block-columns alignwide is-layout-flex wp-container-core-columns-is-layout-1 wp-block-columns-is-layout-flex\">\n<div class=\"wp-block-column is-layout-flow wp-block-column-is-layout-flow\">\n<p><strong>Directrice<\/strong><\/p>\n\n\n\n<p>Mme Sophie DELCOURTE<\/p>\n\n\n\n<p><strong>Directrice adjointe<\/strong><\/p>\n\n\n\n<p>Mme Filomena PENTASUGLIA<\/p>\n\n\n\n<p><strong>Secr\u00e9taire de Direction<\/strong><\/p>\n\n\n\n<p>Mme Miriame BALKHIR<\/p>\n\n\n\n<p><strong>Secr\u00e9taire \u00e9conome<\/strong><\/p>\n\n\n\n<p>Mme Kaoutar ANNHARI<br><\/p>\n<\/div>\n\n\n\n<div class=\"wp-block-column is-layout-flow wp-block-column-is-layout-flow\">\n<p><strong>\u00c9quipe d&rsquo;\u00e9ducateurs<\/strong><\/p>\n\n\n\n<p>Mme Julie LARSIMONT (responsable administrative) <br>M. Ilias EL BOUJDAINI<br>M. Soufian BOURAKADI<br>M. Achraf BENMERIEME<br>Mme Sara BAKKIOUI<br>M. Medhi LANSMAN<\/p>\n\n\n\n<p><strong>\u00c9ducatrice bien-\u00eatre et accrochage scolaire<\/strong><\/p>\n\n\n\n<p>Mme Florence ZANETTI<\/p>\n<\/div>\n\n\n\n<div class=\"wp-block-column is-layout-flow wp-block-column-is-layout-flow\">\n<p><strong>Assistante sociale<\/strong><\/p>\n\n\n\n<p>Mme Chaimae HAMARI <\/p>\n\n\n\n<p><strong>\u00c9quipe PMS<\/strong><\/p>\n\n\n\n<p>Mme Christel Demarez, psychologue<br>M. Maximilien Dubois, assistant social<br>Mme Gaite Stephan, infirmi\u00e8re<\/p>\n\n\n\n<p><strong>Logop\u00e8de<\/strong><\/p>\n\n\n\n<p>Mme Hajar GARNAOUI<\/p>\n<\/div>\n<\/div>\n<\/div><\/div>\n\n\n\n<hr class=\"wp-block-separator has-alpha-channel-opacity\"\/>\n\n\n\n<p class=\"has-text-align-center\"><strong>\u00c9quipe des professeurs<\/strong><\/p>\n\n\n\n<div class=\"wp-block-group alignwide\"><div class=\"wp-block-group__inner-container is-layout-flow wp-block-group-is-layout-flow\">\n<div class=\"wp-block-columns alignwide is-layout-flex wp-container-core-columns-is-layout-3 wp-block-columns-is-layout-flex\">\n<div class=\"wp-block-column is-layout-flow wp-block-column-is-layout-flow\">\n<div class=\"wp-block-columns is-layout-flex wp-container-core-columns-is-layout-2 wp-block-columns-is-layout-flex\">\n<div class=\"wp-block-column is-layout-flow wp-block-column-is-layout-flow\" style=\"--col-width:100%;flex-basis:100%\">\n<figure class=\"wp-block-table\"><table><tbody><tr><td class=\"has-text-align-left\" data-align=\"left\">Fran\u00e7ais<\/td><td>M. Issa Diene (1<sup>\u00e8re<\/sup> et 2<sup>\u00e8me<\/sup> ann\u00e9es), Mme Manon Basa (1<sup>\u00e8re<\/sup> et 2<sup>\u00e8me<\/sup> ann\u00e9es), Mme Pauline Cusse (2<sup>\u00e8me<\/sup> et 3<sup>\u00e8me<\/sup> ann\u00e9es), M.Djebbour (2\u00e8me ann\u00e9e et FLE), Mme Sophie Vilain (2<sup>\u00e8me<\/sup> et 3<sup>\u00e8me<\/sup> ann\u00e9es), Mme Julie Facker (4<sup>\u00e8me<\/sup>, 5<sup>\u00e8me<\/sup> et 6<sup>\u00e8me<\/sup> ann\u00e9es), Mme Knockaert (4<sup>\u00e8me<\/sup>, 5<sup>\u00e8me<\/sup> et 6<sup>\u00e8me<\/sup> ann\u00e9es), Mme Florence Pallard (4<sup>\u00e8me<\/sup>, 5<sup>\u00e8me<\/sup> et 6<sup>\u00e8me<\/sup> ann\u00e9es)<\/td><\/tr><tr><td class=\"has-text-align-left\" data-align=\"left\">Math\u00e9matiques, codage et \u00e9ducation par la technologie<\/td><td>Mme Asmae Marbia (1<sup>\u00e8re<\/sup>, 2<sup>\u00e8me<\/sup> et 3<sup>\u00e8me<\/sup> ann\u00e9es), Mme Hajar Kaddouri (1<sup>\u00e8re<\/sup>, 2<sup>\u00e8me<\/sup> et 3<sup>\u00e8me<\/sup> ann\u00e9es), M. Youssef El Khattabi (1<sup>\u00e8re<\/sup>, 2<sup>\u00e8me<\/sup> et 3<sup>\u00e8me<\/sup> ann\u00e9es), Mme Jihan Serraj (1<sup>\u00e8re<\/sup>, 2<sup>\u00e8me<\/sup> et 3<sup>\u00e8me<\/sup> ann\u00e9es), Mme Lisane Germay (1<sup>\u00e8re<\/sup>, 2<sup>\u00e8me<\/sup> et 3<sup>\u00e8me<\/sup> ann\u00e9es), Mme Florence Gelmi (1\u00e8re et 2\u00e8me ann\u00e9es, \u00e9ducation par la technologie), M. Hassan Mouji ( 5<sup>\u00e8me<\/sup> et 6<sup>\u00e8me<\/sup> ann\u00e9es), M. Vincent Schouters (4<sup>\u00e8me<\/sup>, 5<sup>\u00e8me<\/sup> et 6<sup>\u00e8me<\/sup> ann\u00e9es), M. Mohamed El Khabbabi (4<sup>\u00e8me<\/sup>ann\u00e9e) , <\/td><\/tr><tr><td class=\"has-text-align-left\" data-align=\"left\">Sciences, codage, laboratoire<\/td><td>Mme Yildirim (1<sup>\u00e8re<\/sup>, 2<sup>\u00e8me<\/sup> et 3<sup>\u00e8me<\/sup> ann\u00e9es), Mme Oumayma Mjoti (1<sup>\u00e8re<\/sup>, 2<sup>\u00e8me<\/sup> et 3<sup>\u00e8me<\/sup> ann\u00e9es), Mme Youssra Hamiti (1<sup>\u00e8re<\/sup>, 2<sup>\u00e8me<\/sup> et 3<sup>\u00e8me<\/sup> ann\u00e9es), M Mohamed Azaroual ( chimie 4<sup>\u00e8me<\/sup>, 5<sup>\u00e8me<\/sup> et 6<sup>\u00e8me<\/sup> ann\u00e9es), Mme Julie Colet (biologie 4<sup>\u00e8me<\/sup>, 5<sup>\u00e8me<\/sup> et 6<sup>\u00e8me<\/sup> ann\u00e9es), M.Amaury Cambier (physique 4<sup>\u00e8me<\/sup>, 5<sup>\u00e8me<\/sup> et 6<sup>\u00e8me<\/sup> ann\u00e9es)<\/td><\/tr><tr><td class=\"has-text-align-left\" data-align=\"left\">N\u00e9erlandais<\/td><td>Mme Alessia Polito (2<sup>\u00e8me <\/sup>), Mme Imane Boutaarourt (1\u00e8re, 2\u00e8me), M. Bilal Oualmakran ( 3\u00e8me ann\u00e9e), Mme Kanicha Jakkaew (1<sup>\u00e8re<\/sup>, 2<sup>\u00e8me<\/sup> et 4<sup>\u00e8me<\/sup> ann\u00e9es) , Mme Fadoua Abari (4<sup>\u00e8me<\/sup>, 5<sup>\u00e8me<\/sup> et 6<sup>\u00e8me<\/sup> ann\u00e9es), Mme Yasmin Azbairi (4<sup>\u00e8me<\/sup>, 5<sup>\u00e8me<\/sup> et 6<sup>\u00e8me<\/sup> ann\u00e9es)<\/td><\/tr><tr><td class=\"has-text-align-left\" data-align=\"left\">Anglais<\/td><td>Mme Alessia Polito et Mme Siham Achahbar (3<sup>\u00e8me<\/sup> ann\u00e9e), Mme Amandine Audretsch (4<sup>\u00e8me<\/sup>, 5<sup>\u00e8me<\/sup> et 6<sup>\u00e8me<\/sup> ann\u00e9es), Mme Mary Akumu (4<sup>\u00e8me<\/sup>, 5<sup>\u00e8me<\/sup> et 6<sup>\u00e8me<\/sup> ann\u00e9es)<\/td><\/tr><tr><td class=\"has-text-align-left\" data-align=\"left\">Histoire \u2013 g\u00e9ographie \u2013 sciences sociales<\/td><td>M. Bilal Laabarchi (1<sup>\u00e8re<\/sup>, 2<sup>\u00e8me<\/sup>, 3<sup>\u00e8me<\/sup> , 4<sup>\u00e8me<\/sup> ann\u00e9es), M. Martin Malfait (1<sup>\u00e8re<\/sup>et 2<sup>\u00e8me<\/sup> ann\u00e9es), Mme Marie Mathys (1<sup>\u00e8re<\/sup> et 2<sup>\u00e8me<\/sup> ann\u00e9es), M. Anas Aouina (1<sup>\u00e8re<\/sup>, 3<sup>\u00e8me<\/sup> et 3<sup>\u00e8me<\/sup> ann\u00e9es), M. Matthieu Govaert (sciences sociales 4<sup>\u00e8me<\/sup>, 5<sup>\u00e8me<\/sup> et 6<sup>\u00e8me<\/sup> ann\u00e9es), M. Mathieu Gielen (histoire 4<sup>\u00e8me<\/sup>, 5<sup>\u00e8me<\/sup> et 6<sup>\u00e8me<\/sup> ann\u00e9es), Mme Louise El Ghouzzi (histoire et g\u00e9ographie 4<sup>\u00e8me<\/sup>, 5<sup>\u00e8me<\/sup> et 6<sup>\u00e8me<\/sup> ann\u00e9es)<\/td><\/tr><\/tbody><\/table><\/figure>\n<\/div>\n<\/div>\n<\/div>\n\n\n\n<div class=\"wp-block-column is-layout-flow wp-block-column-is-layout-flow\">\n<figure class=\"wp-block-table\"><table><tbody><tr><td>Arts de la parole<\/td><td>Mme Sun Lhonor\u00e9, Mme Alice Fr\u00e9d\u00e9rickx.<\/td><\/tr><tr><td>Histoire de l\u2019art et du th\u00e9\u00e2tre<\/td><td>M. Swysen<\/td><\/tr><tr><td>Dessin<\/td><td><\/td><\/tr><tr><td>Musique<\/td><td><\/td><\/tr><tr><td>Education physique<\/td><td>Mme Aur\u00e9lie Trigalet (1<sup>\u00e8re<\/sup>, 2<sup>\u00e8me<\/sup> et 3<sup>\u00e8me<\/sup> ann\u00e9es), M. Medhi Mouelhi (1<sup>\u00e8re<\/sup>, 2<sup>\u00e8me<\/sup> et 3<sup>\u00e8me<\/sup> ann\u00e9es), M. Mohamed Akachar (2\u00e8me ann\u00e9e), M. Marc Bayens (4<sup>\u00e8me<\/sup>, 5<sup>\u00e8me<\/sup> et 6<sup>\u00e8me<\/sup> ann\u00e9es), Mme Caroline Cavadini (4<sup>\u00e8me<\/sup>, 5<sup>\u00e8me<\/sup> et 6<sup>\u00e8me<\/sup> ann\u00e9es).<\/td><\/tr><tr><td>CPC<\/td><td>Mme Djia Mambu (1\u00e8re, 2\u00e8me et 3\u00e8me ann\u00e9es), ( M. Olivier Noyer <strong>\u00a0<\/strong>4<sup>\u00e8me<\/sup>, 5<sup>\u00e8me<\/sup> et 6<sup>\u00e8me<\/sup> ann\u00e9es)<\/td><\/tr><\/tbody><\/table><\/figure>\n<\/div>\n<\/div>\n<\/div><\/div>\n","protected":false},"excerpt":{"rendered":"<p>Directrice Mme Sophie DELCOURTE Directrice adjointe Mme Filomena PENTASUGLIA Secr\u00e9taire de Direction Mme Miriame BALKHIR Secr\u00e9taire \u00e9conome Mme Kaoutar ANNHARI \u00c9quipe d&rsquo;\u00e9ducateurs Mme Julie LARSIMONT (responsable administrative) M. Ilias EL BOUJDAINIM. Soufian BOURAKADIM. Achraf BENMERIEMEMme Sara BAKKIOUIM. Medhi LANSMAN \u00c9ducatrice bien-\u00eatre et accrochage scolaire Mme Florence ZANETTI Assistante sociale Mme Chaimae HAMARI \u00c9quipe PMS Mme&hellip; <a class=\"more-link\" href=\"https:\/\/ipoweb.bruxelles.be\/amy\/lequipe-pedagogique\/\">Poursuivre la lecture <span class=\"screen-reader-text\">Notre \u00e9quipe p\u00e9dagogique<\/span><\/a><\/p>\n","protected":false},"author":2,"featured_media":0,"parent":0,"menu_order":0,"comment_status":"closed","ping_status":"closed","template":"","meta":{"footnotes":""},"_links":{"self":[{"href":"https:\/\/ipoweb.bruxelles.be\/amy\/wp-json\/wp\/v2\/pages\/535"}],"collection":[{"href":"https:\/\/ipoweb.bruxelles.be\/amy\/wp-json\/wp\/v2\/pages"}],"about":[{"href":"https:\/\/ipoweb.bruxelles.be\/amy\/wp-json\/wp\/v2\/types\/page"}],"author":[{"embeddable":true,"href":"https:\/\/ipoweb.bruxelles.be\/amy\/wp-json\/wp\/v2\/users\/2"}],"replies":[{"embeddable":true,"href":"https:\/\/ipoweb.bruxelles.be\/amy\/wp-json\/wp\/v2\/comments?post=535"}],"version-history":[{"count":22,"href":"https:\/\/ipoweb.bruxelles.be\/amy\/wp-json\/wp\/v2\/pages\/535\/revisions"}],"predecessor-version":[{"id":715,"href":"https:\/\/ipoweb.bruxelles.be\/amy\/wp-json\/wp\/v2\/pages\/535\/revisions\/715"}],"wp:attachment":[{"href":"https:\/\/ipoweb.bruxelles.be\/amy\/wp-json\/wp\/v2\/media?parent=535"}],"curies":[{"name":"wp","href":"https:\/\/api.w.org\/{rel}","templated":true}]}}

Notre équipe pédagogique

<figure class="wp-block-image alignwide size-large"><img loading="lazy" decoding="async" width="1024" height="682" src="http://ipoweb.bruxelles.be/amy/wp-content/uploads/2023/01/equipeamy-copie-1024x682.jpg" alt="" class="wp-image-588" srcset="https://ipoweb.bruxelles.be/amy/wp-content/uploads/2023/01/equipeamy-copie-1024x682.jpg 1024w, https://ipoweb.bruxelles.be/amy/wp-content/uploads/2023/01/equipeamy-copie-300x200.jpg 300w, https://ipoweb.bruxelles.be/amy/wp-content/uploads/2023/01/equipeamy-copie-768x511.jpg 768w, https://ipoweb.bruxelles.be/amy/wp-content/uploads/2023/01/equipeamy-copie-1536x1022.jpg 1536w, https://ipoweb.bruxelles.be/amy/wp-content/uploads/2023/01/equipeamy-copie-2048x1363.jpg 2048w, https://ipoweb.bruxelles.be/amy/wp-content/uploads/2023/01/equipeamy-copie-1568x1044.jpg 1568w" sizes="(max-width: 1024px) 100vw, 1024px" /></figure>



<div class="wp-block-group alignwide"><div class="wp-block-group__inner-container is-layout-flow wp-block-group-is-layout-flow">
<div class="wp-block-columns alignwide is-layout-flex wp-container-core-columns-is-layout-1 wp-block-columns-is-layout-flex">
<div class="wp-block-column is-layout-flow wp-block-column-is-layout-flow">
<p><strong>Directrice</strong></p>



<p>Mme Sophie DELCOURTE</p>



<p><strong>Directrice adjointe</strong></p>



<p>Mme Filomena PENTASUGLIA</p>



<p><strong>Secrétaire de Direction</strong></p>



<p>Mme Miriame BALKHIR</p>



<p><strong>Secrétaire économe</strong></p>



<p>Mme Kaoutar ANNHARI<br></p>
</div>



<div class="wp-block-column is-layout-flow wp-block-column-is-layout-flow">
<p><strong>Équipe d&rsquo;éducateurs</strong></p>



<p>Mme Julie LARSIMONT (responsable administrative) <br>M. Ilias EL BOUJDAINI<br>M. Soufian BOURAKADI<br>M. Achraf BENMERIEME<br>Mme Sara BAKKIOUI<br>M. Medhi LANSMAN</p>



<p><strong>Éducatrice bien-être et accrochage scolaire</strong></p>



<p>Mme Florence ZANETTI</p>
</div>



<div class="wp-block-column is-layout-flow wp-block-column-is-layout-flow">
<p><strong>Assistante sociale</strong></p>



<p>Mme Chaimae HAMARI </p>



<p><strong>Équipe PMS</strong></p>



<p>Mme Christel Demarez, psychologue<br>M. Maximilien Dubois, assistant social<br>Mme Gaite Stephan, infirmière</p>



<p><strong>Logopède</strong></p>



<p>Mme Hajar GARNAOUI</p>
</div>
</div>
</div></div>



<hr class="wp-block-separator has-alpha-channel-opacity"/>



<p class="has-text-align-center"><strong>Équipe des professeurs</strong></p>



<div class="wp-block-group alignwide"><div class="wp-block-group__inner-container is-layout-flow wp-block-group-is-layout-flow">
<div class="wp-block-columns alignwide is-layout-flex wp-container-core-columns-is-layout-3 wp-block-columns-is-layout-flex">
<div class="wp-block-column is-layout-flow wp-block-column-is-layout-flow">
<div class="wp-block-columns is-layout-flex wp-container-core-columns-is-layout-2 wp-block-columns-is-layout-flex">
<div class="wp-block-column is-layout-flow wp-block-column-is-layout-flow" style="--col-width:100%;flex-basis:100%">
<figure class="wp-block-table"><table><tbody><tr><td class="has-text-align-left" data-align="left">Français</td><td>M. Issa Diene (1<sup>ère</sup> et 2<sup>ème</sup> années), Mme Manon Basa (1<sup>ère</sup> et 2<sup>ème</sup> années), Mme Pauline Cusse (2<sup>ème</sup> et 3<sup>ème</sup> années), M.Djebbour (2ème année et FLE), Mme Sophie Vilain (2<sup>ème</sup> et 3<sup>ème</sup> années), Mme Julie Facker (4<sup>ème</sup>, 5<sup>ème</sup> et 6<sup>ème</sup> années), Mme Knockaert (4<sup>ème</sup>, 5<sup>ème</sup> et 6<sup>ème</sup> années), Mme Florence Pallard (4<sup>ème</sup>, 5<sup>ème</sup> et 6<sup>ème</sup> années)</td></tr><tr><td class="has-text-align-left" data-align="left">Mathématiques, codage et éducation par la technologie</td><td>Mme Asmae Marbia (1<sup>ère</sup>, 2<sup>ème</sup> et 3<sup>ème</sup> années), Mme Hajar Kaddouri (1<sup>ère</sup>, 2<sup>ème</sup> et 3<sup>ème</sup> années), M. Youssef El Khattabi (1<sup>ère</sup>, 2<sup>ème</sup> et 3<sup>ème</sup> années), Mme Jihan Serraj (1<sup>ère</sup>, 2<sup>ème</sup> et 3<sup>ème</sup> années), Mme Lisane Germay (1<sup>ère</sup>, 2<sup>ème</sup> et 3<sup>ème</sup> années), Mme Florence Gelmi (1ère et 2ème années, éducation par la technologie), M. Hassan Mouji ( 5<sup>ème</sup> et 6<sup>ème</sup> années), M. Vincent Schouters (4<sup>ème</sup>, 5<sup>ème</sup> et 6<sup>ème</sup> années), M. Mohamed El Khabbabi (4<sup>ème</sup>année) , </td></tr><tr><td class="has-text-align-left" data-align="left">Sciences, codage, laboratoire</td><td>Mme Yildirim (1<sup>ère</sup>, 2<sup>ème</sup> et 3<sup>ème</sup> années), Mme Oumayma Mjoti (1<sup>ère</sup>, 2<sup>ème</sup> et 3<sup>ème</sup> années), Mme Youssra Hamiti (1<sup>ère</sup>, 2<sup>ème</sup> et 3<sup>ème</sup> années), M Mohamed Azaroual ( chimie 4<sup>ème</sup>, 5<sup>ème</sup> et 6<sup>ème</sup> années), Mme Julie Colet (biologie 4<sup>ème</sup>, 5<sup>ème</sup> et 6<sup>ème</sup> années), M.Amaury Cambier (physique 4<sup>ème</sup>, 5<sup>ème</sup> et 6<sup>ème</sup> années)</td></tr><tr><td class="has-text-align-left" data-align="left">Néerlandais</td><td>Mme Alessia Polito (2<sup>ème </sup>), Mme Imane Boutaarourt (1ère, 2ème), M. Bilal Oualmakran ( 3ème année), Mme Kanicha Jakkaew (1<sup>ère</sup>, 2<sup>ème</sup> et 4<sup>ème</sup> années) , Mme Fadoua Abari (4<sup>ème</sup>, 5<sup>ème</sup> et 6<sup>ème</sup> années), Mme Yasmin Azbairi (4<sup>ème</sup>, 5<sup>ème</sup> et 6<sup>ème</sup> années)</td></tr><tr><td class="has-text-align-left" data-align="left">Anglais</td><td>Mme Alessia Polito et Mme Siham Achahbar (3<sup>ème</sup> année), Mme Amandine Audretsch (4<sup>ème</sup>, 5<sup>ème</sup> et 6<sup>ème</sup> années), Mme Mary Akumu (4<sup>ème</sup>, 5<sup>ème</sup> et 6<sup>ème</sup> années)</td></tr><tr><td class="has-text-align-left" data-align="left">Histoire – géographie – sciences sociales</td><td>M. Bilal Laabarchi (1<sup>ère</sup>, 2<sup>ème</sup>, 3<sup>ème</sup> , 4<sup>ème</sup> années), M. Martin Malfait (1<sup>ère</sup>et 2<sup>ème</sup> années), Mme Marie Mathys (1<sup>ère</sup> et 2<sup>ème</sup> années), M. Anas Aouina (1<sup>ère</sup>, 3<sup>ème</sup> et 3<sup>ème</sup> années), M. Matthieu Govaert (sciences sociales 4<sup>ème</sup>, 5<sup>ème</sup> et 6<sup>ème</sup> années), M. Mathieu Gielen (histoire 4<sup>ème</sup>, 5<sup>ème</sup> et 6<sup>ème</sup> années), Mme Louise El Ghouzzi (histoire et géographie 4<sup>ème</sup>, 5<sup>ème</sup> et 6<sup>ème</sup> années)</td></tr></tbody></table></figure>
</div>
</div>
</div>



<div class="wp-block-column is-layout-flow wp-block-column-is-layout-flow">
<figure class="wp-block-table"><table><tbody><tr><td>Arts de la parole</td><td>Mme Sun Lhonoré, Mme Alice Frédérickx.</td></tr><tr><td>Histoire de l’art et du théâtre</td><td>M. Swysen</td></tr><tr><td>Dessin</td><td></td></tr><tr><td>Musique</td><td></td></tr><tr><td>Education physique</td><td>Mme Aurélie Trigalet (1<sup>ère</sup>, 2<sup>ème</sup> et 3<sup>ème</sup> années), M. Medhi Mouelhi (1<sup>ère</sup>, 2<sup>ème</sup> et 3<sup>ème</sup> années), M. Mohamed Akachar (2ème année), M. Marc Bayens (4<sup>ème</sup>, 5<sup>ème</sup> et 6<sup>ème</sup> années), Mme Caroline Cavadini (4<sup>ème</sup>, 5<sup>ème</sup> et 6<sup>ème</sup> années).</td></tr><tr><td>CPC</td><td>Mme Djia Mambu (1ère, 2ème et 3ème années), ( M. Olivier Noyer <strong> </strong>4<sup>ème</sup>, 5<sup>ème</sup> et 6<sup>ème</sup> années)</td></tr></tbody></table></figure>
</div>
</div>
</div></div>

<p>Directrice Mme Sophie DELCOURTE Directrice adjointe Mme Filomena PENTASUGLIA Secrétaire de Direction Mme Miriame BALKHIR Secrétaire économe Mme Kaoutar ANNHARI Équipe d&rsquo;éducateurs Mme Julie LARSIMONT (responsable administrative) M. Ilias EL BOUJDAINIM. Soufian BOURAKADIM. Achraf BENMERIEMEMme Sara BAKKIOUIM. Medhi LANSMAN Éducatrice bien-être et accrochage scolaire Mme Florence ZANETTI Assistante sociale Mme Chaimae HAMARI Équipe PMS Mme&hellip; <a class="more-link" href="https://ipoweb.bruxelles.be/amy/lequipe-pedagogique/">Poursuivre la lecture <span class="screen-reader-text">Notre équipe pédagogique</span></a></p>
