{"id":558,"date":"2023-01-05T16:15:55","date_gmt":"2023-01-05T15:15:55","guid":{"rendered":"http:\/\/ipoweb.bruxelles.be\/amy\/?page_id=558"},"modified":"2023-01-14T18:53:31","modified_gmt":"2023-01-14T17:53:31","slug":"numerique","status":"publish","type":"page","link":"https:\/\/ipoweb.bruxelles.be\/amy\/numerique\/","title":{"rendered":"Nos \u00e9quipements num\u00e9riques"},"content":{"rendered":"\n<div class=\"wp-block-group alignwide\"><div class=\"wp-block-group__inner-container is-layout-flow wp-block-group-is-layout-flow\">\n<div class=\"wp-block-columns alignwide are-vertically-aligned-top is-layout-flex wp-container-core-columns-is-layout-1 wp-block-columns-is-layout-flex\">\n<div class=\"wp-block-column is-vertically-aligned-top is-layout-flow wp-block-column-is-layout-flow\">\n<h2 class=\"has-text-align-center wp-block-heading\">Utilisation de <mark style=\"background-color:rgba(0, 0, 0, 0);color:#f59842\" class=\"has-inline-color\">Smartschool<\/mark><\/h2>\n\n\n\n<p class=\"has-text-align-center\">L\u2019AMY utilise la plate-forme Smartschool depuis de nombreuses ann\u00e9es. Cette derni\u00e8re permet un acc\u00e8s facile aux r\u00e9sultats des \u00e9l\u00e8ves, aux absences ainsi qu\u2019aux communications faites par l\u2019\u00e9cole. Par ce biais, les parents peuvent facilement contacter les membres de l\u2019\u00e9quipe \u00e9ducative afin de discuter de la situation d\u2019un \u00e9l\u00e8ve ou pour obtenir un renseignement de mani\u00e8re rapide.<\/p>\n<\/div>\n\n\n\n<div class=\"wp-block-column is-vertically-aligned-top is-layout-flow wp-block-column-is-layout-flow\">\n<h2 class=\"has-text-align-center wp-block-heading\"><mark style=\"background-color:rgba(0, 0, 0, 0);color:#f59842\" class=\"has-inline-color\">Tableaux blancs interactifs<\/mark> et visioconf\u00e9rence<\/h2>\n\n\n\n<p class=\"has-text-align-center\">L\u2019\u00e9cole et la Ville de Bruxelles misent beaucoup sur les comp\u00e9tences num\u00e9riques. C&rsquo;est la raison pour laquelle notre pouvoir organisateur met \u00e0 disposition, des \u00e9l\u00e8ves demandeurs, des ordinateurs. Notre \u00e9tablissement est \u00e9quip\u00e9 de tableaux interactifs dans pr\u00e8s de la moiti\u00e9 des locaux. Un local a m\u00eame \u00e9t\u00e9 \u00e9quip\u00e9 afin de r\u00e9aliser des visio-conf\u00e9rences suite au confinement. Les tablettes font \u00e9galement partie du quotidien des professeurs qui souhaitent proposer aux \u00e9l\u00e8ves des travaux n\u00e9cessitant l\u2019utilisation de logiciels particuliers.<\/p>\n<\/div>\n\n\n\n<div class=\"wp-block-column is-vertically-aligned-top is-layout-flow wp-block-column-is-layout-flow\">\n<h2 class=\"has-text-align-center wp-block-heading\"><mark style=\"background-color:rgba(0, 0, 0, 0);color:#f59842\" class=\"has-inline-color\">Tablettes<\/mark> et chromebooks<\/h2>\n\n\n\n<p class=\"has-text-align-center\">Des tablettes sont activement utilis\u00e9es et une nouvelle flotte de tablettes arrivera prochainement \u00e0 la biblioth\u00e8que pour permettre aux \u00e9l\u00e8ves de r\u00e9aliser leurs travaux de recherche. Des chromebooks compl\u00e8tent \u00e9galement notre parc informatique. Les options codage ont \u00e9galement n\u00e9cessit\u00e9 l\u2019achat de mat\u00e9riel de robotique. Le cours de technologie est orient\u00e9 comp\u00e9tences num\u00e9riques.<\/p>\n<\/div>\n<\/div>\n<\/div><\/div>\n","protected":false},"excerpt":{"rendered":"<p>Utilisation de Smartschool L\u2019AMY utilise la plate-forme Smartschool depuis de nombreuses ann\u00e9es. Cette derni\u00e8re permet un acc\u00e8s facile aux r\u00e9sultats des \u00e9l\u00e8ves, aux absences ainsi qu\u2019aux communications faites par l\u2019\u00e9cole. Par ce biais, les parents peuvent facilement contacter les membres de l\u2019\u00e9quipe \u00e9ducative afin de discuter de la situation d\u2019un \u00e9l\u00e8ve ou pour obtenir un&hellip; <a class=\"more-link\" href=\"https:\/\/ipoweb.bruxelles.be\/amy\/numerique\/\">Poursuivre la lecture <span class=\"screen-reader-text\">Nos \u00e9quipements num\u00e9riques<\/span><\/a><\/p>\n","protected":false},"author":1,"featured_media":0,"parent":0,"menu_order":0,"comment_status":"closed","ping_status":"closed","template":"","meta":{"footnotes":""},"_links":{"self":[{"href":"https:\/\/ipoweb.bruxelles.be\/amy\/wp-json\/wp\/v2\/pages\/558"}],"collection":[{"href":"https:\/\/ipoweb.bruxelles.be\/amy\/wp-json\/wp\/v2\/pages"}],"about":[{"href":"https:\/\/ipoweb.bruxelles.be\/amy\/wp-json\/wp\/v2\/types\/page"}],"author":[{"embeddable":true,"href":"https:\/\/ipoweb.bruxelles.be\/amy\/wp-json\/wp\/v2\/users\/1"}],"replies":[{"embeddable":true,"href":"https:\/\/ipoweb.bruxelles.be\/amy\/wp-json\/wp\/v2\/comments?post=558"}],"version-history":[{"count":6,"href":"https:\/\/ipoweb.bruxelles.be\/amy\/wp-json\/wp\/v2\/pages\/558\/revisions"}],"predecessor-version":[{"id":624,"href":"https:\/\/ipoweb.bruxelles.be\/amy\/wp-json\/wp\/v2\/pages\/558\/revisions\/624"}],"wp:attachment":[{"href":"https:\/\/ipoweb.bruxelles.be\/amy\/wp-json\/wp\/v2\/media?parent=558"}],"curies":[{"name":"wp","href":"https:\/\/api.w.org\/{rel}","templated":true}]}}

Nos équipements numériques

<div class="wp-block-group alignwide"><div class="wp-block-group__inner-container is-layout-flow wp-block-group-is-layout-flow">
<div class="wp-block-columns alignwide are-vertically-aligned-top is-layout-flex wp-container-core-columns-is-layout-1 wp-block-columns-is-layout-flex">
<div class="wp-block-column is-vertically-aligned-top is-layout-flow wp-block-column-is-layout-flow">
<h2 class="has-text-align-center wp-block-heading">Utilisation de <mark style="background-color:rgba(0, 0, 0, 0);color:#f59842" class="has-inline-color">Smartschool</mark></h2>



<p class="has-text-align-center">L’AMY utilise la plate-forme Smartschool depuis de nombreuses années. Cette dernière permet un accès facile aux résultats des élèves, aux absences ainsi qu’aux communications faites par l’école. Par ce biais, les parents peuvent facilement contacter les membres de l’équipe éducative afin de discuter de la situation d’un élève ou pour obtenir un renseignement de manière rapide.</p>
</div>



<div class="wp-block-column is-vertically-aligned-top is-layout-flow wp-block-column-is-layout-flow">
<h2 class="has-text-align-center wp-block-heading"><mark style="background-color:rgba(0, 0, 0, 0);color:#f59842" class="has-inline-color">Tableaux blancs interactifs</mark> et visioconférence</h2>



<p class="has-text-align-center">L’école et la Ville de Bruxelles misent beaucoup sur les compétences numériques. C&rsquo;est la raison pour laquelle notre pouvoir organisateur met à disposition, des élèves demandeurs, des ordinateurs. Notre établissement est équipé de tableaux interactifs dans près de la moitié des locaux. Un local a même été équipé afin de réaliser des visio-conférences suite au confinement. Les tablettes font également partie du quotidien des professeurs qui souhaitent proposer aux élèves des travaux nécessitant l’utilisation de logiciels particuliers.</p>
</div>



<div class="wp-block-column is-vertically-aligned-top is-layout-flow wp-block-column-is-layout-flow">
<h2 class="has-text-align-center wp-block-heading"><mark style="background-color:rgba(0, 0, 0, 0);color:#f59842" class="has-inline-color">Tablettes</mark> et chromebooks</h2>



<p class="has-text-align-center">Des tablettes sont activement utilisées et une nouvelle flotte de tablettes arrivera prochainement à la bibliothèque pour permettre aux élèves de réaliser leurs travaux de recherche. Des chromebooks complètent également notre parc informatique. Les options codage ont également nécessité l’achat de matériel de robotique. Le cours de technologie est orienté compétences numériques.</p>
</div>
</div>
</div></div>

<p>Utilisation de Smartschool L’AMY utilise la plate-forme Smartschool depuis de nombreuses années. Cette dernière permet un accès facile aux résultats des élèves, aux absences ainsi qu’aux communications faites par l’école. Par ce biais, les parents peuvent facilement contacter les membres de l’équipe éducative afin de discuter de la situation d’un élève ou pour obtenir un&hellip; <a class="more-link" href="https://ipoweb.bruxelles.be/amy/numerique/">Poursuivre la lecture <span class="screen-reader-text">Nos équipements numériques</span></a></p>
