{"id":7,"date":"2022-02-09T15:52:58","date_gmt":"2022-02-09T14:52:58","guid":{"rendered":"http:\/\/ipoweb.bruxelles.be\/amy\/?page_id=7"},"modified":"2026-03-01T10:33:58","modified_gmt":"2026-03-01T09:33:58","slug":"accueil","status":"publish","type":"page","link":"https:\/\/ipoweb.bruxelles.be\/amy\/","title":{"rendered":"Accueil"},"content":{"rendered":"\n<div class=\"wp-block-cover alignfull is-light has-parallax is-repeated\" style=\"min-height:100vh;aspect-ratio:unset;\"><span aria-hidden=\"true\" class=\"wp-block-cover__background has-background-dim-20 has-background-dim wp-block-cover__gradient-background has-background-gradient has-red-to-yellow-gradient-background\"><\/span><div class=\"wp-block-cover__image-background wp-image-594 has-parallax is-repeated\" style=\"background-position:50% 50%;background-image:url(http:\/\/ipoweb.bruxelles.be\/amy\/wp-content\/uploads\/2023\/01\/469A1388-AD3D-4F96-BEA7-18A3D58D202E.gif)\"><\/div><div class=\"wp-block-cover__inner-container is-layout-flow wp-block-cover-is-layout-flow\">\n<h1 class=\"wp-block-heading alignwide has-text-align-center has-white-color has-text-color\">L&rsquo;Ath\u00e9n\u00e9e Marguerite Yourcenar, une \u00e9cole innovante \u00e0 p\u00e9dagogies actives !<\/h1>\n\n\n\n<h3 class=\"wp-block-heading has-text-align-center\">Des visites de l&rsquo;\u00e9cole sont organis\u00e9es sur demande via sec.yourcenar@brucity.education<\/h3>\n\n\n\n<hr class=\"wp-block-separator has-text-color has-white-color has-alpha-channel-opacity has-white-background-color has-background is-style-tw-dotted\"\/>\n\n\n\n<h3 class=\"wp-block-heading has-text-align-center\"><\/h3>\n\n\n\n<div class=\"wp-block-buttons is-content-justification-center is-layout-flex wp-container-core-buttons-is-layout-1 wp-block-buttons-is-layout-flex\">\n<div class=\"wp-block-button is-style-fill\"><a class=\"wp-block-button__link has-white-background-color has-text-color has-background wp-element-button\" href=\"#visite\" style=\"color:#c46c00\"><strong>Visite virtuelle<\/strong><\/a><\/div>\n\n\n\n<div class=\"wp-block-button\"><a class=\"wp-block-button__link has-white-background-color has-text-color has-background wp-element-button\" href=\"http:\/\/ipoweb.bruxelles.be\/amy\/contact\/\" style=\"color:#c46c00\"><strong>Inscriptions<\/strong><\/a><\/div>\n<\/div>\n\n\n<div class=\"wp-block-image\">\n<figure class=\"aligncenter size-full\"><img loading=\"lazy\" decoding=\"async\" width=\"20\" height=\"86\" sizes=\"(max-width: 799px) 200vw,(max-width: 2000px) 100vw,2000px\" src=\"http:\/\/ipoweb.bruxelles.be\/amy\/wp-content\/uploads\/2022\/09\/arrowdown.png\" alt=\"\" class=\"wp-image-168\"\/><\/figure><\/div><\/div><\/div>\n\n\n\n<div class=\"wp-block-group alignfull\"><div class=\"wp-block-group__inner-container is-layout-flow wp-block-group-is-layout-flow\">\n<div class=\"wp-block-columns alignwide tw-justify-center has-text-align-center tw-gutter-large is-layout-flex wp-container-core-columns-is-layout-1 wp-block-columns-is-layout-flex\">\n<div class=\"wp-block-column is-layout-flow wp-block-column-is-layout-flow\">\n<figure style=\"--shape:url(#tw-shape-organic-circle-4);\" class=\"wp-block-image size-large is-resized is-style-tw-rounded-corners\"><a href=\"http:\/\/ipoweb.bruxelles.be\/amy\/notre-pedagogie#pedago\"><img loading=\"lazy\" decoding=\"async\" width=\"1024\" height=\"768\" src=\"http:\/\/ipoweb.bruxelles.be\/amy\/wp-content\/uploads\/2022\/09\/Bibliothe\u0300que-salle-2-min-1024x768.jpg\" alt=\"\" class=\"wp-image-230\" style=\"width:304px;height:227px\" srcset=\"https:\/\/ipoweb.bruxelles.be\/amy\/wp-content\/uploads\/2022\/09\/Bibliothe\u0300que-salle-2-min-1024x768.jpg 1024w, https:\/\/ipoweb.bruxelles.be\/amy\/wp-content\/uploads\/2022\/09\/Bibliothe\u0300que-salle-2-min-300x225.jpg 300w, https:\/\/ipoweb.bruxelles.be\/amy\/wp-content\/uploads\/2022\/09\/Bibliothe\u0300que-salle-2-min-768x576.jpg 768w, https:\/\/ipoweb.bruxelles.be\/amy\/wp-content\/uploads\/2022\/09\/Bibliothe\u0300que-salle-2-min-1536x1152.jpg 1536w, https:\/\/ipoweb.bruxelles.be\/amy\/wp-content\/uploads\/2022\/09\/Bibliothe\u0300que-salle-2-min-2048x1536.jpg 2048w, https:\/\/ipoweb.bruxelles.be\/amy\/wp-content\/uploads\/2022\/09\/Bibliothe\u0300que-salle-2-min-1568x1176.jpg 1568w\" sizes=\"(max-width: 1024px) 100vw, 1024px\" \/><\/a><\/figure>\n\n\n\n<h3 class=\"wp-block-heading\" id=\"une-ecole-a-pedagogies-actives-inspiree-par-decroly-et-freinet\" style=\"font-size:28px\"><a href=\"http:\/\/ipoweb.bruxelles.be\/amy\/notre-pedagogie#pedago\">Une \u00e9cole innovante \u00e0 p\u00e9dagogies active<\/a><a href=\"http:\/\/ipoweb.bruxelles.be\/amy\/notre-pedagogie\/\" data-type=\"page\" data-id=\"115\">s<\/a><\/h3>\n\n\n\n<p>Dans chaque cours, les \u00e9l\u00e8ves peuvent d\u00e9couvrir la mati\u00e8re ou la r\u00e9investir \u00e0 travers le travail autonome.<\/p>\n<\/div>\n\n\n\n<div class=\"wp-block-column is-layout-flow wp-block-column-is-layout-flow\">\n<figure style=\"--shape:url(#tw-shape-organic-circle-1);\" class=\"wp-block-image size-large is-resized\"><img loading=\"lazy\" decoding=\"async\" width=\"1024\" height=\"793\" src=\"http:\/\/ipoweb.bruxelles.be\/amy\/wp-content\/uploads\/2023\/02\/20220506_103953-1-2-1024x793.jpg\" alt=\"\" class=\"wp-image-643\" style=\"width:290px;height:224px\" srcset=\"https:\/\/ipoweb.bruxelles.be\/amy\/wp-content\/uploads\/2023\/02\/20220506_103953-1-2-1024x793.jpg 1024w, https:\/\/ipoweb.bruxelles.be\/amy\/wp-content\/uploads\/2023\/02\/20220506_103953-1-2-300x232.jpg 300w, https:\/\/ipoweb.bruxelles.be\/amy\/wp-content\/uploads\/2023\/02\/20220506_103953-1-2-768x595.jpg 768w, https:\/\/ipoweb.bruxelles.be\/amy\/wp-content\/uploads\/2023\/02\/20220506_103953-1-2-1536x1190.jpg 1536w, https:\/\/ipoweb.bruxelles.be\/amy\/wp-content\/uploads\/2023\/02\/20220506_103953-1-2-2048x1586.jpg 2048w, https:\/\/ipoweb.bruxelles.be\/amy\/wp-content\/uploads\/2023\/02\/20220506_103953-1-2-1568x1215.jpg 1568w\" sizes=\"(max-width: 1024px) 100vw, 1024px\" \/><\/figure>\n\n\n\n<h3 class=\"wp-block-heading\" id=\"preparer-les-eleves-a-devenir-des-citoyens-responsables\" style=\"font-size:28px\"><a href=\"http:\/\/ipoweb.bruxelles.be\/amy\/notre-pedagogie#insti\">La p\u00e9dagogie institutionnelle pour pr\u00e9parer les \u00e9l\u00e8ves \u00e0 devenir des citoyens responsables<\/a><\/h3>\n\n\n\n<p>A l&rsquo;AMY, la discussion et l&rsquo;\u00e9coute sont primordiales. Chacun a son mot \u00e0 dire dans la construction de l&rsquo;\u00e9cole, les projets de celle-ci. La p\u00e9dagogie institutionnelle fait partie int\u00e9grante de notre quotidien.<\/p>\n<\/div>\n\n\n\n<div class=\"wp-block-column is-layout-flow wp-block-column-is-layout-flow\">\n<figure style=\"--shape:url(#tw-shape-organic-circle-2);\" class=\"wp-block-image size-large is-resized\"><a href=\"http:\/\/ipoweb.bruxelles.be\/amy\/nos-infrastructures\/\"><img loading=\"lazy\" decoding=\"async\" width=\"1024\" height=\"768\" src=\"http:\/\/ipoweb.bruxelles.be\/amy\/wp-content\/uploads\/2022\/09\/Labo-bio-min-1024x768.jpg\" alt=\"\" class=\"wp-image-235\" style=\"width:288px;height:215px\" srcset=\"https:\/\/ipoweb.bruxelles.be\/amy\/wp-content\/uploads\/2022\/09\/Labo-bio-min-1024x768.jpg 1024w, https:\/\/ipoweb.bruxelles.be\/amy\/wp-content\/uploads\/2022\/09\/Labo-bio-min-300x225.jpg 300w, https:\/\/ipoweb.bruxelles.be\/amy\/wp-content\/uploads\/2022\/09\/Labo-bio-min-768x576.jpg 768w, https:\/\/ipoweb.bruxelles.be\/amy\/wp-content\/uploads\/2022\/09\/Labo-bio-min-1536x1152.jpg 1536w, https:\/\/ipoweb.bruxelles.be\/amy\/wp-content\/uploads\/2022\/09\/Labo-bio-min-2048x1536.jpg 2048w, https:\/\/ipoweb.bruxelles.be\/amy\/wp-content\/uploads\/2022\/09\/Labo-bio-min-1568x1176.jpg 1568w\" sizes=\"(max-width: 1024px) 100vw, 1024px\" \/><\/a><\/figure>\n\n\n\n<h3 class=\"wp-block-heading\" id=\"des-infrastructures-au-service-de-l-epanouissement\" style=\"font-size:28px\"><a href=\"http:\/\/ipoweb.bruxelles.be\/amy\/nos-infrastructures\/\" data-type=\"page\" data-id=\"408\">Des infrastructures au service de l&rsquo;\u00e9panouissement<\/a><\/h3>\n\n\n\n<p>Entre son centre ludop\u00e9dagogique, sa biblioth\u00e8que, ses infrastructures sportives, ses labos et ses \u00e9quipements num\u00e9riques, l&rsquo;AMY profite d&rsquo;un \u00e9cosyst\u00e8me id\u00e9al pour apprendre.<\/p>\n<\/div>\n<\/div>\n\n\n\n<h2 class=\"wp-block-heading has-text-align-center\" id=\"visite\">D\u00e9couvrez l&rsquo;\u00e9cole <mark style=\"background-color:rgba(0, 0, 0, 0);color:#e97828\" class=\"has-inline-color\">en vid\u00e9o<\/mark><\/h2>\n\n\n\n<div class=\"wp-block-group alignwide\"><div class=\"wp-block-group__inner-container is-layout-constrained wp-block-group-is-layout-constrained\">\n<iframe loading=\"lazy\" width=\"100%\" height=\"600px\" src=\"https:\/\/www.youtube.com\/embed\/lBrTGBRmRg8?si=D4P-DRtu4AvE6y3E\" title=\"YouTube video player\" frameborder=\"0\" allow=\"accelerometer; autoplay; clipboard-write; encrypted-media; gyroscope; picture-in-picture; web-share\" referrerpolicy=\"strict-origin-when-cross-origin\" allowfullscreen><\/iframe>\n<\/div><\/div>\n\n\n\n<figure class=\"wp-block-embed alignwide is-type-video is-provider-youtube wp-block-embed-youtube wp-embed-aspect-16-9 wp-has-aspect-ratio\"><div class=\"wp-block-embed__wrapper\">\nhttps:\/\/www.youtube.com\/watch?v=mEKtWnxpBIk&#038;t=23s&#038;ab_channel=Ath%C3%A9n%C3%A9eMargueriteYourcenar\n<\/div><figcaption class=\"wp-element-caption\">Pr\u00e9sentation de la semaine citoyenne<\/figcaption><\/figure>\n<\/div><\/div>\n\n\n\n<hr class=\"wp-block-separator has-alpha-channel-opacity\"\/>\n\n\n\n<div class=\"wp-block-columns is-layout-flex wp-container-core-columns-is-layout-2 wp-block-columns-is-layout-flex\">\n<div class=\"wp-block-column is-layout-flow wp-block-column-is-layout-flow\">\n<figure class=\"wp-block-image size-full\"><img loading=\"lazy\" decoding=\"async\" width=\"381\" height=\"226\" src=\"https:\/\/ipoweb.bruxelles.be\/amy\/wp-content\/uploads\/2023\/05\/LOGO_eu-11.jpg\" alt=\"\" class=\"wp-image-650\" srcset=\"https:\/\/ipoweb.bruxelles.be\/amy\/wp-content\/uploads\/2023\/05\/LOGO_eu-11.jpg 381w, https:\/\/ipoweb.bruxelles.be\/amy\/wp-content\/uploads\/2023\/05\/LOGO_eu-11-300x178.jpg 300w\" sizes=\"(max-width: 381px) 100vw, 381px\" \/><\/figure>\n<\/div>\n\n\n\n<div class=\"wp-block-column is-layout-flow wp-block-column-is-layout-flow\">\n<p>L&rsquo;Ath\u00e9n\u00e9e Marguerite Yourcenar est cofinanc\u00e9e par l&rsquo;Union europ\u00e9enne.<\/p>\n<\/div>\n<\/div>\n","protected":false},"excerpt":{"rendered":"<p>Une \u00e9cole innovante \u00e0 p\u00e9dagogies actives Dans chaque cours, les \u00e9l\u00e8ves peuvent d\u00e9couvrir la mati\u00e8re ou la r\u00e9investir \u00e0 travers le travail autonome. La p\u00e9dagogie institutionnelle pour pr\u00e9parer les \u00e9l\u00e8ves \u00e0 devenir des citoyens responsables A l&rsquo;AMY, la discussion et l&rsquo;\u00e9coute sont primordiales. Chacun a son mot \u00e0 dire dans la construction de l&rsquo;\u00e9cole, les&hellip; <a class=\"more-link\" href=\"https:\/\/ipoweb.bruxelles.be\/amy\/\">Poursuivre la lecture <span class=\"screen-reader-text\">Accueil<\/span><\/a><\/p>\n","protected":false},"author":2,"featured_media":0,"parent":0,"menu_order":0,"comment_status":"closed","ping_status":"closed","template":"tw-header-transparent-light.php","meta":{"footnotes":""},"_links":{"self":[{"href":"https:\/\/ipoweb.bruxelles.be\/amy\/wp-json\/wp\/v2\/pages\/7"}],"collection":[{"href":"https:\/\/ipoweb.bruxelles.be\/amy\/wp-json\/wp\/v2\/pages"}],"about":[{"href":"https:\/\/ipoweb.bruxelles.be\/amy\/wp-json\/wp\/v2\/types\/page"}],"author":[{"embeddable":true,"href":"https:\/\/ipoweb.bruxelles.be\/amy\/wp-json\/wp\/v2\/users\/2"}],"replies":[{"embeddable":true,"href":"https:\/\/ipoweb.bruxelles.be\/amy\/wp-json\/wp\/v2\/comments?post=7"}],"version-history":[{"count":92,"href":"https:\/\/ipoweb.bruxelles.be\/amy\/wp-json\/wp\/v2\/pages\/7\/revisions"}],"predecessor-version":[{"id":742,"href":"https:\/\/ipoweb.bruxelles.be\/amy\/wp-json\/wp\/v2\/pages\/7\/revisions\/742"}],"wp:attachment":[{"href":"https:\/\/ipoweb.bruxelles.be\/amy\/wp-json\/wp\/v2\/media?parent=7"}],"curies":[{"name":"wp","href":"https:\/\/api.w.org\/{rel}","templated":true}]}}

<div class="wp-block-cover alignfull is-light has-parallax is-repeated" style="min-height:100vh;aspect-ratio:unset;"><span aria-hidden="true" class="wp-block-cover__background has-background-dim-20 has-background-dim wp-block-cover__gradient-background has-background-gradient has-red-to-yellow-gradient-background"></span><div class="wp-block-cover__image-background wp-image-594 has-parallax is-repeated" style="background-position:50% 50%;background-image:url(http://ipoweb.bruxelles.be/amy/wp-content/uploads/2023/01/469A1388-AD3D-4F96-BEA7-18A3D58D202E.gif)"></div><div class="wp-block-cover__inner-container is-layout-flow wp-block-cover-is-layout-flow">
<h1 class="wp-block-heading alignwide has-text-align-center has-white-color has-text-color">L&rsquo;Athénée Marguerite Yourcenar, une école innovante à pédagogies actives !</h1>



<h3 class="wp-block-heading has-text-align-center">Des visites de l&rsquo;école sont organisées sur demande via sec.yourcenar@brucity.education</h3>



<hr class="wp-block-separator has-text-color has-white-color has-alpha-channel-opacity has-white-background-color has-background is-style-tw-dotted"/>



<h3 class="wp-block-heading has-text-align-center"></h3>



<div class="wp-block-buttons is-content-justification-center is-layout-flex wp-container-core-buttons-is-layout-1 wp-block-buttons-is-layout-flex">
<div class="wp-block-button is-style-fill"><a class="wp-block-button__link has-white-background-color has-text-color has-background wp-element-button" href="#visite" style="color:#c46c00"><strong>Visite virtuelle</strong></a></div>



<div class="wp-block-button"><a class="wp-block-button__link has-white-background-color has-text-color has-background wp-element-button" href="http://ipoweb.bruxelles.be/amy/contact/" style="color:#c46c00"><strong>Inscriptions</strong></a></div>
</div>


<div class="wp-block-image">
<figure class="aligncenter size-full"><img loading="lazy" decoding="async" width="20" height="86" sizes="(max-width: 799px) 200vw,(max-width: 2000px) 100vw,2000px" src="http://ipoweb.bruxelles.be/amy/wp-content/uploads/2022/09/arrowdown.png" alt="" class="wp-image-168"/></figure></div></div></div>



<div class="wp-block-group alignfull"><div class="wp-block-group__inner-container is-layout-flow wp-block-group-is-layout-flow">
<div class="wp-block-columns alignwide tw-justify-center has-text-align-center tw-gutter-large is-layout-flex wp-container-core-columns-is-layout-1 wp-block-columns-is-layout-flex">
<div class="wp-block-column is-layout-flow wp-block-column-is-layout-flow">
<figure style="--shape:url(#tw-shape-organic-circle-4);" class="wp-block-image size-large is-resized is-style-tw-rounded-corners"><a href="http://ipoweb.bruxelles.be/amy/notre-pedagogie#pedago"><img loading="lazy" decoding="async" width="1024" height="768" src="http://ipoweb.bruxelles.be/amy/wp-content/uploads/2022/09/Bibliothèque-salle-2-min-1024x768.jpg" alt="" class="wp-image-230" style="width:304px;height:227px" srcset="https://ipoweb.bruxelles.be/amy/wp-content/uploads/2022/09/Bibliothèque-salle-2-min-1024x768.jpg 1024w, https://ipoweb.bruxelles.be/amy/wp-content/uploads/2022/09/Bibliothèque-salle-2-min-300x225.jpg 300w, https://ipoweb.bruxelles.be/amy/wp-content/uploads/2022/09/Bibliothèque-salle-2-min-768x576.jpg 768w, https://ipoweb.bruxelles.be/amy/wp-content/uploads/2022/09/Bibliothèque-salle-2-min-1536x1152.jpg 1536w, https://ipoweb.bruxelles.be/amy/wp-content/uploads/2022/09/Bibliothèque-salle-2-min-2048x1536.jpg 2048w, https://ipoweb.bruxelles.be/amy/wp-content/uploads/2022/09/Bibliothèque-salle-2-min-1568x1176.jpg 1568w" sizes="(max-width: 1024px) 100vw, 1024px" /></a></figure>



<h3 class="wp-block-heading" id="une-ecole-a-pedagogies-actives-inspiree-par-decroly-et-freinet" style="font-size:28px"><a href="http://ipoweb.bruxelles.be/amy/notre-pedagogie#pedago">Une école innovante à pédagogies active</a><a href="http://ipoweb.bruxelles.be/amy/notre-pedagogie/" data-type="page" data-id="115">s</a></h3>



<p>Dans chaque cours, les élèves peuvent découvrir la matière ou la réinvestir à travers le travail autonome.</p>
</div>



<div class="wp-block-column is-layout-flow wp-block-column-is-layout-flow">
<figure style="--shape:url(#tw-shape-organic-circle-1);" class="wp-block-image size-large is-resized"><img loading="lazy" decoding="async" width="1024" height="793" src="http://ipoweb.bruxelles.be/amy/wp-content/uploads/2023/02/20220506_103953-1-2-1024x793.jpg" alt="" class="wp-image-643" style="width:290px;height:224px" srcset="https://ipoweb.bruxelles.be/amy/wp-content/uploads/2023/02/20220506_103953-1-2-1024x793.jpg 1024w, https://ipoweb.bruxelles.be/amy/wp-content/uploads/2023/02/20220506_103953-1-2-300x232.jpg 300w, https://ipoweb.bruxelles.be/amy/wp-content/uploads/2023/02/20220506_103953-1-2-768x595.jpg 768w, https://ipoweb.bruxelles.be/amy/wp-content/uploads/2023/02/20220506_103953-1-2-1536x1190.jpg 1536w, https://ipoweb.bruxelles.be/amy/wp-content/uploads/2023/02/20220506_103953-1-2-2048x1586.jpg 2048w, https://ipoweb.bruxelles.be/amy/wp-content/uploads/2023/02/20220506_103953-1-2-1568x1215.jpg 1568w" sizes="(max-width: 1024px) 100vw, 1024px" /></figure>



<h3 class="wp-block-heading" id="preparer-les-eleves-a-devenir-des-citoyens-responsables" style="font-size:28px"><a href="http://ipoweb.bruxelles.be/amy/notre-pedagogie#insti">La pédagogie institutionnelle pour préparer les élèves à devenir des citoyens responsables</a></h3>



<p>A l&rsquo;AMY, la discussion et l&rsquo;écoute sont primordiales. Chacun a son mot à dire dans la construction de l&rsquo;école, les projets de celle-ci. La pédagogie institutionnelle fait partie intégrante de notre quotidien.</p>
</div>



<div class="wp-block-column is-layout-flow wp-block-column-is-layout-flow">
<figure style="--shape:url(#tw-shape-organic-circle-2);" class="wp-block-image size-large is-resized"><a href="http://ipoweb.bruxelles.be/amy/nos-infrastructures/"><img loading="lazy" decoding="async" width="1024" height="768" src="http://ipoweb.bruxelles.be/amy/wp-content/uploads/2022/09/Labo-bio-min-1024x768.jpg" alt="" class="wp-image-235" style="width:288px;height:215px" srcset="https://ipoweb.bruxelles.be/amy/wp-content/uploads/2022/09/Labo-bio-min-1024x768.jpg 1024w, https://ipoweb.bruxelles.be/amy/wp-content/uploads/2022/09/Labo-bio-min-300x225.jpg 300w, https://ipoweb.bruxelles.be/amy/wp-content/uploads/2022/09/Labo-bio-min-768x576.jpg 768w, https://ipoweb.bruxelles.be/amy/wp-content/uploads/2022/09/Labo-bio-min-1536x1152.jpg 1536w, https://ipoweb.bruxelles.be/amy/wp-content/uploads/2022/09/Labo-bio-min-2048x1536.jpg 2048w, https://ipoweb.bruxelles.be/amy/wp-content/uploads/2022/09/Labo-bio-min-1568x1176.jpg 1568w" sizes="(max-width: 1024px) 100vw, 1024px" /></a></figure>



<h3 class="wp-block-heading" id="des-infrastructures-au-service-de-l-epanouissement" style="font-size:28px"><a href="http://ipoweb.bruxelles.be/amy/nos-infrastructures/" data-type="page" data-id="408">Des infrastructures au service de l&rsquo;épanouissement</a></h3>



<p>Entre son centre ludopédagogique, sa bibliothèque, ses infrastructures sportives, ses labos et ses équipements numériques, l&rsquo;AMY profite d&rsquo;un écosystème idéal pour apprendre.</p>
</div>
</div>



<h2 class="wp-block-heading has-text-align-center" id="visite">Découvrez l&rsquo;école <mark style="background-color:rgba(0, 0, 0, 0);color:#e97828" class="has-inline-color">en vidéo</mark></h2>



<div class="wp-block-group alignwide"><div class="wp-block-group__inner-container is-layout-constrained wp-block-group-is-layout-constrained">
<iframe loading="lazy" width="100%" height="600px" src="https://www.youtube.com/embed/lBrTGBRmRg8?si=D4P-DRtu4AvE6y3E" title="YouTube video player" frameborder="0" allow="accelerometer; autoplay; clipboard-write; encrypted-media; gyroscope; picture-in-picture; web-share" referrerpolicy="strict-origin-when-cross-origin" allowfullscreen></iframe>
</div></div>



<figure class="wp-block-embed alignwide is-type-video is-provider-youtube wp-block-embed-youtube wp-embed-aspect-16-9 wp-has-aspect-ratio"><div class="wp-block-embed__wrapper">
https://www.youtube.com/watch?v=mEKtWnxpBIk&#038;t=23s&#038;ab_channel=Ath%C3%A9n%C3%A9eMargueriteYourcenar
</div><figcaption class="wp-element-caption">Présentation de la semaine citoyenne</figcaption></figure>
</div></div>



<hr class="wp-block-separator has-alpha-channel-opacity"/>



<div class="wp-block-columns is-layout-flex wp-container-core-columns-is-layout-2 wp-block-columns-is-layout-flex">
<div class="wp-block-column is-layout-flow wp-block-column-is-layout-flow">
<figure class="wp-block-image size-full"><img loading="lazy" decoding="async" width="381" height="226" src="https://ipoweb.bruxelles.be/amy/wp-content/uploads/2023/05/LOGO_eu-11.jpg" alt="" class="wp-image-650" srcset="https://ipoweb.bruxelles.be/amy/wp-content/uploads/2023/05/LOGO_eu-11.jpg 381w, https://ipoweb.bruxelles.be/amy/wp-content/uploads/2023/05/LOGO_eu-11-300x178.jpg 300w" sizes="(max-width: 381px) 100vw, 381px" /></figure>
</div>



<div class="wp-block-column is-layout-flow wp-block-column-is-layout-flow">
<p>L&rsquo;Athénée Marguerite Yourcenar est cofinancée par l&rsquo;Union européenne.</p>
</div>
</div>

<p>Une école innovante à pédagogies actives Dans chaque cours, les élèves peuvent découvrir la matière ou la réinvestir à travers le travail autonome. La pédagogie institutionnelle pour préparer les élèves à devenir des citoyens responsables A l&rsquo;AMY, la discussion et l&rsquo;écoute sont primordiales. Chacun a son mot à dire dans la construction de l&rsquo;école, les&hellip; <a class="more-link" href="https://ipoweb.bruxelles.be/amy/">Poursuivre la lecture <span class="screen-reader-text">Accueil</span></a></p>
