{"id":76,"date":"2022-09-20T10:52:39","date_gmt":"2022-09-20T08:52:39","guid":{"rendered":"http:\/\/ipoweb.bruxelles.be\/amy\/?page_id=76"},"modified":"2026-03-01T11:05:23","modified_gmt":"2026-03-01T10:05:23","slug":"nos-projets","status":"publish","type":"page","link":"https:\/\/ipoweb.bruxelles.be\/amy\/nos-projets\/","title":{"rendered":"Nos projets"},"content":{"rendered":"\n<div class=\"wp-block-group alignfull tw-bottom-shape-organic\" style=\"padding-top:120px\"><div class=\"wp-block-group__inner-container is-layout-flow wp-block-group-is-layout-flow\">\n<div class=\"wp-block-columns alignwide is-layout-flex wp-container-core-columns-is-layout-1 wp-block-columns-is-layout-flex\">\n<div class=\"wp-block-column is-layout-flow wp-block-column-is-layout-flow\" style=\"--col-width:33.38%;flex-basis:33.38%\">\n<div style=\"height:100px\" aria-hidden=\"true\" class=\"wp-block-spacer tw-sm-hidden\"><\/div>\n\n\n\n<h2 class=\"wp-block-heading\">La journ\u00e9e des fiert\u00e9s<\/h2>\n\n\n\n<p><strong>La journ\u00e9e des fiert\u00e9s <\/strong>est un des projets phare de l&rsquo;AMY. A partir d&rsquo;une sortie culturelle r\u00e9alis\u00e9e en septembre, chaque classe choisit une th\u00e9matique ou probl\u00e9matique qui va \u00eatre trait\u00e9e dans plusieurs cours afin de devenir expert en la mati\u00e8re.<\/p>\n\n\n\n<p>L&rsquo;aboutissement du projet est le r\u00e9sultat de recherches et de r\u00e9flexions est visible lors d&rsquo;une journ\u00e9e durant laquelle les \u00e9l\u00e8ves pr\u00e9sentent les fruits de leur travail \u00e0 toute la communaut\u00e9 scolaire.<\/p>\n<\/div>\n\n\n\n<div class=\"wp-block-column is-layout-flow wp-block-column-is-layout-flow\" style=\"--col-width:33.62%;flex-basis:33.62%\">\n<figure class=\"wp-block-image size-full is-style-tw-rounded-corners\"><img loading=\"lazy\" decoding=\"async\" width=\"479\" height=\"496\" src=\"http:\/\/ipoweb.bruxelles.be\/amy\/wp-content\/uploads\/2022\/09\/AMYSE-en-oeuvre-2020-4.png\" alt=\"\" class=\"wp-image-215\" srcset=\"https:\/\/ipoweb.bruxelles.be\/amy\/wp-content\/uploads\/2022\/09\/AMYSE-en-oeuvre-2020-4.png 479w, https:\/\/ipoweb.bruxelles.be\/amy\/wp-content\/uploads\/2022\/09\/AMYSE-en-oeuvre-2020-4-290x300.png 290w\" sizes=\"(max-width: 479px) 100vw, 479px\" \/><\/figure>\n\n\n\n<figure class=\"wp-block-image size-full is-style-tw-rounded-corners\"><img loading=\"lazy\" decoding=\"async\" width=\"456\" height=\"566\" src=\"http:\/\/ipoweb.bruxelles.be\/amy\/wp-content\/uploads\/2022\/09\/AMYSE-en-oeuvre-2020-1.png\" alt=\"\" class=\"wp-image-212\" srcset=\"https:\/\/ipoweb.bruxelles.be\/amy\/wp-content\/uploads\/2022\/09\/AMYSE-en-oeuvre-2020-1.png 456w, https:\/\/ipoweb.bruxelles.be\/amy\/wp-content\/uploads\/2022\/09\/AMYSE-en-oeuvre-2020-1-242x300.png 242w\" sizes=\"(max-width: 456px) 100vw, 456px\" \/><\/figure>\n<\/div>\n\n\n\n<div class=\"wp-block-column is-layout-flow wp-block-column-is-layout-flow\" style=\"--col-width:33%;flex-basis:33%\">\n<div style=\"height:48px\" aria-hidden=\"true\" class=\"wp-block-spacer\"><\/div>\n\n\n\n<figure class=\"wp-block-image size-full is-style-tw-rounded-corners\"><img loading=\"lazy\" decoding=\"async\" width=\"474\" height=\"472\" src=\"http:\/\/ipoweb.bruxelles.be\/amy\/wp-content\/uploads\/2022\/09\/AMYSE-en-oeuvre-2020-5.png\" alt=\"\" class=\"wp-image-213\" srcset=\"https:\/\/ipoweb.bruxelles.be\/amy\/wp-content\/uploads\/2022\/09\/AMYSE-en-oeuvre-2020-5.png 474w, https:\/\/ipoweb.bruxelles.be\/amy\/wp-content\/uploads\/2022\/09\/AMYSE-en-oeuvre-2020-5-300x300.png 300w, https:\/\/ipoweb.bruxelles.be\/amy\/wp-content\/uploads\/2022\/09\/AMYSE-en-oeuvre-2020-5-150x150.png 150w\" sizes=\"(max-width: 474px) 100vw, 474px\" \/><\/figure>\n\n\n\n<figure class=\"wp-block-image size-full is-style-tw-rounded-corners\"><img loading=\"lazy\" decoding=\"async\" width=\"481\" height=\"471\" src=\"http:\/\/ipoweb.bruxelles.be\/amy\/wp-content\/uploads\/2022\/09\/AMYSE-en-oeuvre-2020-3-e1665500042940.png\" alt=\"\" class=\"wp-image-214\" srcset=\"https:\/\/ipoweb.bruxelles.be\/amy\/wp-content\/uploads\/2022\/09\/AMYSE-en-oeuvre-2020-3-e1665500042940.png 481w, https:\/\/ipoweb.bruxelles.be\/amy\/wp-content\/uploads\/2022\/09\/AMYSE-en-oeuvre-2020-3-e1665500042940-300x294.png 300w\" sizes=\"(max-width: 481px) 100vw, 481px\" \/><\/figure>\n<\/div>\n<\/div>\n<\/div><\/div>\n\n\n\n<div class=\"wp-block-group alignfull has-white-background-color has-background tw-top-shape-organic tw-bottom-shape-organic\"><div class=\"wp-block-group__inner-container is-layout-flow wp-block-group-is-layout-flow\">\n<div class=\"wp-block-columns alignwide is-layout-flex wp-container-core-columns-is-layout-2 wp-block-columns-is-layout-flex\">\n<div class=\"wp-block-column is-layout-flow wp-block-column-is-layout-flow\" style=\"--col-width:67%;flex-basis:67%\">\n<div style=\"height:6px\" aria-hidden=\"true\" class=\"wp-block-spacer\"><\/div>\n\n\n<div class=\"wp-block-image is-style-tw-rounded-corners\">\n<figure class=\"alignright size-full\"><img loading=\"lazy\" decoding=\"async\" width=\"1000\" height=\"586\" src=\"http:\/\/ipoweb.bruxelles.be\/amy\/wp-content\/uploads\/2022\/10\/Capture-de\u0301cran-2022-10-11-a\u0300-16.59.28.png\" alt=\"\" class=\"wp-image-430\" srcset=\"https:\/\/ipoweb.bruxelles.be\/amy\/wp-content\/uploads\/2022\/10\/Capture-de\u0301cran-2022-10-11-a\u0300-16.59.28.png 1000w, https:\/\/ipoweb.bruxelles.be\/amy\/wp-content\/uploads\/2022\/10\/Capture-de\u0301cran-2022-10-11-a\u0300-16.59.28-300x176.png 300w, https:\/\/ipoweb.bruxelles.be\/amy\/wp-content\/uploads\/2022\/10\/Capture-de\u0301cran-2022-10-11-a\u0300-16.59.28-768x450.png 768w\" sizes=\"(max-width: 1000px) 100vw, 1000px\" \/><\/figure><\/div><\/div>\n\n\n\n<div class=\"wp-block-column is-vertically-aligned-top is-layout-flow wp-block-column-is-layout-flow\" style=\"--col-width:33%;flex-basis:33%\">\n<h2 class=\"wp-block-heading\">Stage civique<\/h2>\n\n\n\n<p class=\"has-text-color\" style=\"color:#000000\">Le stage civique entend contribuer \u00e0 la formation des \u00e9l\u00e8ves en futurs citoyens avertis, permettant aux \u00e9l\u00e8ves de participer activement au d\u00e9veloppement de notre soci\u00e9t\u00e9 gr\u00e2ce \u00e0 des partenariats de qualit\u00e9 avec des organismes du service public ou \u00e0 caract\u00e8re public. Ce stage obligatoire d&rsquo;au moins 30 heures de prestations non r\u00e9mun\u00e9r\u00e9es et modulables est \u00e0 effectuer en dehors des heures de cours par les \u00e9l\u00e8ves de 5<sup>e<\/sup>. La pr\u00e9paration et l\u2019encadrement des stages civiques se fait pendant les cours de CPC. <\/p>\n\n\n\n<p class=\"has-text-color\" style=\"color:#000000\">\u00c0 l\u2019issue de leur ann\u00e9e scolaire, les \u00e9l\u00e8ves ayant r\u00e9alis\u00e9 leur stage recevront un certificat qu\u2019ils pourront valoriser dans leur CV.<\/p>\n<\/div>\n<\/div>\n<\/div><\/div>\n\n\n\n<div class=\"wp-block-group alignfull tw-top-shape-organic tw-bottom-shape-organic\" style=\"padding-top:100px\"><div class=\"wp-block-group__inner-container is-layout-flow wp-block-group-is-layout-flow\">\n<div class=\"wp-block-columns alignwide is-layout-flex wp-container-core-columns-is-layout-3 wp-block-columns-is-layout-flex\">\n<div class=\"wp-block-column is-layout-flow wp-block-column-is-layout-flow\" style=\"--col-width:33.38%;flex-basis:33.38%\">\n<h2 class=\"wp-block-heading\">Plan de d\u00e9placement scolaire<\/h2>\n\n\n\n<p>Depuis 2020, une \u00e9quipe de professeurs motiv\u00e9s s&rsquo;est lanc\u00e9e dans ce nouveau projet avec pour objectif de promouvoir des d\u00e9placements plus actifs et plus s\u00fbrs. L&rsquo;ASBL Coren et Bruxelles Mobilit\u00e9 nous accompagnent dans ce projet. L&rsquo;\u00e9cole a d\u00e9j\u00e0 propos\u00e9 quelques actions comme la campagne \u00ab\u00a0Be bright, use a light\u00a0\u00bb qui donnait un kit de lampe \u00e0 chaque \u00e9l\u00e8ve venant \u00e0 v\u00e9lo afin qu&rsquo;il soit un usager visible ou des projets plus ponctuels comme \u00ab Move in the city \u00bb. <\/p>\n\n\n\n<p>Les professeurs d&rsquo;option sport r\u00e9alisent r\u00e9guli\u00e8rement des sorties v\u00e9los avec les \u00e9l\u00e8ves. L&rsquo;AMY dispose actuellement d&rsquo;une flotte d&rsquo;une vingtaine de v\u00e9los entrepos\u00e9s dans un local v\u00e9lo sp\u00e9cifique. Le Bike park situ\u00e9 en face de l&rsquo;\u00e9cole permet \u00e9galement la pratique active du v\u00e9lo.<\/p>\n\n\n\n<p><\/p>\n<\/div>\n\n\n\n<div class=\"wp-block-column is-layout-flow wp-block-column-is-layout-flow\" style=\"--col-width:33.62%;flex-basis:33.62%\">\n<figure class=\"wp-block-image size-full is-resized is-style-tw-rounded-corners\"><img loading=\"lazy\" decoding=\"async\" width=\"835\" height=\"681\" src=\"http:\/\/ipoweb.bruxelles.be\/amy\/wp-content\/uploads\/2022\/09\/Sortie-ve\u0301lo.png\" alt=\"\" class=\"wp-image-206\" style=\"width:393px;height:320px\" srcset=\"https:\/\/ipoweb.bruxelles.be\/amy\/wp-content\/uploads\/2022\/09\/Sortie-ve\u0301lo.png 835w, https:\/\/ipoweb.bruxelles.be\/amy\/wp-content\/uploads\/2022\/09\/Sortie-ve\u0301lo-300x245.png 300w, https:\/\/ipoweb.bruxelles.be\/amy\/wp-content\/uploads\/2022\/09\/Sortie-ve\u0301lo-768x626.png 768w\" sizes=\"(max-width: 835px) 100vw, 835px\" \/><\/figure>\n\n\n\n<figure class=\"wp-block-image size-large is-style-tw-rounded-corners\"><img loading=\"lazy\" decoding=\"async\" width=\"1024\" height=\"768\" src=\"http:\/\/ipoweb.bruxelles.be\/amy\/wp-content\/uploads\/2022\/10\/Bike-Park-1024x768.jpg\" alt=\"\" class=\"wp-image-266\" srcset=\"https:\/\/ipoweb.bruxelles.be\/amy\/wp-content\/uploads\/2022\/10\/Bike-Park-1024x768.jpg 1024w, https:\/\/ipoweb.bruxelles.be\/amy\/wp-content\/uploads\/2022\/10\/Bike-Park-300x225.jpg 300w, https:\/\/ipoweb.bruxelles.be\/amy\/wp-content\/uploads\/2022\/10\/Bike-Park-768x576.jpg 768w, https:\/\/ipoweb.bruxelles.be\/amy\/wp-content\/uploads\/2022\/10\/Bike-Park-1536x1152.jpg 1536w, https:\/\/ipoweb.bruxelles.be\/amy\/wp-content\/uploads\/2022\/10\/Bike-Park-1568x1176.jpg 1568w, https:\/\/ipoweb.bruxelles.be\/amy\/wp-content\/uploads\/2022\/10\/Bike-Park.jpg 2048w\" sizes=\"(max-width: 1024px) 100vw, 1024px\" \/><\/figure>\n<\/div>\n\n\n\n<div class=\"wp-block-column is-layout-flow wp-block-column-is-layout-flow\" style=\"--col-width:33%;flex-basis:33%\">\n<div style=\"height:100px\" aria-hidden=\"true\" class=\"wp-block-spacer\"><\/div>\n\n\n\n<figure class=\"wp-block-image size-large is-style-tw-rounded-corners\"><img loading=\"lazy\" decoding=\"async\" width=\"1024\" height=\"768\" src=\"http:\/\/ipoweb.bruxelles.be\/amy\/wp-content\/uploads\/2022\/09\/Ve\u0301los-e\u0301cole-min-1024x768.jpg\" alt=\"\" class=\"wp-image-228\" srcset=\"https:\/\/ipoweb.bruxelles.be\/amy\/wp-content\/uploads\/2022\/09\/Ve\u0301los-e\u0301cole-min-1024x768.jpg 1024w, https:\/\/ipoweb.bruxelles.be\/amy\/wp-content\/uploads\/2022\/09\/Ve\u0301los-e\u0301cole-min-300x225.jpg 300w, https:\/\/ipoweb.bruxelles.be\/amy\/wp-content\/uploads\/2022\/09\/Ve\u0301los-e\u0301cole-min-768x576.jpg 768w, https:\/\/ipoweb.bruxelles.be\/amy\/wp-content\/uploads\/2022\/09\/Ve\u0301los-e\u0301cole-min-1536x1152.jpg 1536w, https:\/\/ipoweb.bruxelles.be\/amy\/wp-content\/uploads\/2022\/09\/Ve\u0301los-e\u0301cole-min-2048x1536.jpg 2048w, https:\/\/ipoweb.bruxelles.be\/amy\/wp-content\/uploads\/2022\/09\/Ve\u0301los-e\u0301cole-min-1568x1176.jpg 1568w\" sizes=\"(max-width: 1024px) 100vw, 1024px\" \/><\/figure>\n<\/div>\n<\/div>\n<\/div><\/div>\n\n\n\n<div class=\"wp-block-group alignfull has-white-background-color has-background tw-top-shape-organic tw-bottom-shape-organic\" style=\"padding-top:100px\"><div class=\"wp-block-group__inner-container is-layout-flow wp-block-group-is-layout-flow\">\n<div class=\"wp-block-columns alignwide has-text-align-center tw-gutter-large is-layout-flex wp-container-core-columns-is-layout-4 wp-block-columns-is-layout-flex\">\n<div class=\"wp-block-column is-layout-flow wp-block-column-is-layout-flow\" style=\"--col-width:49.82%;flex-basis:49.82%\">\n<h2 class=\"wp-block-heading\">Travail de fin d&rsquo;ann\u00e9e<\/h2>\n\n\n\n<p>Le TFA (travail de fin d&rsquo;ann\u00e9e) est r\u00e9alis\u00e9 par les \u00e9l\u00e8ves de 3e ann\u00e9e. Il permet de pr\u00e9parer la transition au DS (degr\u00e9 sup\u00e9rieur) en travaillant l&rsquo;analyse de documents et l&rsquo;esprit critique. <\/p>\n\n\n\n<p>Il prend tout son sens aupr\u00e8s des \u00e9l\u00e8ves puisqu&rsquo;il part de l&rsquo;int\u00e9r\u00eat de ceux-ci.<\/p>\n<\/div>\n\n\n\n<div class=\"wp-block-column is-layout-flow wp-block-column-is-layout-flow\" style=\"--col-width:50.18%;flex-basis:50.18%\">\n<h2 class=\"wp-block-heading\">Travail de fin d&rsquo;\u00e9tude<\/h2>\n\n\n\n<p>Le TFE (travail de fin d&rsquo;\u00e9tude) est l&rsquo;aboutissement de la scolarit\u00e9 des \u00e9l\u00e8ves. Ce travail r\u00e9investit les comp\u00e9tences d\u00e9j\u00e0 \u00e9valu\u00e9es lors du TFA en 3<sup>e<\/sup> ann\u00e9e. Ce travail les pr\u00e9pare activement aux \u00e9tudes sup\u00e9rieures. Les \u00e9l\u00e8ves doivent choisir un sujet sur lequel ils vont poser une probl\u00e9matique, faire des recherches et tenter d&rsquo;y apporter une r\u00e9ponse avec l&rsquo;aide d&rsquo;un professeur r\u00e9f\u00e9rent. \u00c0 la fin de l&rsquo;ann\u00e9e, ils pr\u00e9sentent le r\u00e9sultat de leur travail lors d&rsquo;une d\u00e9fense orale devant un jury constitu\u00e9 de professeurs.<\/p>\n<\/div>\n<\/div>\n<\/div><\/div>\n\n\n\n<p><\/p>\n","protected":false},"excerpt":{"rendered":"<p>La journ\u00e9e des fiert\u00e9s La journ\u00e9e des fiert\u00e9s est un des projets phare de l&rsquo;AMY. A partir d&rsquo;une sortie culturelle r\u00e9alis\u00e9e en septembre, chaque classe choisit une th\u00e9matique ou probl\u00e9matique qui va \u00eatre trait\u00e9e dans plusieurs cours afin de devenir expert en la mati\u00e8re. L&rsquo;aboutissement du projet est le r\u00e9sultat de recherches et de r\u00e9flexions&hellip; <a class=\"more-link\" href=\"https:\/\/ipoweb.bruxelles.be\/amy\/nos-projets\/\">Poursuivre la lecture <span class=\"screen-reader-text\">Nos projets<\/span><\/a><\/p>\n","protected":false},"author":1,"featured_media":0,"parent":0,"menu_order":0,"comment_status":"closed","ping_status":"closed","template":"tw-header-transparent.php","meta":{"footnotes":""},"_links":{"self":[{"href":"https:\/\/ipoweb.bruxelles.be\/amy\/wp-json\/wp\/v2\/pages\/76"}],"collection":[{"href":"https:\/\/ipoweb.bruxelles.be\/amy\/wp-json\/wp\/v2\/pages"}],"about":[{"href":"https:\/\/ipoweb.bruxelles.be\/amy\/wp-json\/wp\/v2\/types\/page"}],"author":[{"embeddable":true,"href":"https:\/\/ipoweb.bruxelles.be\/amy\/wp-json\/wp\/v2\/users\/1"}],"replies":[{"embeddable":true,"href":"https:\/\/ipoweb.bruxelles.be\/amy\/wp-json\/wp\/v2\/comments?post=76"}],"version-history":[{"count":71,"href":"https:\/\/ipoweb.bruxelles.be\/amy\/wp-json\/wp\/v2\/pages\/76\/revisions"}],"predecessor-version":[{"id":746,"href":"https:\/\/ipoweb.bruxelles.be\/amy\/wp-json\/wp\/v2\/pages\/76\/revisions\/746"}],"wp:attachment":[{"href":"https:\/\/ipoweb.bruxelles.be\/amy\/wp-json\/wp\/v2\/media?parent=76"}],"curies":[{"name":"wp","href":"https:\/\/api.w.org\/{rel}","templated":true}]}}