{"id":110,"date":"2021-01-14T23:54:28","date_gmt":"2021-01-14T22:54:28","guid":{"rendered":"http:\/\/ipoweb.bruxelles.be\/baronsteens\/?page_id=110"},"modified":"2021-04-01T11:27:31","modified_gmt":"2021-04-01T09:27:31","slug":"inscriptions","status":"publish","type":"page","link":"https:\/\/ipoweb.bruxelles.be\/baronsteens\/inscriptions\/","title":{"rendered":"Inscriptions"},"content":{"rendered":"\n<p><strong>Nouvelle&nbsp;inscription en&nbsp;accueil, 1\u00e8re maternelle et&nbsp;1\u00e8re primaire&nbsp;<\/strong><\/p>\n\n\n\n<p>Ces inscriptions pour la rentr\u00e9e de septembre se font uniquement via le call center de la Ville de Bruxelles. La proc\u00e9dure est <a href=\"https:\/\/ip.bruxelles.be\/fr\/actualites\/inscriptions-20212022-accueil-1ere-maternelle-et-1ere-primaire\">d\u00e9crite via ce lien<\/a>.<\/p>\n\n\n\n<p><strong>Nouvelle&nbsp;inscription en 2\u00e8me et 3\u00e8me maternelle et&nbsp;en 2\u00e8me, 3\u00e8me,&nbsp;4\u00e8me, 5\u00e8me et&nbsp;6\u00e8me primaire&nbsp;<\/strong><\/p>\n\n\n\n<p>Ces inscriptions se&nbsp;font apr\u00e8s les vacances de Printemps (P\u00e2ques),&nbsp;uniquement&nbsp;par&nbsp;t\u00e9l\u00e9phone au secr\u00e9tariat : 02\/510 06 10&nbsp;&nbsp;<\/p>\n\n\n\n<div class=\"wp-block-image\"><figure class=\"aligncenter size-large\"><img decoding=\"async\" loading=\"lazy\" width=\"500\" height=\"667\" src=\"http:\/\/ipoweb.bruxelles.be\/baronsteens\/wp-content\/uploads\/2021\/01\/inscriptions.jpg\" alt=\"\" class=\"wp-image-140\" srcset=\"https:\/\/ipoweb.bruxelles.be\/baronsteens\/wp-content\/uploads\/2021\/01\/inscriptions.jpg 500w, https:\/\/ipoweb.bruxelles.be\/baronsteens\/wp-content\/uploads\/2021\/01\/inscriptions-225x300.jpg 225w\" sizes=\"(max-width: 500px) 100vw, 500px\" \/><\/figure><\/div>\n","protected":false},"excerpt":{"rendered":"<p>Nouvelle&nbsp;inscription en&nbsp;accueil, 1\u00e8re maternelle et&nbsp;1\u00e8re primaire&nbsp; Ces inscriptions pour la rentr\u00e9e de septembre se font uniquement via le call center de la Ville de Bruxelles. La proc\u00e9dure est d\u00e9crite via ce lien. Nouvelle&nbsp;inscription en 2\u00e8me et 3\u00e8me maternelle et&nbsp;en 2\u00e8me, 3\u00e8me,&nbsp;4\u00e8me, 5\u00e8me et&nbsp;6\u00e8me primaire&nbsp; Ces inscriptions se&nbsp;font apr\u00e8s les vacances de Printemps (P\u00e2ques),&nbsp;uniquement&nbsp;par&nbsp;t\u00e9l\u00e9phone au secr\u00e9tariat&hellip;<\/p>\n","protected":false},"author":1,"featured_media":0,"parent":0,"menu_order":0,"comment_status":"closed","ping_status":"closed","template":"","meta":{"footnotes":""},"_links":{"self":[{"href":"https:\/\/ipoweb.bruxelles.be\/baronsteens\/wp-json\/wp\/v2\/pages\/110"}],"collection":[{"href":"https:\/\/ipoweb.bruxelles.be\/baronsteens\/wp-json\/wp\/v2\/pages"}],"about":[{"href":"https:\/\/ipoweb.bruxelles.be\/baronsteens\/wp-json\/wp\/v2\/types\/page"}],"author":[{"embeddable":true,"href":"https:\/\/ipoweb.bruxelles.be\/baronsteens\/wp-json\/wp\/v2\/users\/1"}],"replies":[{"embeddable":true,"href":"https:\/\/ipoweb.bruxelles.be\/baronsteens\/wp-json\/wp\/v2\/comments?post=110"}],"version-history":[{"count":6,"href":"https:\/\/ipoweb.bruxelles.be\/baronsteens\/wp-json\/wp\/v2\/pages\/110\/revisions"}],"predecessor-version":[{"id":486,"href":"https:\/\/ipoweb.bruxelles.be\/baronsteens\/wp-json\/wp\/v2\/pages\/110\/revisions\/486"}],"wp:attachment":[{"href":"https:\/\/ipoweb.bruxelles.be\/baronsteens\/wp-json\/wp\/v2\/media?parent=110"}],"curies":[{"name":"wp","href":"https:\/\/api.w.org\/{rel}","templated":true}]}}