{"id":108,"date":"2021-10-05T09:55:28","date_gmt":"2021-10-05T07:55:28","guid":{"rendered":"http:\/\/ipoweb.bruxelles.be\/cefa\/?page_id=108"},"modified":"2025-07-03T10:17:45","modified_gmt":"2025-07-03T08:17:45","slug":"inscriptions","status":"publish","type":"page","link":"https:\/\/ipoweb.bruxelles.be\/cefa\/inscriptions\/","title":{"rendered":"Inscriptions"},"content":{"rendered":"\n<h2 class=\"wp-block-heading has-electric-grass-gradient-background has-background has-medium-font-size\">Des s\u00e9ances d\u2019information  auront lieu les jours suivants (sans rendez-vous) :<\/h2>\n\n\n\n<ul>\n<li>Prochainement<\/li>\n<\/ul>\n\n\n\n<p class=\"has-electric-grass-gradient-background has-background has-medium-font-size\"><strong><em>En dehors de ces jours, il vous faudra prendre rendez-vous <\/em><\/strong><\/p>\n\n\n\n<ul>\n<li>Par mail (sec.cefa@brucity.education)<\/li>\n\n\n\n<li>Par t\u00e9l\u00e9phone au 02\/279.52.50 ou au 02\/279.51.25<\/li>\n<\/ul>\n\n\n\n<p class=\"has-luminous-vivid-orange-to-vivid-red-gradient-background has-background has-medium-font-size\"><em><strong>Pour l\u2019inscription :<\/strong><\/em><\/p>\n\n\n\n<ul>\n<li>L\u2019\u00e9l\u00e8ve doit \u00eatre pr\u00e9sent.e <\/li>\n\n\n\n<li>Si l\u2019\u00e9l\u00e8ve est mineur.e, un parent \/ tuteur-rice doit \u00eatre pr\u00e9sent.e<\/li>\n<\/ul>\n\n\n\n<p class=\"has-luminous-vivid-orange-to-vivid-red-gradient-background has-background has-medium-font-size\"><strong><em>Quels documents<\/em> <\/strong>?<\/p>\n\n\n\n<ul>\n<li>Le bulletin 2024-2025 et l\u2019attestation de fin d\u2019ann\u00e9e de la derni\u00e8re \u00e9cole fr\u00e9quent\u00e9e <\/li>\n\n\n\n<li>La carte d\u2019identit\u00e9 de la personne responsable l\u00e9galement <\/li>\n\n\n\n<li>La carte d\u2019identit\u00e9 de l\u2019\u00e9l\u00e8ve <\/li>\n\n\n\n<li>75,00 \u20ac de frais d\u2019inscription ou de r\u00e9inscription ou la preuve du virement de la somme due sur le compte : BE88 3631 8375 6941 avec en communication le NOM, le pr\u00e9nom et la classe de l\u2019\u00e9l\u00e8ve.<\/li>\n<\/ul>\n\n\n\n<p class=\"has-luminous-vivid-amber-to-luminous-vivid-orange-gradient-background has-background has-medium-font-size\"><strong><em>Quand ?<\/em><\/strong><\/p>\n\n\n\n<ul>\n<li>Sur rendez-vous: tel 02\/279.52.50<\/li>\n\n\n\n<li>A partir du 21\/08\/2025 de 8h30 \u00e0 15h00<\/li>\n<\/ul>\n\n\n\n<p class=\"has-primary-color has-luminous-vivid-amber-to-luminous-vivid-orange-gradient-background has-text-color has-background has-medium-font-size\"><strong><em>O\u00f9&nbsp;?<\/em><\/strong><\/p>\n\n\n\n<ul>\n<li>Campus Arts et M\u00e9tiers 4\u00e8me \u00c9tage Aile A<\/li>\n\n\n\n<li>Route 556 <\/li>\n\n\n\n<li>50 Boulevard de l\u2019abattoir, 1000 Bruxelles<\/li>\n<\/ul>\n\n\n\n<p class=\"has-primary-color has-light-green-cyan-to-vivid-green-cyan-gradient-background has-text-color has-background has-medium-font-size\"><strong>La rentr\u00e9e scolaire<\/strong><\/p>\n\n\n\n<ul>\n<li>Le mardi 26\/08\/2025 \u00e0 10h30<\/li>\n\n\n\n<li>A la Salle de conf\u00e9rences<\/li>\n\n\n\n<li>Les \u00e9l\u00e8ves int\u00e8grent les cours imm\u00e9diatement apr\u00e8s la constitution des classes \u00e0 l&rsquo;horaire qui leur sera remis ce jour-l\u00e0<\/li>\n<\/ul>\n","protected":false},"excerpt":{"rendered":"<p>Des s\u00e9ances d\u2019information auront lieu les jours suivants (sans rendez-vous) : En dehors de ces jours, il vous faudra prendre rendez-vous Pour l\u2019inscription : Quels documents ? Quand ? O\u00f9&nbsp;? La rentr\u00e9e scolaire<\/p>\n","protected":false},"author":2,"featured_media":0,"parent":0,"menu_order":0,"comment_status":"closed","ping_status":"closed","template":"tw-no-title.php","meta":{"footnotes":""},"_links":{"self":[{"href":"https:\/\/ipoweb.bruxelles.be\/cefa\/wp-json\/wp\/v2\/pages\/108"}],"collection":[{"href":"https:\/\/ipoweb.bruxelles.be\/cefa\/wp-json\/wp\/v2\/pages"}],"about":[{"href":"https:\/\/ipoweb.bruxelles.be\/cefa\/wp-json\/wp\/v2\/types\/page"}],"author":[{"embeddable":true,"href":"https:\/\/ipoweb.bruxelles.be\/cefa\/wp-json\/wp\/v2\/users\/2"}],"replies":[{"embeddable":true,"href":"https:\/\/ipoweb.bruxelles.be\/cefa\/wp-json\/wp\/v2\/comments?post=108"}],"version-history":[{"count":101,"href":"https:\/\/ipoweb.bruxelles.be\/cefa\/wp-json\/wp\/v2\/pages\/108\/revisions"}],"predecessor-version":[{"id":1552,"href":"https:\/\/ipoweb.bruxelles.be\/cefa\/wp-json\/wp\/v2\/pages\/108\/revisions\/1552"}],"wp:attachment":[{"href":"https:\/\/ipoweb.bruxelles.be\/cefa\/wp-json\/wp\/v2\/media?parent=108"}],"curies":[{"name":"wp","href":"https:\/\/api.w.org\/{rel}","templated":true}]}}