{"id":33,"date":"2022-06-22T17:53:00","date_gmt":"2022-06-22T15:53:00","guid":{"rendered":"http:\/\/ipoweb.bruxelles.be\/cefa\/?page_id=33"},"modified":"2025-06-30T10:02:35","modified_gmt":"2025-06-30T08:02:35","slug":"presentation","status":"publish","type":"page","link":"https:\/\/ipoweb.bruxelles.be\/cefa\/quelques-questions\/presentation\/","title":{"rendered":"Pr\u00e9sentation"},"content":{"rendered":"\n<div class=\"wp-block-group alignwide is-layout-flow wp-block-group-is-layout-flow\"><div class=\"wp-block-group__inner-container\">\n<div class=\"wp-block-group alignwide has-background is-layout-flow wp-block-group-is-layout-flow\" style=\"background-color:#fff275\"><div class=\"wp-block-group__inner-container\">\n<div class=\"wp-block-media-text alignwide is-stacked-on-mobile is-style-default has-primary-color has-subtle-background-background-color has-text-color has-background\" style=\"grid-template-columns:34% auto\"><figure class=\"wp-block-media-text__media\"><img decoding=\"async\" src=\"http:\/\/ipoweb.bruxelles.be\/cefa\/wp-content\/uploads\/2022\/06\/1.jpg\" alt=\"\" class=\"wp-image-575 size-full\"\/><\/figure><div class=\"wp-block-media-text__content\">\n<figure class=\"wp-block-image size-full is-resized\"><img decoding=\"async\" loading=\"lazy\" width=\"497\" height=\"242\" src=\"https:\/\/ipoweb.bruxelles.be\/cefa\/wp-content\/uploads\/2025\/06\/CEFA-Copie-site1.webp\" alt=\"\" class=\"wp-image-1417\" srcset=\"https:\/\/ipoweb.bruxelles.be\/cefa\/wp-content\/uploads\/2025\/06\/CEFA-Copie-site1.webp 497w, https:\/\/ipoweb.bruxelles.be\/cefa\/wp-content\/uploads\/2025\/06\/CEFA-Copie-site1-300x146.webp 300w\" sizes=\"(max-width: 497px) 100vw, 497px\" \/><\/figure>\n<\/div><\/div>\n\n\n\n<p class=\"has-primary-color has-subtle-background-background-color has-text-color has-background\">Le&nbsp;<strong>CEFA<\/strong>&nbsp;(Centre d\u2019\u00c9ducation et de Formation en Alternance) de <strong>Bruxelles-Ville<\/strong>&nbsp;est un \u00e9tablissement d\u2019enseignement professionnel de qualification de la Ville de Bruxelles. Le&nbsp;<strong>CEFA <\/strong>de <strong>Bruxelles-Ville<\/strong>&nbsp;propose donc uniquement des formations en alternance : 2 jours \/ semaine au CEFA et 3 jours \/ semaine en entreprise.<\/p>\n\n\n\n<h3 class=\"wp-block-heading has-primary-color has-luminous-vivid-amber-to-luminous-vivid-orange-gradient-background has-text-color has-background\">Options et formations<\/h3>\n\n\n\n<p class=\"has-primary-color has-subtle-background-background-color has-text-color has-background\" style=\"font-size:22px;line-height:1.1\"><strong><strong><u>Article 45<\/u><\/strong>&nbsp;<\/strong><\/p>\n\n\n\n<ul>\n<li>Aide-\u00e9lectricien\u00b7ne ;<\/li>\n\n\n\n<li>Auxiliaire de magasin ;<\/li>\n\n\n\n<li>Aide-m\u00e9canicien\u00b7ne cycles et petits moteurs ;<\/li>\n\n\n\n<li>Premier\u00b7e commis de cuisine ;<\/li>\n\n\n\n<li>Monteur\u00b7se en sanitaire<\/li>\n<\/ul>\n\n\n\n<p class=\"has-primary-color has-subtle-background-background-color has-text-color has-background\" style=\"font-size:22px;line-height:1.1\"><strong><u>Article 49<\/u>&nbsp;<\/strong><\/p>\n\n\n\n<h2 class=\"wp-block-heading has-normal-font-size\">                                        <strong>En 3<sup>\u00e8me<\/sup> professionnelle&nbsp;<\/strong>:<\/h2>\n\n\n\n<ul>\n<li>Coiffeur\u00b7euse<\/li>\n<\/ul>\n\n\n\n<div class=\"wp-block-columns is-layout-flex wp-container-3 wp-block-columns-is-layout-flex\">\n<div class=\"wp-block-column is-layout-flow wp-block-column-is-layout-flow\">\n<h2 class=\"wp-block-heading has-text-align-center has-normal-font-size\"><strong>En 4\u00e8me, 5\u00e8me et 6\u00e8me professionnelles<\/strong><\/h2>\n\n\n\n<ul>\n<li>Collaborateur\u00b7rice administratif\u00b7ive ;<\/li>\n\n\n\n<li>Carrossier\u00b7\u00e8re ;<\/li>\n\n\n\n<li>Cuisinier\u00b7\u00e8re de collectivit\u00e9 ;<\/li>\n\n\n\n<li>Vendeur\u00b7euse ;<\/li>\n\n\n\n<li>Monteur\u00b7euse en chauffage et sanitaire<\/li>\n\n\n\n<li>Coiffeur\u00b7euse;<\/li>\n\n\n\n<li>Installateur\u00b7rice \u00e9lectricien\u00b7ne<\/li>\n\n\n\n<li>M\u00e9canicien\u00b7ne d\u2019entretien automobile ;<\/li>\n<\/ul>\n<\/div>\n\n\n\n<div class=\"wp-block-column is-layout-flow wp-block-column-is-layout-flow\">\n<h2 class=\"wp-block-heading has-text-align-center has-medium-font-size\"><strong>En 7\u00e8me professionnelle<\/strong><\/h2>\n\n\n\n<ul>\n<li>Coiffeur\u00b7euse manager ;<\/li>\n\n\n\n<li>Gestionnaire de tr\u00e8s petites entreprises ;<\/li>\n\n\n\n<li>M\u00e9canicien\u00b7ne des moteurs diesels et engins hydrauliques ;<\/li>\n\n\n\n<li>Collaborateur\u00b7rice administratif\u00b7ive;<\/li>\n\n\n\n<li>Chef de cuisine de collectivit\u00e9 ;<\/li>\n\n\n\n<li>Carrossier\u00b7\u00e8re sp\u00e9cialis\u00e9\u00b7e ;<\/li>\n\n\n\n<li>Installateur .trice en chauffage central<\/li>\n\n\n\n<li>Compl\u00e9ment en maintenance d\u2019\u00e9quipements techniques ;<\/li>\n<\/ul>\n<\/div>\n<\/div>\n\n\n\n<h3 class=\"wp-block-heading has-primary-color has-luminous-vivid-amber-to-luminous-vivid-orange-gradient-background has-text-color has-background\">Particularit\u00e9 p\u00e9dagogique<\/h3>\n\n\n\n<p class=\"has-primary-color has-subtle-background-background-color has-text-color has-background\"><strong>2 jours \/ semaine au CEFA<\/strong>&nbsp;:<br> Tu suis des cours g\u00e9n\u00e9raux (fran\u00e7ais, math\u00e9matiques, etc.) et des cours de formation professionnelle (coiffure, m\u00e9canique, restauration, etc.). Quand tu as termin\u00e9 et r\u00e9ussi ta formation, tu re\u00e7ois des certifications reconnues par la Communaut\u00e9 fran\u00e7aise. <\/p>\n\n\n\n<p class=\"has-primary-color has-subtle-background-background-color has-text-color has-background\"><strong>3 jours \/ semaine en entreprise<\/strong>&nbsp;:<br>En travaillant 3 jours\/semaine, tu t\u2019exerces concr\u00e8tement \u00e0 faire ce que tu as appris \u00e0 l\u2019\u00e9cole, et tu apprends de nouvelles facettes de ton m\u00e9tier. \u00c7a te permet de v\u00e9rifier que tu as choisi la bonne orientation et te donne une premi\u00e8re exp\u00e9rience du monde professionnel. En entreprise, tu es guid\u00e9 pendant tout ton parcours par un tuteur qui s\u2019assure du bon d\u00e9roulement de ta formation. Cette premi\u00e8re exp\u00e9rience dans le milieu professionnel sera r\u00e9mun\u00e9r\u00e9e en fonction de ton \u00e2ge et de ton niveau de formation. <\/p>\n\n\n\n<div class=\"wp-block-buttons is-layout-flex wp-block-buttons-is-layout-flex\">\n<div class=\"wp-block-button\"><a class=\"wp-block-button__link has-subtle-background-color has-midnight-gradient-background has-text-color has-background wp-element-button\" href=\"http:\/\/ipoweb.bruxelles.be\/cefa\/quelques-questions\/\" target=\"_blank\" rel=\"noreferrer noopener\"><strong>Cong\u00e9s scolaires <\/strong><strong>  2025 &#8211; 2026<\/strong><\/a><\/div>\n<\/div>\n<\/div><\/div>\n<\/div><\/div>\n","protected":false},"excerpt":{"rendered":"<p>Le&nbsp;CEFA&nbsp;(Centre d\u2019\u00c9ducation et de Formation en Alternance) de Bruxelles-Ville&nbsp;est un \u00e9tablissement d\u2019enseignement professionnel de qualification de la Ville de Bruxelles. Le&nbsp;CEFA de Bruxelles-Ville&nbsp;propose donc uniquement des formations en alternance : 2 jours \/ semaine au CEFA et 3 jours \/ semaine en entreprise. Options et formations Article 45&nbsp; Article 49&nbsp; En 3\u00e8me professionnelle&nbsp;: En 4\u00e8me,&hellip;<\/p>\n","protected":false},"author":2,"featured_media":224,"parent":643,"menu_order":-51,"comment_status":"closed","ping_status":"closed","template":"tw-no-title.php","meta":{"footnotes":""},"_links":{"self":[{"href":"https:\/\/ipoweb.bruxelles.be\/cefa\/wp-json\/wp\/v2\/pages\/33"}],"collection":[{"href":"https:\/\/ipoweb.bruxelles.be\/cefa\/wp-json\/wp\/v2\/pages"}],"about":[{"href":"https:\/\/ipoweb.bruxelles.be\/cefa\/wp-json\/wp\/v2\/types\/page"}],"author":[{"embeddable":true,"href":"https:\/\/ipoweb.bruxelles.be\/cefa\/wp-json\/wp\/v2\/users\/2"}],"replies":[{"embeddable":true,"href":"https:\/\/ipoweb.bruxelles.be\/cefa\/wp-json\/wp\/v2\/comments?post=33"}],"version-history":[{"count":55,"href":"https:\/\/ipoweb.bruxelles.be\/cefa\/wp-json\/wp\/v2\/pages\/33\/revisions"}],"predecessor-version":[{"id":1497,"href":"https:\/\/ipoweb.bruxelles.be\/cefa\/wp-json\/wp\/v2\/pages\/33\/revisions\/1497"}],"up":[{"embeddable":true,"href":"https:\/\/ipoweb.bruxelles.be\/cefa\/wp-json\/wp\/v2\/pages\/643"}],"wp:featuredmedia":[{"embeddable":true,"href":"https:\/\/ipoweb.bruxelles.be\/cefa\/wp-json\/wp\/v2\/media\/224"}],"wp:attachment":[{"href":"https:\/\/ipoweb.bruxelles.be\/cefa\/wp-json\/wp\/v2\/media?parent=33"}],"curies":[{"name":"wp","href":"https:\/\/api.w.org\/{rel}","templated":true}]}}