{"id":66,"date":"2021-04-04T12:57:04","date_gmt":"2021-04-04T10:57:04","guid":{"rendered":"http:\/\/ipoweb.bruxelles.be\/changedecap\/?page_id=66"},"modified":"2021-04-12T22:52:53","modified_gmt":"2021-04-12T20:52:53","slug":"bien-etre","status":"publish","type":"page","link":"https:\/\/ipoweb.bruxelles.be\/changedecap\/bien-etre\/","title":{"rendered":"Bien-\u00eatre"},"content":{"rendered":"\n<div class=\"wp-block-group alignfull has-background\" style=\"background:linear-gradient(0deg,rgb(134,214,199) 0%,rgb(52,175,189) 100%)\"><div class=\"wp-block-group__inner-container is-layout-flow wp-block-group-is-layout-flow\">\n<div class=\"wp-block-columns alignwide tw-gutter-large tw-cols-stack-md has-text-align-center is-layout-flex wp-container-7 wp-block-columns-is-layout-flex\">\n<div class=\"wp-block-column is-layout-flow wp-block-column-is-layout-flow\">\n<p class=\"tw-mb-4 has-accent-color has-text-color\" style=\"font-size:48px;line-height:1.2\">Coiffure<\/p>\n\n\n\n<hr class=\"wp-block-separator has-text-color has-background has-accent-background-color has-accent-color tw-mb-0 tw-mt-0 is-style-tw-short\"\/>\n\n\n\n<h3 class=\"tw-mt-4 has-accent-color has-text-color has-h-5-font-size wp-block-heading\">En journ\u00e9e<br>\u00c0 l&rsquo;Institut Jeanne Toussaint<\/h3>\n\n\n\n<p class=\"has-accent-color has-text-color\">Notre enseignement de la coiffure est modulaire : vous pouvez choisir entre la formule acc\u00e9l\u00e9r\u00e9e ou d\u00e9cider d\u2019\u00e9taler votre formation en fonction de votre organisation personnelle et\/ou professionnelle.<\/p>\n\n\n\n<div class=\"wp-block-buttons is-content-justification-center is-layout-flex wp-block-buttons-is-layout-flex\">\n<div class=\"wp-block-button\"><a class=\"wp-block-button__link has-text-color\" href=\"https:\/\/jeannetoussaint.be\/nos-cours\/coiffure\/\" style=\"color:#4b9fa8\">PlUs d&rsquo;informations<\/a><\/div>\n<\/div>\n<\/div>\n\n\n\n<div class=\"wp-block-column is-layout-flow wp-block-column-is-layout-flow\">\n<p class=\"tw-mb-4 has-accent-color has-text-color\" style=\"font-size:48px;line-height:1.2\">Esth\u00e9tique<\/p>\n\n\n\n<hr class=\"wp-block-separator has-text-color has-background has-accent-background-color has-accent-color tw-mb-0 tw-mt-0 is-style-tw-short\"\/>\n\n\n\n<h3 class=\"tw-mt-4 has-accent-color has-text-color has-h-5-font-size wp-block-heading\">En journ\u00e9e<br>\u00c0 l&rsquo;Institut Jeanne Toussaint<\/h3>\n\n\n\n<p class=\"has-accent-color has-text-color\">Par l\u2019apprentissage th\u00e9orique, vous apprendrez l\u2019anatomie, la biologie, la peau et ses caract\u00e9ristiques, mais \u00e9galement des techniques de vente, les r\u00e8gles d\u2019hygi\u00e8ne indispensables au m\u00e9tier, les techniques de soins, etc. Les cours de pratique \u00e0 l\u2019\u00e9cole vous permettent d\u2019int\u00e9grer les gestes professionnels des soins esth\u00e9tiques.<\/p>\n\n\n\n<div class=\"wp-block-buttons is-content-justification-center is-layout-flex wp-block-buttons-is-layout-flex\">\n<div class=\"wp-block-button\"><a class=\"wp-block-button__link has-text-color\" href=\"https:\/\/jeannetoussaint.be\/nos-cours\/esthetique\/\" style=\"color:#4b9fa8\">PlUs d&rsquo;informations<\/a><\/div>\n<\/div>\n<\/div>\n\n\n\n<div class=\"wp-block-column is-layout-flow wp-block-column-is-layout-flow\">\n<p class=\"tw-mb-4 has-accent-color has-text-color\" style=\"font-size:48px;line-height:1.2\">Bijouterie<\/p>\n\n\n\n<hr class=\"wp-block-separator has-text-color has-background has-accent-background-color has-accent-color tw-mb-0 tw-mt-0 is-style-tw-short\"\/>\n\n\n\n<h3 class=\"tw-mt-4 has-accent-color has-text-color has-h-5-font-size wp-block-heading\">En journ\u00e9e ou en soir\u00e9e<br>\u00c0 l&rsquo;Institut Jeanne Toussaint<\/h3>\n\n\n\n<p class=\"has-accent-color has-text-color\">Nous comptons cinq sections diff\u00e9rentes en bijouterie correspondant \u00e0 un m\u00e9tier sp\u00e9cifique de bijoutier: Fonte Inject\u00e9e, Bijouterie-Joaillerie, \u00c9mail, Bijouterie Contemporaine et&nbsp; Sertissage.<\/p>\n\n\n\n<div class=\"wp-block-buttons is-content-justification-center is-layout-flex wp-block-buttons-is-layout-flex\">\n<div class=\"wp-block-button\"><a class=\"wp-block-button__link has-text-color\" href=\"https:\/\/jeannetoussaint.be\/nos-cours\/bijouterie\/\" style=\"color:#4b9fa8\" target=\"_blank\" rel=\"noreferrer noopener\">Plus d&rsquo;Informations<\/a><\/div>\n<\/div>\n<\/div>\n<\/div>\n\n\n\n<div class=\"wp-block-columns alignwide tw-gutter-large tw-cols-stack-sm has-text-align-center is-layout-flex wp-container-12 wp-block-columns-is-layout-flex\">\n<div class=\"wp-block-column is-layout-flow wp-block-column-is-layout-flow\" style=\"--col-width:50%;flex-basis:50%\">\n<p class=\"tw-mb-4 has-accent-color has-text-color\" style=\"font-size:48px;line-height:1.2\">P\u00e9dicure sp\u00e9cialis\u00e9e<\/p>\n\n\n\n<hr class=\"wp-block-separator has-text-color has-background has-accent-background-color has-accent-color tw-mb-0 tw-mt-0 is-style-tw-short\"\/>\n\n\n\n<h3 class=\"tw-mt-4 has-accent-color has-text-color has-h-5-font-size wp-block-heading\">En journ\u00e9e<br>\u00c0 l&rsquo;Institut Jeanne Toussaint<\/h3>\n\n\n\n<p class=\"has-accent-color has-text-color\">Le m\u00e9tier de p\u00e9dicure m\u00e9dicale consiste \u00e0 r\u00e9aliser des soins approfondis des pieds et des ongles afin d\u2019apporter du bien-\u00eatre et un soulagement au patient.<\/p>\n\n\n\n<div class=\"wp-block-buttons is-content-justification-center is-layout-flex wp-block-buttons-is-layout-flex\">\n<div class=\"wp-block-button\"><a class=\"wp-block-button__link has-text-color\" href=\"https:\/\/jeannetoussaint.be\/nos-cours\/pedicure\/\" style=\"color:#4b9fa8\">PlUs d&rsquo;informations<\/a><\/div>\n<\/div>\n<\/div>\n\n\n\n<div class=\"wp-block-column is-layout-flow wp-block-column-is-layout-flow\" style=\"--col-width:50%;flex-basis:50%\">\n<p class=\"tw-mb-4 has-accent-color has-text-color\" style=\"font-size:48px;line-height:1.2\">Habillement<\/p>\n\n\n\n<hr class=\"wp-block-separator has-text-color has-background has-accent-background-color has-accent-color tw-mb-0 tw-mt-0 is-style-tw-short\"\/>\n\n\n\n<h3 class=\"tw-mt-4 has-accent-color has-text-color has-h-5-font-size wp-block-heading\">En journ\u00e9e<br>\u00c0 l&rsquo;Institut Jeanne Toussaint<\/h3>\n\n\n\n<p class=\"has-accent-color has-text-color\">Les m\u00e9tiers de la couture et de la confection ont la c\u00f4te! Qui ne voudrait pas pouvoir r\u00e9aliser soi-m\u00eame son petit chemisier adapt\u00e9 \u00e0 sa taille et \u00e0 sa morphologie?<\/p>\n\n\n\n<div class=\"wp-block-buttons is-content-justification-center is-layout-flex wp-block-buttons-is-layout-flex\">\n<div class=\"wp-block-button\"><a class=\"wp-block-button__link has-text-color\" href=\"https:\/\/jeannetoussaint.be\/nos-cours\/habillement\/\" style=\"color:#4b9fa8\">PlUs d&rsquo;informations<\/a><\/div>\n<\/div>\n<\/div>\n<\/div>\n\n\n\n<p><\/p>\n<\/div><\/div>\n\n\n\n<p><\/p>\n","protected":false},"excerpt":{"rendered":"<p>Coiffure En journ\u00e9e\u00c0 l&rsquo;Institut Jeanne Toussaint Notre enseignement de la coiffure est modulaire : vous pouvez choisir entre la formule acc\u00e9l\u00e9r\u00e9e ou d\u00e9cider d\u2019\u00e9taler votre formation en fonction de votre organisation personnelle et\/ou professionnelle. Esth\u00e9tique En journ\u00e9e\u00c0 l&rsquo;Institut Jeanne Toussaint Par l\u2019apprentissage th\u00e9orique, vous apprendrez l\u2019anatomie, la biologie, la peau et ses caract\u00e9ristiques, mais \u00e9galement&hellip;<\/p>\n","protected":false},"author":1,"featured_media":0,"parent":0,"menu_order":0,"comment_status":"closed","ping_status":"closed","template":"tw-header-transparent.php","meta":{"footnotes":""},"_links":{"self":[{"href":"https:\/\/ipoweb.bruxelles.be\/changedecap\/wp-json\/wp\/v2\/pages\/66"}],"collection":[{"href":"https:\/\/ipoweb.bruxelles.be\/changedecap\/wp-json\/wp\/v2\/pages"}],"about":[{"href":"https:\/\/ipoweb.bruxelles.be\/changedecap\/wp-json\/wp\/v2\/types\/page"}],"author":[{"embeddable":true,"href":"https:\/\/ipoweb.bruxelles.be\/changedecap\/wp-json\/wp\/v2\/users\/1"}],"replies":[{"embeddable":true,"href":"https:\/\/ipoweb.bruxelles.be\/changedecap\/wp-json\/wp\/v2\/comments?post=66"}],"version-history":[{"count":41,"href":"https:\/\/ipoweb.bruxelles.be\/changedecap\/wp-json\/wp\/v2\/pages\/66\/revisions"}],"predecessor-version":[{"id":307,"href":"https:\/\/ipoweb.bruxelles.be\/changedecap\/wp-json\/wp\/v2\/pages\/66\/revisions\/307"}],"wp:attachment":[{"href":"https:\/\/ipoweb.bruxelles.be\/changedecap\/wp-json\/wp\/v2\/media?parent=66"}],"curies":[{"name":"wp","href":"https:\/\/api.w.org\/{rel}","templated":true}]}}