{"id":68,"date":"2021-04-04T12:58:07","date_gmt":"2021-04-04T10:58:07","guid":{"rendered":"http:\/\/ipoweb.bruxelles.be\/changedecap\/?page_id=68"},"modified":"2024-07-19T12:44:41","modified_gmt":"2024-07-19T10:44:41","slug":"creation","status":"publish","type":"page","link":"https:\/\/ipoweb.bruxelles.be\/changedecap\/creation\/","title":{"rendered":"Cr\u00e9ation"},"content":{"rendered":"\n<div class=\"wp-block-group alignfull has-background is-layout-flow wp-block-group-is-layout-flow\" style=\"background:linear-gradient(0deg,rgb(131,59,182) 0%,rgb(151,95,204) 100%)\"><div class=\"wp-block-group__inner-container\">\n<div class=\"wp-block-columns alignwide has-text-align-center tw-cols-stack-md is-layout-flex wp-container-7 wp-block-columns-is-layout-flex\">\n<div class=\"wp-block-column is-layout-flow wp-block-column-is-layout-flow\">\n<h3 class=\"wp-block-heading has-accent-color has-text-color has-h-3-font-size\" style=\"line-height:1\">Photographe<\/h3>\n\n\n\n<hr class=\"wp-block-separator has-text-color has-accent-color has-css-opacity has-accent-background-color has-background tw-mb-0 tw-mt-0 is-style-tw-short\"\/>\n\n\n\n<p class=\"tw-mt-4 has-accent-color has-text-color has-h-5-font-size\" style=\"line-height:1.5\"><strong>\u00c0 l&rsquo;\u00c9cole de Photographie et de Techniques Visuelles Agn\u00e8s Varda<\/strong><\/p>\n\n\n\n<div class=\"wp-block-buttons is-horizontal is-content-justification-center is-layout-flex wp-container-1 wp-block-buttons-is-layout-flex\">\n<div class=\"wp-block-button\"><a class=\"wp-block-button__link has-text-color wp-element-button\" href=\"https:\/\/www.ecoledephoto.be\/\" style=\"color:#aa65db\">Plus d&rsquo;informations<\/a><\/div>\n<\/div>\n<\/div>\n\n\n\n<div class=\"wp-block-column is-layout-flow wp-block-column-is-layout-flow\">\n<h3 class=\"wp-block-heading has-accent-color has-text-color has-h-3-font-size\" style=\"line-height:1\">Vid\u00e9aste<\/h3>\n\n\n\n<hr class=\"wp-block-separator has-text-color has-accent-color has-css-opacity has-accent-background-color has-background tw-mb-0 tw-mt-0 is-style-tw-short\"\/>\n\n\n\n<p class=\"tw-mt-4 has-accent-color has-text-color has-h-5-font-size\" style=\"line-height:1.5\"><strong>\u00c0 l&rsquo;\u00c9cole de Photographie et de Techniques Visuelles Agn\u00e8s Varda<\/strong><\/p>\n\n\n\n<div class=\"wp-block-buttons is-horizontal is-content-justification-center is-layout-flex wp-container-3 wp-block-buttons-is-layout-flex\">\n<div class=\"wp-block-button\"><a class=\"wp-block-button__link has-text-color wp-element-button\" href=\"https:\/\/www.ecoledephoto.be\/\" style=\"color:#aa65db\">Plus d&rsquo;informations<\/a><\/div>\n<\/div>\n<\/div>\n\n\n\n<div class=\"wp-block-column is-layout-flow wp-block-column-is-layout-flow\">\n<h3 class=\"wp-block-heading has-accent-color has-text-color has-h-3-font-size\" style=\"line-height:1\">\u00c9talonnage<\/h3>\n\n\n\n<hr class=\"wp-block-separator has-text-color has-accent-color has-css-opacity has-accent-background-color has-background tw-mb-0 tw-mt-0 is-style-tw-short\"\/>\n\n\n\n<p class=\"tw-mt-4 has-accent-color has-text-color has-h-5-font-size\" style=\"line-height:1.5\"><strong>\u00c0 l&rsquo;\u00c9cole de Photographie et de Techniques Visuelles Agn\u00e8s Varda<\/strong><\/p>\n\n\n\n<div class=\"wp-block-buttons is-horizontal is-content-justification-center is-layout-flex wp-container-5 wp-block-buttons-is-layout-flex\">\n<div class=\"wp-block-button\"><a class=\"wp-block-button__link has-text-color wp-element-button\" href=\"https:\/\/www.ecoledephoto.be\/\" style=\"color:#aa65db\">Plus d&rsquo;informations<\/a><\/div>\n<\/div>\n<\/div>\n<\/div>\n\n\n\n<div class=\"wp-block-columns alignwide has-text-align-center tw-cols-stack-md is-layout-flex wp-container-14 wp-block-columns-is-layout-flex\">\n<div class=\"wp-block-column is-layout-flow wp-block-column-is-layout-flow\">\n<h3 class=\"wp-block-heading has-accent-color has-text-color has-h-3-font-size\" style=\"line-height:1\">Community Manager<\/h3>\n\n\n\n<hr class=\"wp-block-separator has-text-color has-accent-color has-css-opacity has-accent-background-color has-background tw-mb-0 tw-mt-0 is-style-tw-short\"\/>\n\n\n\n<p class=\"tw-mt-4 has-accent-color has-text-color has-h-5-font-size\" style=\"line-height:1.5\"><strong>\u00c0 l&rsquo;\u00c9cole de Photographie et de Techniques Visuelles Agn\u00e8s Varda<\/strong><\/p>\n\n\n\n<div class=\"wp-block-buttons is-horizontal is-content-justification-center is-layout-flex wp-container-8 wp-block-buttons-is-layout-flex\">\n<div class=\"wp-block-button\"><a class=\"wp-block-button__link has-text-color wp-element-button\" href=\"https:\/\/www.ecoledephoto.be\/\" style=\"color:#aa65db\">Plus d&rsquo;informations<\/a><\/div>\n<\/div>\n<\/div>\n\n\n\n<div class=\"wp-block-column is-layout-flow wp-block-column-is-layout-flow\">\n<h3 class=\"wp-block-heading has-accent-color has-text-color has-h-3-font-size\" style=\"line-height:1\">Photoshop<\/h3>\n\n\n\n<hr class=\"wp-block-separator has-text-color has-accent-color has-css-opacity has-accent-background-color has-background tw-mb-0 tw-mt-0 is-style-tw-short\"\/>\n\n\n\n<p class=\"tw-mt-4 has-accent-color has-text-color has-h-5-font-size\" style=\"line-height:1.5\"><strong>\u00c0 l&rsquo;\u00c9cole de Photographie et de Techniques Visuelles Agn\u00e8s Varda<\/strong><\/p>\n\n\n\n<div class=\"wp-block-buttons is-horizontal is-content-justification-center is-layout-flex wp-container-10 wp-block-buttons-is-layout-flex\">\n<div class=\"wp-block-button\"><a class=\"wp-block-button__link has-text-color wp-element-button\" href=\"https:\/\/www.ecoledephoto.be\/\" style=\"color:#aa65db\">Plus d&rsquo;informations<\/a><\/div>\n<\/div>\n<\/div>\n\n\n\n<div class=\"wp-block-column is-layout-flow wp-block-column-is-layout-flow\">\n<h3 class=\"wp-block-heading has-accent-color has-text-color has-h-3-font-size\" style=\"line-height:1\">Laboratoire argentique<\/h3>\n\n\n\n<hr class=\"wp-block-separator has-text-color has-accent-color has-css-opacity has-accent-background-color has-background tw-mb-0 tw-mt-0 is-style-tw-short\"\/>\n\n\n\n<p class=\"tw-mt-4 has-accent-color has-text-color has-h-5-font-size\" style=\"line-height:1.5\"><strong>\u00c0 l&rsquo;\u00c9cole de Photographie et de Techniques Visuelles Agn\u00e8s Varda<\/strong><\/p>\n\n\n\n<div class=\"wp-block-buttons is-horizontal is-content-justification-center is-layout-flex wp-container-12 wp-block-buttons-is-layout-flex\">\n<div class=\"wp-block-button\"><a class=\"wp-block-button__link has-text-color wp-element-button\" href=\"https:\/\/www.ecoledephoto.be\/\" style=\"color:#aa65db\">Plus d&rsquo;informations<\/a><\/div>\n<\/div>\n<\/div>\n<\/div>\n\n\n\n<div class=\"wp-block-columns alignwide has-text-align-center tw-cols-stack-md is-layout-flex wp-container-21 wp-block-columns-is-layout-flex\">\n<div class=\"wp-block-column is-layout-flow wp-block-column-is-layout-flow\">\n<h3 class=\"wp-block-heading has-accent-color has-text-color has-h-3-font-size\" style=\"line-height:1\">Cr\u00e9ation d&rsquo;int\u00e9rieur<\/h3>\n\n\n\n<hr class=\"wp-block-separator has-text-color has-accent-color has-css-opacity has-accent-background-color has-background tw-mb-0 tw-mt-0 is-style-tw-short\"\/>\n\n\n\n<p class=\"tw-mt-4 has-accent-color has-text-color has-h-5-font-size\" style=\"line-height:1.5\"><strong>\u00c0 l&rsquo;Institut Paul Hankar<\/strong><\/p>\n\n\n\n<div class=\"wp-block-buttons is-horizontal is-content-justification-center is-layout-flex wp-container-15 wp-block-buttons-is-layout-flex\">\n<div class=\"wp-block-button\"><a class=\"wp-block-button__link has-text-color wp-element-button\" href=\"https:\/\/www.paulhankar.be\/\" style=\"color:#aa65db\">Plus d&rsquo;informations<\/a><\/div>\n<\/div>\n<\/div>\n\n\n\n<div class=\"wp-block-column is-layout-flow wp-block-column-is-layout-flow\">\n<h3 class=\"wp-block-heading has-accent-color has-text-color has-h-3-font-size\" style=\"line-height:1\">Webdesigner<\/h3>\n\n\n\n<hr class=\"wp-block-separator has-text-color has-accent-color has-css-opacity has-accent-background-color has-background tw-mb-0 tw-mt-0 is-style-tw-short\"\/>\n\n\n\n<p class=\"tw-mt-4 has-accent-color has-text-color has-h-5-font-size\" style=\"line-height:1.5\"><strong><strong>\u00c0 l&rsquo;Institut Paul Hankar<\/strong><\/strong><\/p>\n\n\n\n<div class=\"wp-block-buttons is-horizontal is-content-justification-center is-layout-flex wp-container-17 wp-block-buttons-is-layout-flex\">\n<div class=\"wp-block-button\"><a class=\"wp-block-button__link has-text-color wp-element-button\" href=\"https:\/\/www.paulhankar.be\/\" style=\"color:#aa65db\">Plus d&rsquo;informations<\/a><\/div>\n<\/div>\n<\/div>\n\n\n\n<div class=\"wp-block-column is-layout-flow wp-block-column-is-layout-flow\">\n<h3 class=\"wp-block-heading has-accent-color has-text-color has-h-3-font-size\" style=\"line-height:1\">Webdevelopper<\/h3>\n\n\n\n<hr class=\"wp-block-separator has-text-color has-accent-color has-css-opacity has-accent-background-color has-background tw-mb-0 tw-mt-0 is-style-tw-short\"\/>\n\n\n\n<p class=\"tw-mt-4 has-accent-color has-text-color has-h-5-font-size\" style=\"line-height:1.5\"><strong><strong>\u00c0 l&rsquo;Institut Paul Hankar<\/strong><\/strong><\/p>\n\n\n\n<div class=\"wp-block-buttons is-horizontal is-content-justification-center is-layout-flex wp-container-19 wp-block-buttons-is-layout-flex\">\n<div class=\"wp-block-button\"><a class=\"wp-block-button__link has-text-color wp-element-button\" href=\"https:\/\/www.paulhankar.be\/\" style=\"color:#aa65db\">Plus d&rsquo;informations<\/a><\/div>\n<\/div>\n<\/div>\n<\/div>\n\n\n\n<div class=\"wp-block-columns alignwide has-text-align-center tw-cols-stack-md is-layout-flex wp-container-26 wp-block-columns-is-layout-flex\">\n<div class=\"wp-block-column is-layout-flow wp-block-column-is-layout-flow\">\n<h3 class=\"wp-block-heading has-accent-color has-text-color has-h-3-font-size\" style=\"line-height:1\">Relieur<\/h3>\n\n\n\n<hr class=\"wp-block-separator has-text-color has-accent-color has-css-opacity has-accent-background-color has-background tw-mb-0 tw-mt-0 is-style-tw-short\"\/>\n\n\n\n<p class=\"tw-mt-4 has-accent-color has-text-color has-h-5-font-size\" style=\"line-height:1.5\"><strong>\u00c0 l&rsquo;Institut Paul Hankar<\/strong><\/p>\n\n\n\n<div class=\"wp-block-buttons is-horizontal is-content-justification-center is-layout-flex wp-container-22 wp-block-buttons-is-layout-flex\">\n<div class=\"wp-block-button\"><a class=\"wp-block-button__link has-text-color wp-element-button\" href=\"https:\/\/www.paulhankar.be\/\" style=\"color:#aa65db\">Plus d&rsquo;informations<\/a><\/div>\n<\/div>\n<\/div>\n\n\n\n<div class=\"wp-block-column is-layout-flow wp-block-column-is-layout-flow\">\n<h3 class=\"wp-block-heading has-accent-color has-text-color has-h-3-font-size\" style=\"line-height:1\">Peintre<\/h3>\n\n\n\n<hr class=\"wp-block-separator has-text-color has-accent-color has-css-opacity has-accent-background-color has-background tw-mb-0 tw-mt-0 is-style-tw-short\"\/>\n\n\n\n<p class=\"tw-mt-4 has-accent-color has-text-color has-h-5-font-size\" style=\"line-height:1.5\"><strong><strong>\u00c0 l&rsquo;Institut Paul Hankar<\/strong><\/strong><\/p>\n\n\n\n<div class=\"wp-block-buttons is-horizontal is-content-justification-center is-layout-flex wp-container-24 wp-block-buttons-is-layout-flex\">\n<div class=\"wp-block-button\"><a class=\"wp-block-button__link has-text-color wp-element-button\" href=\"https:\/\/www.paulhankar.be\/\" style=\"color:#aa65db\">Plus d&rsquo;informations<\/a><\/div>\n<\/div>\n<\/div>\n<\/div>\n\n\n\n<div class=\"wp-block-columns alignwide has-text-align-center tw-cols-stack-md is-layout-flex wp-container-31 wp-block-columns-is-layout-flex\">\n<div class=\"wp-block-column is-layout-flow wp-block-column-is-layout-flow\">\n<h3 class=\"wp-block-heading has-accent-color has-text-color has-h-3-font-size\" style=\"line-height:1\">\u00c9b\u00e9niste<\/h3>\n\n\n\n<hr class=\"wp-block-separator has-text-color has-accent-color has-css-opacity has-accent-background-color has-background tw-mb-0 tw-mt-0 is-style-tw-short\"\/>\n\n\n\n<p class=\"tw-mt-4 has-accent-color has-text-color has-h-5-font-size\" style=\"line-height:1.5\"><strong>\u00c0 l&rsquo;Institut Paul Hankar<\/strong><\/p>\n\n\n\n<div class=\"wp-block-buttons is-horizontal is-content-justification-center is-layout-flex wp-container-27 wp-block-buttons-is-layout-flex\">\n<div class=\"wp-block-button\"><a class=\"wp-block-button__link has-text-color wp-element-button\" href=\"https:\/\/www.paulhankar.be\/\" style=\"color:#aa65db\">Plus d&rsquo;informations<\/a><\/div>\n<\/div>\n<\/div>\n\n\n\n<div class=\"wp-block-column is-layout-flow wp-block-column-is-layout-flow\">\n<h3 class=\"wp-block-heading has-accent-color has-text-color has-h-3-font-size\" style=\"line-height:1\">Doreur<\/h3>\n\n\n\n<hr class=\"wp-block-separator has-text-color has-accent-color has-css-opacity has-accent-background-color has-background tw-mb-0 tw-mt-0 is-style-tw-short\"\/>\n\n\n\n<p class=\"tw-mt-4 has-accent-color has-text-color has-h-5-font-size\" style=\"line-height:1.5\"><strong><strong>\u00c0 l&rsquo;Institut Paul Hankar<\/strong><\/strong><\/p>\n\n\n\n<div class=\"wp-block-buttons is-horizontal is-content-justification-center is-layout-flex wp-container-29 wp-block-buttons-is-layout-flex\">\n<div class=\"wp-block-button\"><a class=\"wp-block-button__link has-text-color wp-element-button\" href=\"https:\/\/www.paulhankar.be\/\" style=\"color:#aa65db\">Plus d&rsquo;informations<\/a><\/div>\n<\/div>\n<\/div>\n<\/div>\n\n\n\n<div class=\"wp-block-columns alignwide has-text-align-center tw-cols-stack-md is-layout-flex wp-container-38 wp-block-columns-is-layout-flex\">\n<div class=\"wp-block-column is-layout-flow wp-block-column-is-layout-flow\">\n<h3 class=\"wp-block-heading has-accent-color has-text-color has-h-3-font-size\" style=\"line-height:1\">Maroquinerie<\/h3>\n\n\n\n<hr class=\"wp-block-separator has-text-color has-accent-color has-css-opacity has-accent-background-color has-background tw-mb-0 tw-mt-0 is-style-tw-short\"\/>\n\n\n\n<p class=\"tw-mt-4 has-accent-color has-text-color has-h-5-font-size\" style=\"line-height:1.5\"><strong>\u00c0 l&rsquo;Institut Jeanne Toussaint<\/strong><\/p>\n\n\n\n<div class=\"wp-block-buttons is-horizontal is-content-justification-center is-layout-flex wp-container-32 wp-block-buttons-is-layout-flex\">\n<div class=\"wp-block-button\"><a class=\"wp-block-button__link has-text-color wp-element-button\" href=\"https:\/\/jeannetoussaint.be\/nos-cours\/maroquinerie\/\" style=\"color:#aa65db\">Plus d&rsquo;informations<\/a><\/div>\n<\/div>\n<\/div>\n\n\n\n<div class=\"wp-block-column is-layout-flow wp-block-column-is-layout-flow\">\n<h3 class=\"wp-block-heading has-accent-color has-text-color has-h-3-font-size\" style=\"line-height:1\">Bijouterie<\/h3>\n\n\n\n<hr class=\"wp-block-separator has-text-color has-accent-color has-css-opacity has-accent-background-color has-background tw-mb-0 tw-mt-0 is-style-tw-short\"\/>\n\n\n\n<p class=\"tw-mt-4 has-accent-color has-text-color has-h-5-font-size\" style=\"line-height:1.5\"><strong>\u00c0 l&rsquo;Institut Jeanne Toussaint<\/strong><\/p>\n\n\n\n<div class=\"wp-block-buttons is-horizontal is-content-justification-center is-layout-flex wp-container-34 wp-block-buttons-is-layout-flex\">\n<div class=\"wp-block-button\"><a class=\"wp-block-button__link has-text-color wp-element-button\" href=\"https:\/\/jeannetoussaint.be\/nos-cours\/bijouterie\/\" style=\"color:#aa65db\">Plus d&rsquo;informations<\/a><\/div>\n<\/div>\n<\/div>\n\n\n\n<div class=\"wp-block-column is-layout-flow wp-block-column-is-layout-flow\">\n<h3 class=\"wp-block-heading has-accent-color has-text-color has-h-3-font-size\" style=\"line-height:1\">Habillement et couture<\/h3>\n\n\n\n<hr class=\"wp-block-separator has-text-color has-accent-color has-css-opacity has-accent-background-color has-background tw-mb-0 tw-mt-0 is-style-tw-short\"\/>\n\n\n\n<p class=\"tw-mt-4 has-accent-color has-text-color has-h-5-font-size\" style=\"line-height:1.5\"><strong>\u00c0 l&rsquo;Institut Jeanne Toussaint<\/strong><\/p>\n\n\n\n<div class=\"wp-block-buttons is-horizontal is-content-justification-center is-layout-flex wp-container-36 wp-block-buttons-is-layout-flex\">\n<div class=\"wp-block-button\"><a class=\"wp-block-button__link has-text-color wp-element-button\" href=\"https:\/\/www.ecoledephoto.be\/\" style=\"color:#aa65db\">Plus d&rsquo;informations<\/a><\/div>\n<\/div>\n<\/div>\n<\/div>\n\n\n\n<div class=\"wp-block-columns alignwide has-text-align-center tw-cols-stack-md is-layout-flex wp-container-46 wp-block-columns-is-layout-flex\">\n<div class=\"wp-block-column is-layout-flow wp-block-column-is-layout-flow\">\n<h3 class=\"wp-block-heading has-accent-color has-text-color has-h-3-font-size\" style=\"line-height:1\">Bachelier en informatique<\/h3>\n\n\n\n<hr class=\"wp-block-separator has-text-color has-accent-color has-css-opacity has-accent-background-color has-background tw-mb-0 tw-mt-0 is-style-tw-short\"\/>\n\n\n\n<p class=\"tw-mt-4 has-accent-color has-text-color has-h-5-font-size\" style=\"line-height:1.5\"><strong>\u00c0 l&rsquo;Institut des Carri\u00e8res Commerciales<\/strong><\/p>\n\n\n\n<div class=\"wp-block-buttons is-horizontal is-content-justification-center is-layout-flex wp-container-39 wp-block-buttons-is-layout-flex\">\n<div class=\"wp-block-button\"><a class=\"wp-block-button__link has-text-color wp-element-button\" href=\"https:\/\/www.iccbxl.be\/web\/\" style=\"color:#aa65db\">Plus d&rsquo;informations<\/a><\/div>\n<\/div>\n<\/div>\n\n\n\n<div class=\"wp-block-column is-layout-flow wp-block-column-is-layout-flow\">\n<h3 class=\"wp-block-heading has-accent-color has-text-color has-h-3-font-size\" style=\"line-height:1\">Technicien\u00b7ne en programmation<\/h3>\n\n\n\n<hr class=\"wp-block-separator has-text-color has-accent-color has-css-opacity has-accent-background-color has-background tw-mb-0 tw-mt-0 is-style-tw-short\"\/>\n\n\n\n<p class=\"tw-mt-4 has-accent-color has-text-color has-h-5-font-size\" style=\"line-height:1.5\"><strong><strong>\u00c0 l&rsquo;\u00c9cole de Photographie et de Techniques Visuelles Agn\u00e8s Varda<\/strong><\/strong><\/p>\n\n\n\n<div class=\"wp-block-buttons is-horizontal is-content-justification-center is-layout-flex wp-container-41 wp-block-buttons-is-layout-flex\">\n<div class=\"wp-block-button\"><a class=\"wp-block-button__link has-text-color wp-element-button\" href=\"https:\/\/www.ecoledephoto.be\/\" style=\"color:#aa65db\">Plus d&rsquo;informations<\/a><\/div>\n<\/div>\n\n\n\n<p class=\"tw-mt-4 has-accent-color has-text-color has-h-5-font-size\" style=\"line-height:1.5\"><strong><strong>\u00c0 l&rsquo;Institut Marguerite Massart<\/strong><\/strong><\/p>\n\n\n\n<div class=\"wp-block-buttons is-horizontal is-content-justification-center is-layout-flex wp-container-42 wp-block-buttons-is-layout-flex\">\n<div class=\"wp-block-button\"><a class=\"wp-block-button__link has-text-color wp-element-button\" href=\"https:\/\/www.ecoledephoto.be\/\" style=\"color:#aa65db\">Plus d&rsquo;informations<\/a><\/div>\n<\/div>\n<\/div>\n\n\n\n<div class=\"wp-block-column is-layout-flow wp-block-column-is-layout-flow\">\n<h3 class=\"wp-block-heading has-accent-color has-text-color has-h-3-font-size\" style=\"line-height:1\">Technicien\u2022ne en informatique<\/h3>\n\n\n\n<hr class=\"wp-block-separator has-text-color has-accent-color has-css-opacity has-accent-background-color has-background tw-mb-0 tw-mt-0 is-style-tw-short\"\/>\n\n\n\n<p class=\"tw-mt-4 has-accent-color has-text-color has-h-5-font-size\" style=\"line-height:1.5\"><strong>\u00c0 l&rsquo;Institut Marguerite Massart<\/strong><\/p>\n\n\n\n<div class=\"wp-block-buttons is-horizontal is-content-justification-center is-layout-flex wp-container-44 wp-block-buttons-is-layout-flex\">\n<div class=\"wp-block-button\"><a class=\"wp-block-button__link has-text-color wp-element-button\" href=\"https:\/\/itmemm.weebly.com\/\" style=\"color:#aa65db\">Plus d&rsquo;informations<\/a><\/div>\n<\/div>\n<\/div>\n<\/div>\n\n\n\n<div class=\"wp-block-columns alignwide has-text-align-center tw-cols-stack-md is-layout-flex wp-container-51 wp-block-columns-is-layout-flex\">\n<div class=\"wp-block-column is-layout-flow wp-block-column-is-layout-flow\">\n<h3 class=\"wp-block-heading has-accent-color has-text-color has-h-3-font-size\" style=\"line-height:1\">Bachelier en techniques graphiques (option infographie)<\/h3>\n\n\n\n<hr class=\"wp-block-separator has-text-color has-accent-color has-css-opacity has-accent-background-color has-background tw-mb-0 tw-mt-0 is-style-tw-short\"\/>\n\n\n\n<p class=\"tw-mt-4 has-accent-color has-text-color has-h-5-font-size\" style=\"line-height:1.5\"><strong>\u00c0 l&rsquo;Institut Paul Hankar<\/strong><\/p>\n\n\n\n<div class=\"wp-block-buttons is-horizontal is-content-justification-center is-layout-flex wp-container-47 wp-block-buttons-is-layout-flex\">\n<div class=\"wp-block-button\"><a class=\"wp-block-button__link has-text-color wp-element-button\" href=\"https:\/\/itmemm.weebly.com\/\" style=\"color:#aa65db\">Plus d&rsquo;informations<\/a><\/div>\n<\/div>\n<\/div>\n\n\n\n<div class=\"wp-block-column is-layout-flow wp-block-column-is-layout-flow\">\n<h3 class=\"wp-block-heading has-accent-color has-text-color has-h-3-font-size\" style=\"line-height:1\">Garnisseur<\/h3>\n\n\n\n<hr class=\"wp-block-separator has-text-color has-accent-color has-css-opacity has-accent-background-color has-background tw-mb-0 tw-mt-0 is-style-tw-short\"\/>\n\n\n\n<p class=\"tw-mt-4 has-accent-color has-text-color has-h-5-font-size\" style=\"line-height:1.5\"><strong><strong><strong>\u00c0 l&rsquo;Institut Paul Hankar<\/strong><\/strong><\/strong><\/p>\n\n\n\n<div class=\"wp-block-buttons is-horizontal is-content-justification-center is-layout-flex wp-container-49 wp-block-buttons-is-layout-flex\">\n<div class=\"wp-block-button\"><a class=\"wp-block-button__link has-text-color wp-element-button\" href=\"https:\/\/www.ecoledephoto.be\/\" style=\"color:#aa65db\">Plus d&rsquo;informations<\/a><\/div>\n<\/div>\n<\/div>\n<\/div>\n<\/div><\/div>\n","protected":false},"excerpt":{"rendered":"<p>Photographe \u00c0 l&rsquo;\u00c9cole de Photographie et de Techniques Visuelles Agn\u00e8s Varda Vid\u00e9aste \u00c0 l&rsquo;\u00c9cole de Photographie et de Techniques Visuelles Agn\u00e8s Varda \u00c9talonnage \u00c0 l&rsquo;\u00c9cole de Photographie et de Techniques Visuelles Agn\u00e8s Varda Community Manager \u00c0 l&rsquo;\u00c9cole de Photographie et de Techniques Visuelles Agn\u00e8s Varda Photoshop \u00c0 l&rsquo;\u00c9cole de Photographie et de Techniques Visuelles Agn\u00e8s&hellip;<\/p>\n","protected":false},"author":1,"featured_media":0,"parent":0,"menu_order":0,"comment_status":"closed","ping_status":"closed","template":"tw-header-transparent.php","meta":{"footnotes":""},"_links":{"self":[{"href":"https:\/\/ipoweb.bruxelles.be\/changedecap\/wp-json\/wp\/v2\/pages\/68"}],"collection":[{"href":"https:\/\/ipoweb.bruxelles.be\/changedecap\/wp-json\/wp\/v2\/pages"}],"about":[{"href":"https:\/\/ipoweb.bruxelles.be\/changedecap\/wp-json\/wp\/v2\/types\/page"}],"author":[{"embeddable":true,"href":"https:\/\/ipoweb.bruxelles.be\/changedecap\/wp-json\/wp\/v2\/users\/1"}],"replies":[{"embeddable":true,"href":"https:\/\/ipoweb.bruxelles.be\/changedecap\/wp-json\/wp\/v2\/comments?post=68"}],"version-history":[{"count":32,"href":"https:\/\/ipoweb.bruxelles.be\/changedecap\/wp-json\/wp\/v2\/pages\/68\/revisions"}],"predecessor-version":[{"id":421,"href":"https:\/\/ipoweb.bruxelles.be\/changedecap\/wp-json\/wp\/v2\/pages\/68\/revisions\/421"}],"wp:attachment":[{"href":"https:\/\/ipoweb.bruxelles.be\/changedecap\/wp-json\/wp\/v2\/media?parent=68"}],"curies":[{"name":"wp","href":"https:\/\/api.w.org\/{rel}","templated":true}]}}