{"id":69,"date":"2021-04-04T12:58:19","date_gmt":"2021-04-04T10:58:19","guid":{"rendered":"http:\/\/ipoweb.bruxelles.be\/changedecap\/?page_id=69"},"modified":"2021-04-15T10:46:05","modified_gmt":"2021-04-15T08:46:05","slug":"mecanique-automobile","status":"publish","type":"page","link":"https:\/\/ipoweb.bruxelles.be\/changedecap\/mecanique-automobile\/","title":{"rendered":"M\u00e9canique &#038; Automobile"},"content":{"rendered":"\n<div class=\"wp-block-group alignfull has-background\" style=\"background:linear-gradient(0deg,rgb(247,185,13) 0%,rgb(255,156,0) 100%)\"><div class=\"wp-block-group__inner-container is-layout-flow wp-block-group-is-layout-flow\">\n<div class=\"wp-block-columns alignwide tw-justify-center tw-gutter-large has-text-align-center is-layout-flex wp-container-7 wp-block-columns-is-layout-flex\">\n<div class=\"wp-block-column is-layout-flow wp-block-column-is-layout-flow\">\n<p class=\"has-accent-color has-text-color has-h-4-font-size\" style=\"line-height:1.1\"><strong>Electricien\u00b7ne installateur\u00b7rice-monteur\u00b7euse<\/strong><\/p>\n\n\n\n<hr class=\"wp-block-separator has-text-color has-background has-accent-background-color has-accent-color tw-mb-0 tw-mt-0 is-style-tw-short\"\/>\n\n\n\n<h3 class=\"has-accent-color has-text-color has-h-5-font-size wp-block-heading\">\u00c0 l&rsquo;Institut Marguerite Massart<\/h3>\n\n\n\n<div class=\"wp-block-buttons is-content-justification-center is-layout-flex wp-block-buttons-is-layout-flex\">\n<div class=\"wp-block-button\"><a class=\"wp-block-button__link has-text-color\" href=\"https:\/\/itmemm.weebly.com\/\" style=\"color:#f49907\">Plus d&rsquo;informations<\/a><\/div>\n<\/div>\n<\/div>\n\n\n\n<div class=\"wp-block-column is-layout-flow wp-block-column-is-layout-flow\">\n<p class=\"has-accent-color has-text-color has-h-4-font-size\" style=\"line-height:1.1\"><strong>M\u00e9canicien\u00b7ne d&rsquo;entretien automobile<\/strong><\/p>\n\n\n\n<hr class=\"wp-block-separator has-text-color has-background has-accent-background-color has-accent-color tw-mb-0 tw-mt-0 is-style-tw-short\"\/>\n\n\n\n<h3 class=\"has-accent-color has-text-color has-h-5-font-size wp-block-heading\">\u00c0 l&rsquo;Institut Marguerite Massart<\/h3>\n\n\n\n<div class=\"wp-block-buttons is-content-justification-center is-layout-flex wp-block-buttons-is-layout-flex\">\n<div class=\"wp-block-button\"><a class=\"wp-block-button__link has-text-color\" href=\"https:\/\/itmemm.weebly.com\/\" style=\"color:#f49907\">Plus d&rsquo;informations<\/a><\/div>\n<\/div>\n<\/div>\n\n\n\n<div class=\"wp-block-column is-layout-flow wp-block-column-is-layout-flow\">\n<p class=\"has-accent-color has-text-color has-h-4-font-size\" style=\"line-height:1.1\"><strong>M\u00e9canicien\u00b7ne polyvalent\u00b7e automobile<\/strong><\/p>\n\n\n\n<hr class=\"wp-block-separator has-text-color has-background has-accent-background-color has-accent-color tw-mb-0 tw-mt-0 is-style-tw-short\"\/>\n\n\n\n<h3 class=\"has-accent-color has-text-color has-h-5-font-size wp-block-heading\">\u00c0 l&rsquo;Institut Marguerite Massart<\/h3>\n\n\n\n<div class=\"wp-block-buttons is-content-justification-center is-layout-flex wp-block-buttons-is-layout-flex\">\n<div class=\"wp-block-button\"><a class=\"wp-block-button__link has-text-color\" href=\"https:\/\/itmemm.weebly.com\/\" style=\"color:#f49907\">Plus d&rsquo;informations<\/a><\/div>\n<\/div>\n<\/div>\n<\/div>\n\n\n\n<div class=\"wp-block-columns alignwide tw-justify-center tw-gutter-large has-text-align-center is-layout-flex wp-container-14 wp-block-columns-is-layout-flex\">\n<div class=\"wp-block-column is-layout-flow wp-block-column-is-layout-flow\">\n<p class=\"has-accent-color has-text-color has-h-4-font-size\" style=\"line-height:1.1\"><strong>Agent\u00b7e de maintenance en \u00e9lectrom\u00e9canique<\/strong><\/p>\n\n\n\n<hr class=\"wp-block-separator has-text-color has-background has-accent-background-color has-accent-color tw-mb-0 tw-mt-0 is-style-tw-short\"\/>\n\n\n\n<h3 class=\"has-accent-color has-text-color has-h-5-font-size wp-block-heading\">\u00c0 l&rsquo;Institut Marguerite Massart<\/h3>\n\n\n\n<div class=\"wp-block-buttons is-content-justification-center is-layout-flex wp-block-buttons-is-layout-flex\">\n<div class=\"wp-block-button\"><a class=\"wp-block-button__link has-text-color\" href=\"https:\/\/itmemm.weebly.com\/\" style=\"color:#f49907\">Plus d&rsquo;informations<\/a><\/div>\n<\/div>\n<\/div>\n\n\n\n<div class=\"wp-block-column is-layout-flow wp-block-column-is-layout-flow\">\n<p class=\"has-accent-color has-text-color has-h-4-font-size\" style=\"line-height:1.1\"><strong>Technicien\u00b7ne en domotique num\u00e9rique<\/strong><\/p>\n\n\n\n<hr class=\"wp-block-separator has-text-color has-background has-accent-background-color has-accent-color tw-mb-0 tw-mt-0 is-style-tw-short\"\/>\n\n\n\n<h3 class=\"has-accent-color has-text-color has-h-5-font-size wp-block-heading\">\u00c0 l&rsquo;Institut Marguerite Massart<\/h3>\n\n\n\n<div class=\"wp-block-buttons is-content-justification-center is-layout-flex wp-block-buttons-is-layout-flex\">\n<div class=\"wp-block-button\"><a class=\"wp-block-button__link has-text-color\" href=\"https:\/\/itmemm.weebly.com\/\" style=\"color:#f49907\">Plus d&rsquo;informations<\/a><\/div>\n<\/div>\n<\/div>\n\n\n\n<div class=\"wp-block-column is-layout-flow wp-block-column-is-layout-flow\">\n<p class=\"has-accent-color has-text-color has-h-4-font-size\" style=\"line-height:1.1\"><strong>Monteur\u00b7euse c\u00e2bleur\u00b7euse en \u00e9lectricit\u00e9 du b\u00e2timent<\/strong><\/p>\n\n\n\n<hr class=\"wp-block-separator has-text-color has-background has-accent-background-color has-accent-color tw-mb-0 tw-mt-0 is-style-tw-short\"\/>\n\n\n\n<h3 class=\"has-accent-color has-text-color has-h-5-font-size wp-block-heading\">\u00c0 l&rsquo;Institut Marguerite Massart<\/h3>\n\n\n\n<div class=\"wp-block-buttons is-content-justification-center is-layout-flex wp-block-buttons-is-layout-flex\">\n<div class=\"wp-block-button\"><a class=\"wp-block-button__link has-text-color\" href=\"https:\/\/itmemm.weebly.com\/\" style=\"color:#f49907\">Plus d&rsquo;informations<\/a><\/div>\n<\/div>\n<\/div>\n<\/div>\n\n\n\n<div class=\"wp-block-columns alignwide tw-justify-center tw-gutter-large has-text-align-center is-layout-flex wp-container-19 wp-block-columns-is-layout-flex\">\n<div class=\"wp-block-column is-layout-flow wp-block-column-is-layout-flow\">\n<p class=\"has-accent-color has-text-color has-h-4-font-size\" style=\"line-height:1.1\"><strong>Technicien\u00b7ne en maintenance et diagnostic automobile<\/strong><\/p>\n\n\n\n<hr class=\"wp-block-separator has-text-color has-background has-accent-background-color has-accent-color tw-mb-0 tw-mt-0 is-style-tw-short\"\/>\n\n\n\n<h3 class=\"has-accent-color has-text-color has-h-5-font-size wp-block-heading\">\u00c0 l&rsquo;Institut Marguerite Massart<\/h3>\n\n\n\n<div class=\"wp-block-buttons is-content-justification-center is-layout-flex wp-block-buttons-is-layout-flex\">\n<div class=\"wp-block-button\"><a class=\"wp-block-button__link has-text-color\" href=\"https:\/\/itmemm.weebly.com\/\" style=\"color:#f49907\">Plus d&rsquo;informations<\/a><\/div>\n<\/div>\n<\/div>\n\n\n\n<div class=\"wp-block-column is-layout-flow wp-block-column-is-layout-flow\">\n<p class=\"has-accent-color has-text-color has-h-4-font-size\" style=\"line-height:1.1\"><strong>Usineur\u00b7euse sur machines-outils conventionnelles<\/strong><\/p>\n\n\n\n<hr class=\"wp-block-separator has-text-color has-background has-accent-background-color has-accent-color tw-mb-0 tw-mt-0 is-style-tw-short\"\/>\n\n\n\n<h3 class=\"has-accent-color has-text-color has-h-5-font-size wp-block-heading\">\u00c0 l&rsquo;Institut Marguerite Massart<\/h3>\n\n\n\n<div class=\"wp-block-buttons is-content-justification-center is-layout-flex wp-block-buttons-is-layout-flex\">\n<div class=\"wp-block-button\"><a class=\"wp-block-button__link has-text-color\" href=\"https:\/\/itmemm.weebly.com\/\" style=\"color:#f49907\">Plus d&rsquo;informations<\/a><\/div>\n<\/div>\n<\/div>\n<\/div>\n<\/div><\/div>\n","protected":false},"excerpt":{"rendered":"<p>Electricien\u00b7ne installateur\u00b7rice-monteur\u00b7euse \u00c0 l&rsquo;Institut Marguerite Massart M\u00e9canicien\u00b7ne d&rsquo;entretien automobile \u00c0 l&rsquo;Institut Marguerite Massart M\u00e9canicien\u00b7ne polyvalent\u00b7e automobile \u00c0 l&rsquo;Institut Marguerite Massart Agent\u00b7e de maintenance en \u00e9lectrom\u00e9canique \u00c0 l&rsquo;Institut Marguerite Massart Technicien\u00b7ne en domotique num\u00e9rique \u00c0 l&rsquo;Institut Marguerite Massart Monteur\u00b7euse c\u00e2bleur\u00b7euse en \u00e9lectricit\u00e9 du b\u00e2timent \u00c0 l&rsquo;Institut Marguerite Massart Technicien\u00b7ne en maintenance et diagnostic automobile \u00c0 l&rsquo;Institut&hellip;<\/p>\n","protected":false},"author":1,"featured_media":0,"parent":0,"menu_order":0,"comment_status":"closed","ping_status":"closed","template":"tw-header-transparent.php","meta":{"footnotes":""},"_links":{"self":[{"href":"https:\/\/ipoweb.bruxelles.be\/changedecap\/wp-json\/wp\/v2\/pages\/69"}],"collection":[{"href":"https:\/\/ipoweb.bruxelles.be\/changedecap\/wp-json\/wp\/v2\/pages"}],"about":[{"href":"https:\/\/ipoweb.bruxelles.be\/changedecap\/wp-json\/wp\/v2\/types\/page"}],"author":[{"embeddable":true,"href":"https:\/\/ipoweb.bruxelles.be\/changedecap\/wp-json\/wp\/v2\/users\/1"}],"replies":[{"embeddable":true,"href":"https:\/\/ipoweb.bruxelles.be\/changedecap\/wp-json\/wp\/v2\/comments?post=69"}],"version-history":[{"count":12,"href":"https:\/\/ipoweb.bruxelles.be\/changedecap\/wp-json\/wp\/v2\/pages\/69\/revisions"}],"predecessor-version":[{"id":378,"href":"https:\/\/ipoweb.bruxelles.be\/changedecap\/wp-json\/wp\/v2\/pages\/69\/revisions\/378"}],"wp:attachment":[{"href":"https:\/\/ipoweb.bruxelles.be\/changedecap\/wp-json\/wp\/v2\/media?parent=69"}],"curies":[{"name":"wp","href":"https:\/\/api.w.org\/{rel}","templated":true}]}}