{"id":70,"date":"2021-04-04T12:58:26","date_gmt":"2021-04-04T10:58:26","guid":{"rendered":"http:\/\/ipoweb.bruxelles.be\/changedecap\/?page_id=70"},"modified":"2021-09-23T15:35:40","modified_gmt":"2021-09-23T13:35:40","slug":"batiment","status":"publish","type":"page","link":"https:\/\/ipoweb.bruxelles.be\/changedecap\/batiment\/","title":{"rendered":"B\u00e2timent"},"content":{"rendered":"\n<div class=\"wp-block-group alignfull has-background\" style=\"background:linear-gradient(180deg,rgb(34,149,206) 0%,rgb(77,189,224) 100%)\"><div class=\"wp-block-group__inner-container is-layout-flow wp-block-group-is-layout-flow\">\n<div class=\"wp-block-group alignfull\"><div class=\"wp-block-group__inner-container is-layout-flow wp-block-group-is-layout-flow\">\n<div class=\"wp-block-columns alignwide tw-justify-center tw-gutter-large has-text-align-center is-layout-flex wp-container-7 wp-block-columns-is-layout-flex\">\n<div class=\"wp-block-column is-layout-flow wp-block-column-is-layout-flow\">\n<p class=\"has-accent-color has-text-color has-h-3-font-size\" style=\"line-height:1\">Monteur\u2022se en sanitaire et chauffage<\/p>\n\n\n\n<hr class=\"wp-block-separator has-text-color has-background has-accent-background-color has-accent-color tw-mb-0 tw-mt-0 is-style-tw-short\"\/>\n\n\n\n<h3 class=\"has-accent-color has-text-color has-h-5-font-size wp-block-heading\">Aux Cours industriels<\/h3>\n\n\n\n<p class=\"has-accent-color has-text-color\">Le monteur en sanitaire et chauffage est un ouvrier qualifi\u00e9 capable de poser et de r\u00e9parer tous les \u00e9l\u00e9ments n\u00e9cessaires.<\/p>\n\n\n\n<div class=\"wp-block-buttons is-content-justification-center is-layout-flex wp-block-buttons-is-layout-flex\">\n<div class=\"wp-block-button\"><a class=\"wp-block-button__link has-text-color\" href=\"https:\/\/www.coursindustriels.com\/monteurs-en-sanitaire-et-chauffage.html\" style=\"color:#32a1d1\">Plus d&rsquo;informations<\/a><\/div>\n<\/div>\n<\/div>\n\n\n\n<div class=\"wp-block-column is-layout-flow wp-block-column-is-layout-flow\">\n<p class=\"has-accent-color has-text-color has-h-3-font-size\" style=\"line-height:1\">Technicien\u2022ne <br>du froid<\/p>\n\n\n\n<hr class=\"wp-block-separator has-text-color has-background has-accent-background-color has-accent-color tw-mb-0 tw-mt-0 is-style-tw-short\"\/>\n\n\n\n<h3 class=\"has-accent-color has-text-color has-h-5-font-size wp-block-heading\">Aux Cours industriels<\/h3>\n\n\n\n<p class=\"has-accent-color has-text-color\">Le technicien du froid est un agent technique capable de monter, de d\u00e9monter et r\u00e9gler une installation frigorifique commerciale ou industrielle.<\/p>\n\n\n\n<div class=\"wp-block-buttons is-content-justification-center is-layout-flex wp-block-buttons-is-layout-flex\">\n<div class=\"wp-block-button\"><a class=\"wp-block-button__link has-text-color\" href=\"https:\/\/www.coursindustriels.com\/techniciens-du-froid.html\" style=\"color:#32a1d1\">Plus d&rsquo;informations<\/a><\/div>\n<\/div>\n<\/div>\n\n\n\n<div class=\"wp-block-column is-layout-flow wp-block-column-is-layout-flow\">\n<p class=\"has-accent-color has-text-color has-h-3-font-size\" style=\"line-height:1\">Soudeur\u2022se <br>sur t\u00f4le<\/p>\n\n\n\n<hr class=\"wp-block-separator has-text-color has-background has-accent-background-color has-accent-color tw-mb-0 tw-mt-0 is-style-tw-short\"\/>\n\n\n\n<h3 class=\"has-accent-color has-text-color has-h-5-font-size wp-block-heading\">Aux Cours industriels<\/h3>\n\n\n\n<p class=\"has-accent-color has-text-color\">Le soudeur qualifi\u00e9 sur t\u00f4les est capable d&rsquo;assembler par fusion ou par apport de m\u00e9tal les parties ou \u00e9l\u00e9ments de t\u00f4les, en utilisant des techniques diff\u00e9rentes de soudage et les \u00e9quipements appropri\u00e9s. Son activit\u00e9 s&rsquo;exerce en atelier ou sur chantier.<\/p>\n\n\n\n<div class=\"wp-block-buttons is-content-justification-center is-layout-flex wp-block-buttons-is-layout-flex\">\n<div class=\"wp-block-button\"><a class=\"wp-block-button__link has-text-color\" href=\"https:\/\/www.coursindustriels.com\/soudeurs-sur-tocircle.html\" style=\"color:#32a1d1\">Plus d&rsquo;informations<\/a><\/div>\n<\/div>\n<\/div>\n<\/div>\n\n\n\n<div class=\"wp-block-columns alignwide tw-justify-center tw-gutter-large has-text-align-center is-layout-flex wp-container-12 wp-block-columns-is-layout-flex\">\n<div class=\"wp-block-column is-layout-flow wp-block-column-is-layout-flow\" style=\"--col-width:30%;flex-basis:30%\">\n<p class=\"has-accent-color has-text-color has-h-3-font-size\" style=\"line-height:1\">M\u00e9tiers du bois<\/p>\n\n\n\n<hr class=\"wp-block-separator has-text-color has-background has-accent-background-color has-accent-color tw-mb-0 tw-mt-0 is-style-tw-short\"\/>\n\n\n\n<h3 class=\"has-accent-color has-text-color has-h-5-font-size wp-block-heading\">\u00c0 l&rsquo;Institut Paul Hankar<\/h3>\n\n\n\n<p class=\"has-accent-color has-text-color\">Nous proposons trois formations aux m\u00e9tiers du bois : ouvrier menuisier, menuisier et \u00e9b\u00e9niste.<\/p>\n\n\n\n<div class=\"wp-block-buttons is-content-justification-center is-layout-flex wp-block-buttons-is-layout-flex\">\n<div class=\"wp-block-button\"><a class=\"wp-block-button__link has-text-color\" href=\"https:\/\/www.paulhankar.be\/\" style=\"color:#32a1d1\">Plus d&rsquo;informations<\/a><\/div>\n<\/div>\n<\/div>\n\n\n\n<div class=\"wp-block-column is-layout-flow wp-block-column-is-layout-flow\" style=\"--col-width:30%;flex-basis:30%\">\n<p class=\"has-accent-color has-text-color has-h-3-font-size\" style=\"line-height:1\">M\u00e9tiers de la d\u00e9coration<\/p>\n\n\n\n<hr class=\"wp-block-separator has-text-color has-background has-accent-background-color has-accent-color tw-mb-0 tw-mt-0 is-style-tw-short\"\/>\n\n\n\n<h3 class=\"has-accent-color has-text-color has-h-5-font-size wp-block-heading\">\u00c0 l&rsquo;Institut Paul Hankar<\/h3>\n\n\n\n<p class=\"has-accent-color has-text-color\">Nous vous y proposons les formations de Baccalaur\u00e9at en cr\u00e9ation d\u2019int\u00e9rieurs, Technicien en d\u00e9coration d\u2019int\u00e9rieurs, Peinture d\u00e9corative et Peintre-tapissier.<\/p>\n\n\n\n<div class=\"wp-block-buttons is-content-justification-center is-layout-flex wp-block-buttons-is-layout-flex\">\n<div class=\"wp-block-button\"><a class=\"wp-block-button__link has-text-color\" href=\"https:\/\/www.paulhankar.be\" style=\"color:#32a1d1\">Plus d&rsquo;informations<\/a><\/div>\n<\/div>\n<\/div>\n<\/div>\n\n\n\n<div class=\"wp-block-columns alignwide tw-justify-center tw-gutter-large has-text-align-center is-layout-flex wp-container-19 wp-block-columns-is-layout-flex\">\n<div class=\"wp-block-column is-layout-flow wp-block-column-is-layout-flow\">\n<p class=\"has-accent-color has-text-color has-h-3-font-size\" style=\"line-height:1\">Baccalaur\u00e9at en construction<\/p>\n\n\n\n<hr class=\"wp-block-separator has-text-color has-background has-accent-background-color has-accent-color tw-mb-0 tw-mt-0 is-style-tw-short\"\/>\n\n\n\n<h3 class=\"has-accent-color has-text-color has-h-5-font-size wp-block-heading\">\u00c0 l&rsquo;Institut Paul Hankar<\/h3>\n\n\n\n<p class=\"has-accent-color has-text-color\">Le bachelier en construction exerce une fonction \u00e0 caract\u00e8re technique ou technico-commercial, dans un bureau d\u2019\u00e9tudes ou sur chantier, dans les domaines li\u00e9s \u00e0 la construction, soit en g\u00e9nie civil soit en b\u00e2timent.<\/p>\n\n\n\n<div class=\"wp-block-buttons is-content-justification-center is-layout-flex wp-block-buttons-is-layout-flex\">\n<div class=\"wp-block-button\"><a class=\"wp-block-button__link has-text-color\" href=\"https:\/\/www.paulhankar.be\/wp-content\/uploads\/bachelier_construction.pdf\" style=\"color:#32a1d1\">Plus d&rsquo;informations<\/a><\/div>\n<\/div>\n<\/div>\n\n\n\n<div class=\"wp-block-column is-layout-flow wp-block-column-is-layout-flow\">\n<p class=\"has-accent-color has-text-color has-h-3-font-size\" style=\"line-height:1\">Dessinateur en construction<\/p>\n\n\n\n<hr class=\"wp-block-separator has-text-color has-background has-accent-background-color has-accent-color tw-mb-0 tw-mt-0 is-style-tw-short\"\/>\n\n\n\n<h3 class=\"has-accent-color has-text-color has-h-5-font-size wp-block-heading\">\u00c0 l&rsquo;Institut Paul Hankar<\/h3>\n\n\n\n<p class=\"has-accent-color has-text-color\">Le dessinateur en construction est un technicien capable de transformer en dessin les projets et solutions techniques d\u2019un futur ouvrage. Il met en \u0153uvre des connaissances techniques et architecturales du b\u00e2timent en appliquant des r\u00e9glementations li\u00e9es \u00e0 la construction et \u00e0 l\u2019espace, il intervient aussi dans la conception des plans routiers, des plans de g\u00e9nie civil et de b\u00e9ton arm\u00e9.<\/p>\n\n\n\n<div class=\"wp-block-buttons is-content-justification-center is-layout-flex wp-block-buttons-is-layout-flex\">\n<div class=\"wp-block-button\"><a class=\"wp-block-button__link has-text-color\" href=\"https:\/\/www.paulhankar.be\/wp-content\/uploads\/dessinateur_construction.pdf\" style=\"color:#32a1d1\">Plus d&rsquo;informations<\/a><\/div>\n<\/div>\n<\/div>\n\n\n\n<div class=\"wp-block-column is-layout-flow wp-block-column-is-layout-flow\">\n<p class=\"has-accent-color has-text-color has-h-3-font-size\" style=\"line-height:1\">Technicien en construction et travaux publics<\/p>\n\n\n\n<hr class=\"wp-block-separator has-text-color has-background has-accent-background-color has-accent-color tw-mb-0 tw-mt-0 is-style-tw-short\"\/>\n\n\n\n<h3 class=\"has-accent-color has-text-color has-h-5-font-size wp-block-heading\">\u00c0 l&rsquo;Institut Paul Hankar<\/h3>\n\n\n\n<p class=\"has-accent-color has-text-color\">Le technicien en construction et travaux publics est capable d\u2019installer, d\u2019organiser et de g\u00e9rer au quotidien un chantier.<\/p>\n\n\n\n<div class=\"wp-block-buttons is-content-justification-center is-layout-flex wp-block-buttons-is-layout-flex\">\n<div class=\"wp-block-button\"><a class=\"wp-block-button__link has-text-color\" href=\"https:\/\/www.paulhankar.be\/wp-content\/uploads\/technicien_construction.pdf\" style=\"color:#32a1d1\">Plus d&rsquo;informations<\/a><\/div>\n<\/div>\n<\/div>\n<\/div>\n\n\n\n<div class=\"wp-block-columns alignwide tw-justify-center tw-gutter-large has-text-align-center is-layout-flex wp-container-24 wp-block-columns-is-layout-flex\">\n<div class=\"wp-block-column is-layout-flow wp-block-column-is-layout-flow\">\n<p class=\"has-accent-color has-text-color has-h-3-font-size\" style=\"line-height:1\">\u00c9lectrom\u00e9canique \u00e0  finalit\u00e9 Climatisation et Techniques du froid<\/p>\n\n\n\n<hr class=\"wp-block-separator has-text-color has-background has-accent-background-color has-accent-color tw-mb-0 tw-mt-0 is-style-tw-short\"\/>\n\n\n\n<h3 class=\"has-accent-color has-text-color has-h-5-font-size wp-block-heading\">Aux Cours industriels<\/h3>\n\n\n\n<p class=\"has-accent-color has-text-color\">Le Bachelier en Electrom\u00e9canique \u2013 Finalit\u00e9&nbsp;: Climatisation et Techniques du froid&nbsp; est appel\u00e9 \u00e0 dimensionner et \u00e0 op\u00e9rer le choix des \u00e9quipements, \u00e0 superviser la mise en \u0153uvre, la maintenance et l\u2019exploitation optimale d\u2019un projet technologique li\u00e9 aux syst\u00e8mes de climatisation, de chauffage, de conditionnement d\u2019air, de r\u00e9frig\u00e9ration commerciale et industrielle.<\/p>\n\n\n\n<div class=\"wp-block-buttons is-content-justification-center is-layout-flex wp-block-buttons-is-layout-flex\">\n<div class=\"wp-block-button\"><a class=\"wp-block-button__link has-text-color\" href=\"https:\/\/www.coursindustriels.com\/bachelier-en-eacutelectromeacutecanique.html\" style=\"color:#32a1d1\">Plus d&rsquo;informations<\/a><\/div>\n<\/div>\n<\/div>\n\n\n\n<div class=\"wp-block-column is-layout-flow wp-block-column-is-layout-flow\">\n<p class=\"has-accent-color has-text-color has-h-3-font-size\" style=\"line-height:1\">Couvreur\u2022se<\/p>\n\n\n\n<hr class=\"wp-block-separator has-text-color has-background has-accent-background-color has-accent-color tw-mb-0 tw-mt-0 is-style-tw-short\"\/>\n\n\n\n<h3 class=\"has-accent-color has-text-color has-h-5-font-size wp-block-heading\">Aux Cours industriels<\/h3>\n\n\n\n<p class=\"has-accent-color has-text-color\">Le couvreur est un ouvrier qualifi\u00e9 charg\u00e9 de la pr\u00e9paration, de la pose, de l\u2019entretien et de la r\u00e9paration des \u00e9l\u00e9ments de couverture assurant l\u2019\u00e9tanch\u00e9it\u00e9 de toute construction, il peut r\u00e9aliser des travaux de restauration et de r\u00e9habilitation du patrimoine.<\/p>\n\n\n\n<div class=\"wp-block-buttons is-content-justification-center is-layout-flex wp-block-buttons-is-layout-flex\">\n<div class=\"wp-block-button\"><a class=\"wp-block-button__link has-text-color\" href=\"https:\/\/www.coursindustriels.com\/couvreurs1.html\" style=\"color:#32a1d1\">Plus d&rsquo;informations<\/a><\/div>\n<\/div>\n<\/div>\n<\/div>\n<\/div><\/div>\n<\/div><\/div>\n","protected":false},"excerpt":{"rendered":"<p>Monteur\u2022se en sanitaire et chauffage Aux Cours industriels Le monteur en sanitaire et chauffage est un ouvrier qualifi\u00e9 capable de poser et de r\u00e9parer tous les \u00e9l\u00e9ments n\u00e9cessaires. Technicien\u2022ne du froid Aux Cours industriels Le technicien du froid est un agent technique capable de monter, de d\u00e9monter et r\u00e9gler une installation frigorifique commerciale ou industrielle.&hellip;<\/p>\n","protected":false},"author":1,"featured_media":0,"parent":0,"menu_order":0,"comment_status":"closed","ping_status":"closed","template":"tw-header-transparent.php","meta":{"footnotes":""},"_links":{"self":[{"href":"https:\/\/ipoweb.bruxelles.be\/changedecap\/wp-json\/wp\/v2\/pages\/70"}],"collection":[{"href":"https:\/\/ipoweb.bruxelles.be\/changedecap\/wp-json\/wp\/v2\/pages"}],"about":[{"href":"https:\/\/ipoweb.bruxelles.be\/changedecap\/wp-json\/wp\/v2\/types\/page"}],"author":[{"embeddable":true,"href":"https:\/\/ipoweb.bruxelles.be\/changedecap\/wp-json\/wp\/v2\/users\/1"}],"replies":[{"embeddable":true,"href":"https:\/\/ipoweb.bruxelles.be\/changedecap\/wp-json\/wp\/v2\/comments?post=70"}],"version-history":[{"count":21,"href":"https:\/\/ipoweb.bruxelles.be\/changedecap\/wp-json\/wp\/v2\/pages\/70\/revisions"}],"predecessor-version":[{"id":416,"href":"https:\/\/ipoweb.bruxelles.be\/changedecap\/wp-json\/wp\/v2\/pages\/70\/revisions\/416"}],"wp:attachment":[{"href":"https:\/\/ipoweb.bruxelles.be\/changedecap\/wp-json\/wp\/v2\/media?parent=70"}],"curies":[{"name":"wp","href":"https:\/\/api.w.org\/{rel}","templated":true}]}}