{"id":114,"date":"2019-04-23T20:05:32","date_gmt":"2019-04-23T18:05:32","guid":{"rendered":"http:\/\/ipoweb.bruxelles.be\/emileandre\/?page_id=114"},"modified":"2019-05-06T18:23:34","modified_gmt":"2019-05-06T16:23:34","slug":"ecole-fondamentale-emile-andre","status":"publish","type":"page","link":"https:\/\/ipoweb.bruxelles.be\/emileandre\/?page_id=114","title":{"rendered":"Pr\u00e9sentation"},"content":{"rendered":"\n<p><strong>L&rsquo;\u00e9cole Fondamentale Emile Andr\u00e9<\/strong><\/p>\n\n\n\n<div class=\"wp-block-columns has-2-columns is-layout-flex wp-container-3 wp-block-columns-is-layout-flex\">\n<div class=\"wp-block-column is-layout-flow wp-block-column-is-layout-flow\">\n<div class=\"wp-block-image\"><figure class=\"aligncenter is-resized\"><img decoding=\"async\" loading=\"lazy\" src=\"http:\/\/ipoweb.bruxelles.be\/emileandre\/wp-content\/uploads\/2019\/04\/0002.jpg\" alt=\"\" class=\"wp-image-17\" width=\"289\" height=\"416\" srcset=\"https:\/\/ipoweb.bruxelles.be\/emileandre\/wp-content\/uploads\/2019\/04\/0002.jpg 560w, https:\/\/ipoweb.bruxelles.be\/emileandre\/wp-content\/uploads\/2019\/04\/0002-208x300.jpg 208w\" sizes=\"(max-width: 289px) 100vw, 289px\" \/><\/figure><\/div>\n<\/div>\n\n\n\n<div class=\"wp-block-column is-layout-flow wp-block-column-is-layout-flow\">\n<p> Une porte dans les tons rouges devant laquelle  vous \u00eates pass\u00e9s trois fois sans vous rendre compte que c\u2019\u00e9tait une \u00e9cole\u00a0!!!!<br>C\u2019est l\u2019Ecole Fondamentale Emile Andr\u00e9\u00a0!<br>Discr\u00e8te de l\u2019ext\u00e9rieur mais \u00e9norme \u00e0 l\u2019int\u00e9rieur\u00a0!<br>Appelez-nous, sonnez\u00a0!  <br>Nous serons heureux de vous pr\u00e9senter nos richesses p\u00e9dagogiques, tous nos projets qui rassemblent les \u00e9l\u00e8ves au quotidien autour d\u2019une p\u00e9dagogie active au service de chacun et ouverte sur le monde. <\/p>\n<\/div>\n<\/div>\n\n\n\n<p>Environ trois-cents \u00e9l\u00e8ves de deux ans et demi \u00e0 douze ans qui se partagent en cinq classes maternelles et onze primaires mais qui m\u00e8nent souvent des projets en commun.<\/p>\n\n\n\n<p style=\"text-align:center\"><strong>Une adresse<\/strong><br><strong> <\/strong>Ecole Fondamentale Emile Andr\u00e9<br>Rue Haute, 107<br>1000 Bruxelles<\/p>\n\n\n\n<p style=\"text-align:center\"><strong>Un t\u00e9l\u00e9phone<\/strong><br>02 505 41 30 <\/p>\n\n\n\n<p style=\"text-align:center\"><strong>Une adresse mail<\/strong><br><a href=\"mailto:emile.andre@brucity.education\">emile.andre@brucity.education<\/a><\/p>\n\n\n\n<p style=\"text-align:center\">Ce site devrait vous donner un avant-go\u00fbt de ce qui se vit \u00e0 l\u2019\u00e9cole.<\/p>\n","protected":false},"excerpt":{"rendered":"<p>L&rsquo;\u00e9cole Fondamentale Emile Andr\u00e9 Une porte dans les tons rouges devant laquelle vous \u00eates pass\u00e9s trois fois sans vous rendre compte que c\u2019\u00e9tait une \u00e9cole\u00a0!!!!C\u2019est l\u2019Ecole Fondamentale Emile Andr\u00e9\u00a0!Discr\u00e8te de l\u2019ext\u00e9rieur mais \u00e9norme \u00e0 l\u2019int\u00e9rieur\u00a0!Appelez-nous, sonnez\u00a0! Nous serons heureux de vous pr\u00e9senter nos richesses p\u00e9dagogiques, tous nos projets qui rassemblent les \u00e9l\u00e8ves au quotidien autour [&hellip;]<\/p>\n","protected":false},"author":2,"featured_media":0,"parent":0,"menu_order":0,"comment_status":"closed","ping_status":"closed","template":"","meta":{"footnotes":""},"_links":{"self":[{"href":"https:\/\/ipoweb.bruxelles.be\/emileandre\/index.php?rest_route=\/wp\/v2\/pages\/114"}],"collection":[{"href":"https:\/\/ipoweb.bruxelles.be\/emileandre\/index.php?rest_route=\/wp\/v2\/pages"}],"about":[{"href":"https:\/\/ipoweb.bruxelles.be\/emileandre\/index.php?rest_route=\/wp\/v2\/types\/page"}],"author":[{"embeddable":true,"href":"https:\/\/ipoweb.bruxelles.be\/emileandre\/index.php?rest_route=\/wp\/v2\/users\/2"}],"replies":[{"embeddable":true,"href":"https:\/\/ipoweb.bruxelles.be\/emileandre\/index.php?rest_route=%2Fwp%2Fv2%2Fcomments&post=114"}],"version-history":[{"count":4,"href":"https:\/\/ipoweb.bruxelles.be\/emileandre\/index.php?rest_route=\/wp\/v2\/pages\/114\/revisions"}],"predecessor-version":[{"id":315,"href":"https:\/\/ipoweb.bruxelles.be\/emileandre\/index.php?rest_route=\/wp\/v2\/pages\/114\/revisions\/315"}],"wp:attachment":[{"href":"https:\/\/ipoweb.bruxelles.be\/emileandre\/index.php?rest_route=%2Fwp%2Fv2%2Fmedia&parent=114"}],"curies":[{"name":"wp","href":"https:\/\/api.w.org\/{rel}","templated":true}]}}