{"id":3535,"date":"2021-12-15T09:31:01","date_gmt":"2021-12-15T08:31:01","guid":{"rendered":"http:\/\/ipoweb.bruxelles.be\/emileandre\/?page_id=3535"},"modified":"2023-08-27T11:17:43","modified_gmt":"2023-08-27T09:17:43","slug":"rencontres-portfolios","status":"publish","type":"page","link":"https:\/\/ipoweb.bruxelles.be\/emileandre\/?page_id=3535","title":{"rendered":"Rencontres Portfolios"},"content":{"rendered":"\n<p>Trois fois sur l&rsquo;ann\u00e9e, un rendez-vous vous sera propos\u00e9 par le biais du journal de classe ou de la farde de communications pour une rencontre au tour du portfolio, en classe.<br><\/p>\n\n\n\n<p>Lors de ces rencontres, votre enfant vous pr\u00e9sentera son portfolio et son bulletin de comp\u00e9tences. Ce sera l&rsquo;occasion d&rsquo;\u00e9couter votre enfant vous partager toutes les comp\u00e9tences acquises et peut-\u00eatre les difficult\u00e9s restantes. Vous aurez aussi l&rsquo;occasion de parler de tout cela avec l&rsquo;enseignant.e de votre enfant.<\/p>\n\n\n\n<p><br><\/p>\n","protected":false},"excerpt":{"rendered":"<p>Trois fois sur l&rsquo;ann\u00e9e, un rendez-vous vous sera propos\u00e9 par le biais du journal de classe ou de la farde de communications pour une rencontre au tour du portfolio, en classe. Lors de ces rencontres, votre enfant vous pr\u00e9sentera son portfolio et son bulletin de comp\u00e9tences. Ce sera l&rsquo;occasion d&rsquo;\u00e9couter votre enfant vous partager toutes [&hellip;]<\/p>\n","protected":false},"author":11,"featured_media":0,"parent":0,"menu_order":0,"comment_status":"closed","ping_status":"closed","template":"","meta":{"footnotes":""},"_links":{"self":[{"href":"https:\/\/ipoweb.bruxelles.be\/emileandre\/index.php?rest_route=\/wp\/v2\/pages\/3535"}],"collection":[{"href":"https:\/\/ipoweb.bruxelles.be\/emileandre\/index.php?rest_route=\/wp\/v2\/pages"}],"about":[{"href":"https:\/\/ipoweb.bruxelles.be\/emileandre\/index.php?rest_route=\/wp\/v2\/types\/page"}],"author":[{"embeddable":true,"href":"https:\/\/ipoweb.bruxelles.be\/emileandre\/index.php?rest_route=\/wp\/v2\/users\/11"}],"replies":[{"embeddable":true,"href":"https:\/\/ipoweb.bruxelles.be\/emileandre\/index.php?rest_route=%2Fwp%2Fv2%2Fcomments&post=3535"}],"version-history":[{"count":5,"href":"https:\/\/ipoweb.bruxelles.be\/emileandre\/index.php?rest_route=\/wp\/v2\/pages\/3535\/revisions"}],"predecessor-version":[{"id":5895,"href":"https:\/\/ipoweb.bruxelles.be\/emileandre\/index.php?rest_route=\/wp\/v2\/pages\/3535\/revisions\/5895"}],"wp:attachment":[{"href":"https:\/\/ipoweb.bruxelles.be\/emileandre\/index.php?rest_route=%2Fwp%2Fv2%2Fmedia&parent=3535"}],"curies":[{"name":"wp","href":"https:\/\/api.w.org\/{rel}","templated":true}]}}

<p>Trois fois sur l&rsquo;année, un rendez-vous vous sera proposé par le biais du journal de classe ou de la farde de communications pour une rencontre au tour du portfolio, en classe.<br></p>



<p>Lors de ces rencontres, votre enfant vous présentera son portfolio et son bulletin de compétences. Ce sera l&rsquo;occasion d&rsquo;écouter votre enfant vous partager toutes les compétences acquises et peut-être les difficultés restantes. Vous aurez aussi l&rsquo;occasion de parler de tout cela avec l&rsquo;enseignant.e de votre enfant.</p>



<p><br></p>

<p>Trois fois sur l&rsquo;année, un rendez-vous vous sera proposé par le biais du journal de classe ou de la farde de communications pour une rencontre au tour du portfolio, en classe. Lors de ces rencontres, votre enfant vous présentera son portfolio et son bulletin de compétences. Ce sera l&rsquo;occasion d&rsquo;écouter votre enfant vous partager toutes [&hellip;]</p>
