{"id":45,"date":"2021-10-05T10:36:24","date_gmt":"2021-10-05T08:36:24","guid":{"rendered":"http:\/\/ipoweb.bruxelles.be\/iam\/?page_id=45"},"modified":"2025-09-30T11:02:36","modified_gmt":"2025-09-30T09:02:36","slug":"contact","status":"publish","type":"page","link":"https:\/\/ipoweb.bruxelles.be\/iam\/contact\/","title":{"rendered":"Contact"},"content":{"rendered":"\n<div class=\"wp-block-columns alignwide is-layout-flex wp-container-3 wp-block-columns-is-layout-flex\">\n<div class=\"wp-block-column is-layout-flow wp-block-column-is-layout-flow\">\n<iframe src=\"https:\/\/www.google.com\/maps\/embed?pb=!1m18!1m12!1m3!1d4355.997840466124!2d4.3349350777832205!3d50.84725317167059!2m3!1f0!2f0!3f0!3m2!1i1024!2i768!4f13.1!3m3!1m2!1s0x47c3c47597c054f7%3A0x588f8de5b5604306!2sBd%20de%20l&#39;Abattoir%2050%2C%201000%20Bruxelles!5e1!3m2!1sfr!2sbe!4v1759222936352!5m2!1sfr!2sbe\" width=\"600\" height=\"450\" style=\"border:0;\" allowfullscreen=\"\" loading=\"lazy\" referrerpolicy=\"no-referrer-when-downgrade\"><\/iframe>\n<\/div>\n\n\n\n<div class=\"wp-block-column is-layout-flow wp-block-column-is-layout-flow\">\n<p><strong>Institut des Arts et M\u00e9tiers<\/strong><\/p>\n\n\n\n<p>Campus des Arts et M\u00e9tiers<br>Boulevard de l\u2019Abattoir 50<br>1000 Bruxelles<\/p>\n\n\n\n<p>Tel&nbsp;: 02\/279.48.77<br>Mail&nbsp;: <a href=\"mailto:sec.iam@brucity.education\">sec.iam@brucity.education<\/a><br>Facebook&nbsp;: Institut des Arts et M\u00e9tiers<br>Instagram&nbsp;: IAM_VBXL<\/p>\n\n\n\n<p><strong>Transports en commun<\/strong><\/p>\n\n\n\n<p>Tram 51 et 82<br>Arr\u00eat&nbsp;: Arts et M\u00e9tiers<br>M\u00e9tro&nbsp;: Compte de Flandre<br>Gare du Midi<br>Bus De Lijn 127 et 128<\/p>\n<\/div>\n<\/div>\n","protected":false},"excerpt":{"rendered":"<p>Institut des Arts et M\u00e9tiers Campus des Arts et M\u00e9tiersBoulevard de l\u2019Abattoir 501000 Bruxelles Tel&nbsp;: 02\/279.48.77Mail&nbsp;: sec.iam@brucity.educationFacebook&nbsp;: Institut des Arts et M\u00e9tiersInstagram&nbsp;: IAM_VBXL Transports en commun Tram 51 et 82Arr\u00eat&nbsp;: Arts et M\u00e9tiersM\u00e9tro&nbsp;: Compte de FlandreGare du MidiBus De Lijn 127 et 128<\/p>\n","protected":false},"author":1,"featured_media":0,"parent":0,"menu_order":0,"comment_status":"closed","ping_status":"closed","template":"","meta":{"footnotes":""},"_links":{"self":[{"href":"https:\/\/ipoweb.bruxelles.be\/iam\/wp-json\/wp\/v2\/pages\/45"}],"collection":[{"href":"https:\/\/ipoweb.bruxelles.be\/iam\/wp-json\/wp\/v2\/pages"}],"about":[{"href":"https:\/\/ipoweb.bruxelles.be\/iam\/wp-json\/wp\/v2\/types\/page"}],"author":[{"embeddable":true,"href":"https:\/\/ipoweb.bruxelles.be\/iam\/wp-json\/wp\/v2\/users\/1"}],"replies":[{"embeddable":true,"href":"https:\/\/ipoweb.bruxelles.be\/iam\/wp-json\/wp\/v2\/comments?post=45"}],"version-history":[{"count":23,"href":"https:\/\/ipoweb.bruxelles.be\/iam\/wp-json\/wp\/v2\/pages\/45\/revisions"}],"predecessor-version":[{"id":379,"href":"https:\/\/ipoweb.bruxelles.be\/iam\/wp-json\/wp\/v2\/pages\/45\/revisions\/379"}],"wp:attachment":[{"href":"https:\/\/ipoweb.bruxelles.be\/iam\/wp-json\/wp\/v2\/media?parent=45"}],"curies":[{"name":"wp","href":"https:\/\/api.w.org\/{rel}","templated":true}]}}