{"id":102,"date":"2020-04-23T15:28:49","date_gmt":"2020-04-23T13:28:49","guid":{"rendered":"http:\/\/ipoweb.bruxelles.be\/lepage\/?page_id=102"},"modified":"2024-06-27T12:29:13","modified_gmt":"2024-06-27T10:29:13","slug":"parascolaire","status":"publish","type":"page","link":"https:\/\/ipoweb.bruxelles.be\/lepage\/?page_id=102","title":{"rendered":"Nouvelles technologies"},"content":{"rendered":"\n<p><\/p>\n\n\n\n<p><strong>Technologies immersives.<\/strong><\/p>\n\n\n\n<figure class=\"wp-block-gallery has-nested-images columns-default is-cropped wp-block-gallery-1 is-layout-flex wp-block-gallery-is-layout-flex\">\n<figure class=\"wp-block-image size-large\"><img decoding=\"async\" loading=\"lazy\" width=\"960\" height=\"720\" data-id=\"1210\" src=\"https:\/\/ipoweb.bruxelles.be\/lepage\/wp-content\/uploads\/2024\/06\/Diapositive1.jpg\" alt=\"\" class=\"wp-image-1210\" srcset=\"https:\/\/ipoweb.bruxelles.be\/lepage\/wp-content\/uploads\/2024\/06\/Diapositive1.jpg 960w, https:\/\/ipoweb.bruxelles.be\/lepage\/wp-content\/uploads\/2024\/06\/Diapositive1-300x225.jpg 300w, https:\/\/ipoweb.bruxelles.be\/lepage\/wp-content\/uploads\/2024\/06\/Diapositive1-768x576.jpg 768w\" sizes=\"(max-width: 960px) 100vw, 960px\" \/><\/figure>\n\n\n\n<figure class=\"wp-block-image size-large\"><img decoding=\"async\" loading=\"lazy\" width=\"960\" height=\"720\" data-id=\"1212\" src=\"https:\/\/ipoweb.bruxelles.be\/lepage\/wp-content\/uploads\/2024\/06\/Diapositive3.jpg\" alt=\"\" class=\"wp-image-1212\" srcset=\"https:\/\/ipoweb.bruxelles.be\/lepage\/wp-content\/uploads\/2024\/06\/Diapositive3.jpg 960w, https:\/\/ipoweb.bruxelles.be\/lepage\/wp-content\/uploads\/2024\/06\/Diapositive3-300x225.jpg 300w, https:\/\/ipoweb.bruxelles.be\/lepage\/wp-content\/uploads\/2024\/06\/Diapositive3-768x576.jpg 768w\" sizes=\"(max-width: 960px) 100vw, 960px\" \/><\/figure>\n\n\n\n<figure class=\"wp-block-image size-large\"><img decoding=\"async\" loading=\"lazy\" width=\"960\" height=\"720\" data-id=\"1211\" src=\"https:\/\/ipoweb.bruxelles.be\/lepage\/wp-content\/uploads\/2024\/06\/Diapositive2.jpg\" alt=\"\" class=\"wp-image-1211\" srcset=\"https:\/\/ipoweb.bruxelles.be\/lepage\/wp-content\/uploads\/2024\/06\/Diapositive2.jpg 960w, https:\/\/ipoweb.bruxelles.be\/lepage\/wp-content\/uploads\/2024\/06\/Diapositive2-300x225.jpg 300w, https:\/\/ipoweb.bruxelles.be\/lepage\/wp-content\/uploads\/2024\/06\/Diapositive2-768x576.jpg 768w\" sizes=\"(max-width: 960px) 100vw, 960px\" \/><\/figure>\n\n\n\n<figure class=\"wp-block-image size-large\"><img decoding=\"async\" loading=\"lazy\" width=\"960\" height=\"720\" data-id=\"1213\" src=\"https:\/\/ipoweb.bruxelles.be\/lepage\/wp-content\/uploads\/2024\/06\/Diapositive4.jpg\" alt=\"\" class=\"wp-image-1213\" srcset=\"https:\/\/ipoweb.bruxelles.be\/lepage\/wp-content\/uploads\/2024\/06\/Diapositive4.jpg 960w, https:\/\/ipoweb.bruxelles.be\/lepage\/wp-content\/uploads\/2024\/06\/Diapositive4-300x225.jpg 300w, https:\/\/ipoweb.bruxelles.be\/lepage\/wp-content\/uploads\/2024\/06\/Diapositive4-768x576.jpg 768w\" sizes=\"(max-width: 960px) 100vw, 960px\" \/><\/figure>\n<\/figure>\n\n\n\n<p class=\"has-text-align-left\">Messieurs Adile et Boutara professeurs de g\u00e9ographie&nbsp;et des math\u00e9matiques, sous la coupole de Monsieur Rafik KIOUAH directeur de l&rsquo;Ath\u00e9n\u00e9e L\u00e9on Lepage, ont organis\u00e9 une sortie avec les \u00e9l\u00e8ves des sciences,&nbsp;ces derniers \u00e9taient les invit\u00e9s d&rsquo;honneur pour la seconde fois au Forum de la technologie immersive organis\u00e9 par <a href=\"https:\/\/eur05.safelinks.protection.outlook.com\/?url=https%3A%2F%2Fwww.linkedin.com%2Ffeed%2F%23&amp;data=05%7C01%7CRafik.Kiouah%40brucity.education%7Cc677b0be7a994c8042c308dbe98df6db%7Cbd6a3cb8c4b84aa6998e2fad5737002c%7C0%7C0%7C638360568174963725%7CUnknown%7CTWFpbGZsb3d8eyJWIjoiMC4wLjAwMDAiLCJQIjoiV2luMzIiLCJBTiI6Ik1haWwiLCJXVCI6Mn0%3D%7C3000%7C%7C%7C&amp;sdata=iFfIypQbJmbNhXsKzGmSWjOtHMJk%2F2YTEqdxWNVmfyI%3D&amp;reserved=0\">XR4Europe<\/a>&nbsp;et <a href=\"https:\/\/eur05.safelinks.protection.outlook.com\/?url=https%3A%2F%2Fwww.linkedin.com%2Ffeed%2F%23&amp;data=05%7C01%7CRafik.Kiouah%40brucity.education%7Cc677b0be7a994c8042c308dbe98df6db%7Cbd6a3cb8c4b84aa6998e2fad5737002c%7C0%7C0%7C638360568174963725%7CUnknown%7CTWFpbGZsb3d8eyJWIjoiMC4wLjAwMDAiLCJQIjoiV2luMzIiLCJBTiI6Ik1haWwiLCJXVCI6Mn0%3D%7C3000%7C%7C%7C&amp;sdata=iFfIypQbJmbNhXsKzGmSWjOtHMJk%2F2YTEqdxWNVmfyI%3D&amp;reserved=0\">Stereopsia EUROPE<\/a>&nbsp;qui a eu lieu \u00e0 la Maison de la Poste \u00e0 Tour et Taxis la semaine du 16 octobre dernier.&nbsp;Pendant une journ\u00e9e, nos \u00e9l\u00e8ves \u00e9taient \u00e9merveill\u00e9s devant les techniques des domaines de VR, XR, M\u00e9tavers, le monde virtuel, la rencontre avec les professionnels de la r\u00e9alit\u00e9 augment\u00e9e et surtout le paquet d&rsquo;inspiration de la conf\u00e9rence pr\u00e9sid\u00e9 par Monsieur <a href=\"https:\/\/eur05.safelinks.protection.outlook.com\/?url=https%3A%2F%2Fwww.linkedin.com%2Ffeed%2F%23&amp;data=05%7C01%7CRafik.Kiouah%40brucity.education%7Cc677b0be7a994c8042c308dbe98df6db%7Cbd6a3cb8c4b84aa6998e2fad5737002c%7C0%7C0%7C638360568174963725%7CUnknown%7CTWFpbGZsb3d8eyJWIjoiMC4wLjAwMDAiLCJQIjoiV2luMzIiLCJBTiI6Ik1haWwiLCJXVCI6Mn0%3D%7C3000%7C%7C%7C&amp;sdata=iFfIypQbJmbNhXsKzGmSWjOtHMJk%2F2YTEqdxWNVmfyI%3D&amp;reserved=0\">Alain Gallez XR<\/a>&nbsp;pr\u00e9sident de <a href=\"https:\/\/eur05.safelinks.protection.outlook.com\/?url=https%3A%2F%2Fwww.linkedin.com%2Ffeed%2F%23&amp;data=05%7C01%7CRafik.Kiouah%40brucity.education%7Cc677b0be7a994c8042c308dbe98df6db%7Cbd6a3cb8c4b84aa6998e2fad5737002c%7C0%7C0%7C638360568174963725%7CUnknown%7CTWFpbGZsb3d8eyJWIjoiMC4wLjAwMDAiLCJQIjoiV2luMzIiLCJBTiI6Ik1haWwiLCJXVCI6Mn0%3D%7C3000%7C%7C%7C&amp;sdata=iFfIypQbJmbNhXsKzGmSWjOtHMJk%2F2YTEqdxWNVmfyI%3D&amp;reserved=0\">Stereopsia EUROPE<\/a>, qui a fait r\u00eaver tous les \u00e9l\u00e8ves sans exception. <\/p>\n\n\n\n<p class=\"has-text-align-left\">Un tout grand merci \u00e0 toute l&rsquo;\u00e9quipe de <a href=\"https:\/\/eur05.safelinks.protection.outlook.com\/?url=https%3A%2F%2Fwww.linkedin.com%2Ffeed%2F%23&amp;data=05%7C01%7CRafik.Kiouah%40brucity.education%7Cc677b0be7a994c8042c308dbe98df6db%7Cbd6a3cb8c4b84aa6998e2fad5737002c%7C0%7C0%7C638360568174963725%7CUnknown%7CTWFpbGZsb3d8eyJWIjoiMC4wLjAwMDAiLCJQIjoiV2luMzIiLCJBTiI6Ik1haWwiLCJXVCI6Mn0%3D%7C3000%7C%7C%7C&amp;sdata=iFfIypQbJmbNhXsKzGmSWjOtHMJk%2F2YTEqdxWNVmfyI%3D&amp;reserved=0\">Stereopsia EUROPE<\/a>&nbsp;pour l&rsquo;accueil qu&rsquo;elle nous a r\u00e9serv\u00e9.<\/p>\n\n\n\n<p class=\"has-text-align-left\"><strong><em><u>CAPSULE VIDEO :<\/u><\/em><\/strong><\/p>\n\n\n\n<p><strong><em><u>Sur YouTube :<\/u><\/em><\/strong><\/p>\n\n\n\n<p><a href=\"https:\/\/eur05.safelinks.protection.outlook.com\/?url=https%3A%2F%2Fwww.youtube.com%2Fwatch%3Fv%3DU30WvXWoZ3w&amp;data=05%7C01%7CRafik.Kiouah%40brucity.education%7Cc677b0be7a994c8042c308dbe98df6db%7Cbd6a3cb8c4b84aa6998e2fad5737002c%7C0%7C0%7C638360568174963725%7CUnknown%7CTWFpbGZsb3d8eyJWIjoiMC4wLjAwMDAiLCJQIjoiV2luMzIiLCJBTiI6Ik1haWwiLCJXVCI6Mn0%3D%7C3000%7C%7C%7C&amp;sdata=L%2FZHK%2FTV5Sxzc%2F6V4p4DYxURqHSptxWbQcIw09WlxBA%3D&amp;reserved=0\">(54) Visite du Forum \u00ab\u00a0technologie immersive\u00a0\u00bb organis\u00e9 par XR4Europe et Stereopsia EUROPE, \u00e9dition 2023. &#8211; YouTube<\/a><\/p>\n\n\n\n<p><\/p>\n\n\n\n<p> Les photos et vid\u00e9os sont prises par Mr. <em><u>Younes BOUTARA (professeur des math\u00e9matiques \u00e0 l&rsquo;ALL)<\/u><\/em>.<\/p>\n","protected":false},"excerpt":{"rendered":"<p>Technologies immersives. Messieurs Adile et Boutara professeurs de g\u00e9ographie&nbsp;et des math\u00e9matiques, sous la coupole de Monsieur Rafik KIOUAH directeur de l&rsquo;Ath\u00e9n\u00e9e L\u00e9on Lepage, ont organis\u00e9 une sortie avec les \u00e9l\u00e8ves des sciences,&nbsp;ces derniers \u00e9taient les invit\u00e9s d&rsquo;honneur pour la seconde fois au Forum de la technologie immersive organis\u00e9 par XR4Europe&nbsp;et Stereopsia EUROPE&nbsp;qui a eu lieu [&hellip;]<\/p>\n","protected":false},"author":2,"featured_media":0,"parent":0,"menu_order":0,"comment_status":"closed","ping_status":"closed","template":"","meta":{"footnotes":""},"_links":{"self":[{"href":"https:\/\/ipoweb.bruxelles.be\/lepage\/index.php?rest_route=\/wp\/v2\/pages\/102"}],"collection":[{"href":"https:\/\/ipoweb.bruxelles.be\/lepage\/index.php?rest_route=\/wp\/v2\/pages"}],"about":[{"href":"https:\/\/ipoweb.bruxelles.be\/lepage\/index.php?rest_route=\/wp\/v2\/types\/page"}],"author":[{"embeddable":true,"href":"https:\/\/ipoweb.bruxelles.be\/lepage\/index.php?rest_route=\/wp\/v2\/users\/2"}],"replies":[{"embeddable":true,"href":"https:\/\/ipoweb.bruxelles.be\/lepage\/index.php?rest_route=%2Fwp%2Fv2%2Fcomments&post=102"}],"version-history":[{"count":5,"href":"https:\/\/ipoweb.bruxelles.be\/lepage\/index.php?rest_route=\/wp\/v2\/pages\/102\/revisions"}],"predecessor-version":[{"id":1214,"href":"https:\/\/ipoweb.bruxelles.be\/lepage\/index.php?rest_route=\/wp\/v2\/pages\/102\/revisions\/1214"}],"wp:attachment":[{"href":"https:\/\/ipoweb.bruxelles.be\/lepage\/index.php?rest_route=%2Fwp%2Fv2%2Fmedia&parent=102"}],"curies":[{"name":"wp","href":"https:\/\/api.w.org\/{rel}","templated":true}]}}