{"id":21,"date":"2020-04-21T15:51:12","date_gmt":"2020-04-21T13:51:12","guid":{"rendered":"http:\/\/ipoweb.bruxelles.be\/lepage\/?page_id=21"},"modified":"2026-03-03T10:59:29","modified_gmt":"2026-03-03T09:59:29","slug":"voyages","status":"publish","type":"page","link":"https:\/\/ipoweb.bruxelles.be\/lepage\/?page_id=21","title":{"rendered":"Voyages scolaires"},"content":{"rendered":"\n<p class=\"has-medium-font-size\"><strong><span style=\"text-decoration: underline;\">Inscription \u2013 1\u00e8re Ann\u00e9e secondaire 2025-2026<br><\/span><\/strong><\/p>\n\n\n\n<p>Dans le cadre du cours de Technologie, les \u00e9l\u00e8ves de premi\u00e8re ann\u00e9e de l\u2019ALL ont r\u00e9alis\u00e9 ensemble une pr\u00e9sentation interactive sur leur voyage de d\u00e9but d\u2019ann\u00e9e dans la magnifique r\u00e9gion de Spa.<br>Nous vous invitons \u00e0 cliquer sur le lien pour d\u00e9couvrir leur travail et revivre cette belle exp\u00e9rience avec eux !<\/p>\n\n\n\n<figure class=\"wp-block-image\"><a href=\"https:\/\/eur05.safelinks.protection.outlook.com\/?url=https%3A%2F%2Fview.genially.com%2F6926f5a4ac43f90b617cfa1c%2Finteractive-content-le-voyage-des-premieres-au-domaine-de-mambaye&amp;data=05%7C02%7Csameh.jabnoun%40brucity.education%7C5884da5a31bb455c36ff08de6a40eb0f%7Cbd6a3cb8c4b84aa6998e2fad5737002c%7C0%7C0%7C639065024199468533%7CUnknown%7CTWFpbGZsb3d8eyJFbXB0eU1hcGkiOnRydWUsIlYiOiIwLjAuMDAwMCIsIlAiOiJXaW4zMiIsIkFOIjoiTWFpbCIsIldUIjoyfQ%3D%3D%7C0%7C%7C%7C&amp;sdata=FV86W52UR%2BMpNRhV6H%2B9daXoej2iPSsifivOZ%2BwbXYs%3D&amp;reserved=0\"><img decoding=\"async\" loading=\"lazy\" width=\"1024\" height=\"572\" src=\"https:\/\/ipoweb.bruxelles.be\/lepage\/wp-content\/uploads\/2026\/02\/Capture-decran-2026-02-13-a-12.22.00-1024x572.png\" alt=\"\" class=\"wp-image-1653\" srcset=\"https:\/\/ipoweb.bruxelles.be\/lepage\/wp-content\/uploads\/2026\/02\/Capture-decran-2026-02-13-a-12.22.00-1024x572.png 1024w, https:\/\/ipoweb.bruxelles.be\/lepage\/wp-content\/uploads\/2026\/02\/Capture-decran-2026-02-13-a-12.22.00-300x168.png 300w, https:\/\/ipoweb.bruxelles.be\/lepage\/wp-content\/uploads\/2026\/02\/Capture-decran-2026-02-13-a-12.22.00-768x429.png 768w, https:\/\/ipoweb.bruxelles.be\/lepage\/wp-content\/uploads\/2026\/02\/Capture-decran-2026-02-13-a-12.22.00-1536x858.png 1536w, https:\/\/ipoweb.bruxelles.be\/lepage\/wp-content\/uploads\/2026\/02\/Capture-decran-2026-02-13-a-12.22.00-2048x1144.png 2048w\" sizes=\"(max-width: 1024px) 100vw, 1024px\" \/><\/a><\/figure>\n\n\n\n<p class=\"has-text-align-center\">_________________________________________________________________________________________<\/p>\n\n\n\n<p>La scolarit\u00e9 en secondaire des \u00e9l\u00e8ves de l&rsquo;Ath\u00e9n\u00e9e est rythm\u00e9e par trois gros voyages aux int\u00e9r\u00eats p\u00e9dagogiques diff\u00e9rents.<\/p>\n\n\n\n<ul>\n<li>Le premier voyage : \u00ab\u00a0Le voyage de premi\u00e8re\u00a0\u00bb est r\u00e9alis\u00e9 quelques jours apr\u00e8s la rentr\u00e9e de l&rsquo;\u00e9l\u00e8ve en secondaire. Il se d\u00e9roule en Belgique et ne dure que deux ou trois jours.<\/li>\n<\/ul>\n\n\n\n<figure class=\"wp-block-gallery aligncenter has-nested-images columns-default is-cropped wp-block-gallery-1 is-layout-flex wp-block-gallery-is-layout-flex\">\n<figure class=\"wp-block-image size-large\"><img decoding=\"async\" loading=\"lazy\" width=\"1024\" height=\"1024\" data-id=\"218\" src=\"https:\/\/ipoweb.bruxelles.be\/lepage\/wp-content\/uploads\/2020\/06\/VSIV2748-1024x1024.jpg\" alt=\"Dans un chateau...la nuit...en pleine d\u00e9couverte de la nature...\" class=\"wp-image-218\" srcset=\"https:\/\/ipoweb.bruxelles.be\/lepage\/wp-content\/uploads\/2020\/06\/VSIV2748-1024x1024.jpg 1024w, https:\/\/ipoweb.bruxelles.be\/lepage\/wp-content\/uploads\/2020\/06\/VSIV2748-300x300.jpg 300w, https:\/\/ipoweb.bruxelles.be\/lepage\/wp-content\/uploads\/2020\/06\/VSIV2748-150x150.jpg 150w, https:\/\/ipoweb.bruxelles.be\/lepage\/wp-content\/uploads\/2020\/06\/VSIV2748-768x768.jpg 768w, https:\/\/ipoweb.bruxelles.be\/lepage\/wp-content\/uploads\/2020\/06\/VSIV2748-1536x1536.jpg 1536w, https:\/\/ipoweb.bruxelles.be\/lepage\/wp-content\/uploads\/2020\/06\/VSIV2748-2048x2048.jpg 2048w, https:\/\/ipoweb.bruxelles.be\/lepage\/wp-content\/uploads\/2020\/06\/VSIV2748-60x60.jpg 60w\" sizes=\"(max-width: 1024px) 100vw, 1024px\" \/><figcaption class=\"wp-element-caption\">Chateau de Bouillon la nuit<\/figcaption><\/figure>\n\n\n\n<figure class=\"wp-block-image size-large\"><img decoding=\"async\" loading=\"lazy\" width=\"446\" height=\"540\" data-id=\"217\" src=\"https:\/\/ipoweb.bruxelles.be\/lepage\/wp-content\/uploads\/2020\/06\/flambeau.png\" alt=\"\" class=\"wp-image-217\" srcset=\"https:\/\/ipoweb.bruxelles.be\/lepage\/wp-content\/uploads\/2020\/06\/flambeau.png 446w, https:\/\/ipoweb.bruxelles.be\/lepage\/wp-content\/uploads\/2020\/06\/flambeau-248x300.png 248w\" sizes=\"(max-width: 446px) 100vw, 446px\" \/><figcaption class=\"wp-element-caption\">Chateau de Bouillon la nuit<\/figcaption><\/figure>\n\n\n\n<figure class=\"wp-block-image size-large\"><img decoding=\"async\" loading=\"lazy\" width=\"1024\" height=\"768\" data-id=\"216\" src=\"https:\/\/ipoweb.bruxelles.be\/lepage\/wp-content\/uploads\/2020\/06\/BPBW9490-1024x768.jpg\" alt=\"\" class=\"wp-image-216\" srcset=\"https:\/\/ipoweb.bruxelles.be\/lepage\/wp-content\/uploads\/2020\/06\/BPBW9490-1024x768.jpg 1024w, https:\/\/ipoweb.bruxelles.be\/lepage\/wp-content\/uploads\/2020\/06\/BPBW9490-300x225.jpg 300w, https:\/\/ipoweb.bruxelles.be\/lepage\/wp-content\/uploads\/2020\/06\/BPBW9490-768x576.jpg 768w, https:\/\/ipoweb.bruxelles.be\/lepage\/wp-content\/uploads\/2020\/06\/BPBW9490-1536x1152.jpg 1536w, https:\/\/ipoweb.bruxelles.be\/lepage\/wp-content\/uploads\/2020\/06\/BPBW9490.jpg 1920w\" sizes=\"(max-width: 1024px) 100vw, 1024px\" \/><figcaption class=\"wp-element-caption\">Pause d\u00e9couverte durant une promenade champ\u00eatre<\/figcaption><\/figure>\n<\/figure>\n\n\n\n<p>Il a pour principal but, la coh\u00e9sion de groupe. C&rsquo;est un voyage qui permet aux \u00e9l\u00e8ves et aux professeurs de partager des moments p\u00e9dagogiques, ludiques et de d\u00e9couvertes communes. <\/p>\n\n\n\n<p>En suscitant l&rsquo;apprentissage social et la connaissance de soi. <\/p>\n\n\n\n<p>Il permettra au nouvel \u00e9l\u00e8ve de trouver sa place dans cette nouvelle \u00e9tape de sa scolarit\u00e9, au sein de l&rsquo;\u00e9tablissement et de son groupe classe.<\/p>\n\n\n\n<ul>\n<li>En troisi\u00e8me ann\u00e9e, le voyage est surtout culturel, il se d\u00e9roule en Europe durant une semaine. C&rsquo;est un voyage \u00e9ducatif permettant de s&rsquo;ouvrir \u00e0 une culture ou des styles de vie diff\u00e9rents tout en faisant des liens directs avec le programme scolaire que ce soit en g\u00e9ographie, latin, histoire, science etc&#8230; <\/li>\n<\/ul>\n\n\n\n<p>Afin de consolider les relations entre les apprentissages scolaires et le monde \u00ab\u00a0en dehors de l&rsquo;\u00e9cole\u00a0\u00bb.<\/p>\n\n\n\n<ul>\n<li>En sixi\u00e8me, \u00ab\u00a0le voyage de rh\u00e9to\u00a0\u00bb se concr\u00e9tise par une semaine en Europe. Il est une \u00e9tape de cl\u00f4ture de la scolarit\u00e9 en secondaire<em>.<\/em> C&rsquo;est un voyage qui m\u00e9lange coh\u00e9sion de groupe, apprentissages, d\u00e9couvertes culturelles et moments de plaisirs partag\u00e9s.<\/li>\n<\/ul>\n\n\n\n<figure class=\"wp-block-gallery has-nested-images columns-default is-cropped wp-block-gallery-3 is-layout-flex wp-block-gallery-is-layout-flex\">\n<figure class=\"wp-block-image size-large\"><img decoding=\"async\" loading=\"lazy\" width=\"443\" height=\"332\" data-id=\"255\" src=\"https:\/\/ipoweb.bruxelles.be\/lepage\/wp-content\/uploads\/2020\/06\/rheto-grece.jpg\" alt=\"\" class=\"wp-image-255\" srcset=\"https:\/\/ipoweb.bruxelles.be\/lepage\/wp-content\/uploads\/2020\/06\/rheto-grece.jpg 443w, https:\/\/ipoweb.bruxelles.be\/lepage\/wp-content\/uploads\/2020\/06\/rheto-grece-300x225.jpg 300w\" sizes=\"(max-width: 443px) 100vw, 443px\" \/><figcaption class=\"wp-element-caption\">En Gr\u00e8ce 2017\/2018<\/figcaption><\/figure>\n\n\n\n<figure class=\"wp-block-image size-large\"><img decoding=\"async\" loading=\"lazy\" width=\"443\" height=\"364\" data-id=\"253\" src=\"https:\/\/ipoweb.bruxelles.be\/lepage\/wp-content\/uploads\/2020\/06\/rhetogrece3.jpg\" alt=\"\" class=\"wp-image-253\" srcset=\"https:\/\/ipoweb.bruxelles.be\/lepage\/wp-content\/uploads\/2020\/06\/rhetogrece3.jpg 443w, https:\/\/ipoweb.bruxelles.be\/lepage\/wp-content\/uploads\/2020\/06\/rhetogrece3-300x247.jpg 300w\" sizes=\"(max-width: 443px) 100vw, 443px\" \/><figcaption class=\"wp-element-caption\">En Gr\u00e8ce 2017\/2018<\/figcaption><\/figure>\n\n\n\n<figure class=\"wp-block-image size-large\"><img decoding=\"async\" loading=\"lazy\" width=\"443\" height=\"332\" data-id=\"254\" src=\"https:\/\/ipoweb.bruxelles.be\/lepage\/wp-content\/uploads\/2020\/06\/retho-gre\u0300ce2.jpg\" alt=\"\" class=\"wp-image-254\" srcset=\"https:\/\/ipoweb.bruxelles.be\/lepage\/wp-content\/uploads\/2020\/06\/retho-gre\u0300ce2.jpg 443w, https:\/\/ipoweb.bruxelles.be\/lepage\/wp-content\/uploads\/2020\/06\/retho-gre\u0300ce2-300x225.jpg 300w\" sizes=\"(max-width: 443px) 100vw, 443px\" \/><figcaption class=\"wp-element-caption\">En Gr\u00e8ce 2017\/2018<\/figcaption><\/figure>\n<\/figure>\n\n\n\n<p>Il permet de cr\u00e9er des souvenirs forts et peut symboliser cette pr\u00e9paration \u00e0 un \u00ab\u00a0nouveau d\u00e9part\u00a0\u00bb pour les \u00e9l\u00e8ves.<\/p>\n","protected":false},"excerpt":{"rendered":"<p>Inscription \u2013 1\u00e8re Ann\u00e9e secondaire 2025-2026 Dans le cadre du cours de Technologie, les \u00e9l\u00e8ves de premi\u00e8re ann\u00e9e de l\u2019ALL ont r\u00e9alis\u00e9 ensemble une pr\u00e9sentation interactive sur leur voyage de d\u00e9but d\u2019ann\u00e9e dans la magnifique r\u00e9gion de Spa.Nous vous invitons \u00e0 cliquer sur le lien pour d\u00e9couvrir leur travail et revivre cette belle exp\u00e9rience avec [&hellip;]<\/p>\n","protected":false},"author":1,"featured_media":0,"parent":0,"menu_order":0,"comment_status":"closed","ping_status":"closed","template":"","meta":{"footnotes":""},"_links":{"self":[{"href":"https:\/\/ipoweb.bruxelles.be\/lepage\/index.php?rest_route=\/wp\/v2\/pages\/21"}],"collection":[{"href":"https:\/\/ipoweb.bruxelles.be\/lepage\/index.php?rest_route=\/wp\/v2\/pages"}],"about":[{"href":"https:\/\/ipoweb.bruxelles.be\/lepage\/index.php?rest_route=\/wp\/v2\/types\/page"}],"author":[{"embeddable":true,"href":"https:\/\/ipoweb.bruxelles.be\/lepage\/index.php?rest_route=\/wp\/v2\/users\/1"}],"replies":[{"embeddable":true,"href":"https:\/\/ipoweb.bruxelles.be\/lepage\/index.php?rest_route=%2Fwp%2Fv2%2Fcomments&post=21"}],"version-history":[{"count":20,"href":"https:\/\/ipoweb.bruxelles.be\/lepage\/index.php?rest_route=\/wp\/v2\/pages\/21\/revisions"}],"predecessor-version":[{"id":1672,"href":"https:\/\/ipoweb.bruxelles.be\/lepage\/index.php?rest_route=\/wp\/v2\/pages\/21\/revisions\/1672"}],"wp:attachment":[{"href":"https:\/\/ipoweb.bruxelles.be\/lepage\/index.php?rest_route=%2Fwp%2Fv2%2Fmedia&parent=21"}],"curies":[{"name":"wp","href":"https:\/\/api.w.org\/{rel}","templated":true}]}}

<p class="has-medium-font-size"><strong><span style="text-decoration: underline;">Inscription – 1ère Année secondaire 2025-2026<br></span></strong></p>



<p>Dans le cadre du cours de Technologie, les élèves de première année de l’ALL ont réalisé ensemble une présentation interactive sur leur voyage de début d’année dans la magnifique région de Spa.<br>Nous vous invitons à cliquer sur le lien pour découvrir leur travail et revivre cette belle expérience avec eux !</p>



<figure class="wp-block-image"><a href="https://eur05.safelinks.protection.outlook.com/?url=https%3A%2F%2Fview.genially.com%2F6926f5a4ac43f90b617cfa1c%2Finteractive-content-le-voyage-des-premieres-au-domaine-de-mambaye&amp;data=05%7C02%7Csameh.jabnoun%40brucity.education%7C5884da5a31bb455c36ff08de6a40eb0f%7Cbd6a3cb8c4b84aa6998e2fad5737002c%7C0%7C0%7C639065024199468533%7CUnknown%7CTWFpbGZsb3d8eyJFbXB0eU1hcGkiOnRydWUsIlYiOiIwLjAuMDAwMCIsIlAiOiJXaW4zMiIsIkFOIjoiTWFpbCIsIldUIjoyfQ%3D%3D%7C0%7C%7C%7C&amp;sdata=FV86W52UR%2BMpNRhV6H%2B9daXoej2iPSsifivOZ%2BwbXYs%3D&amp;reserved=0"><img decoding="async" loading="lazy" width="1024" height="572" src="https://ipoweb.bruxelles.be/lepage/wp-content/uploads/2026/02/Capture-decran-2026-02-13-a-12.22.00-1024x572.png" alt="" class="wp-image-1653" srcset="https://ipoweb.bruxelles.be/lepage/wp-content/uploads/2026/02/Capture-decran-2026-02-13-a-12.22.00-1024x572.png 1024w, https://ipoweb.bruxelles.be/lepage/wp-content/uploads/2026/02/Capture-decran-2026-02-13-a-12.22.00-300x168.png 300w, https://ipoweb.bruxelles.be/lepage/wp-content/uploads/2026/02/Capture-decran-2026-02-13-a-12.22.00-768x429.png 768w, https://ipoweb.bruxelles.be/lepage/wp-content/uploads/2026/02/Capture-decran-2026-02-13-a-12.22.00-1536x858.png 1536w, https://ipoweb.bruxelles.be/lepage/wp-content/uploads/2026/02/Capture-decran-2026-02-13-a-12.22.00-2048x1144.png 2048w" sizes="(max-width: 1024px) 100vw, 1024px" /></a></figure>



<p class="has-text-align-center">_________________________________________________________________________________________</p>



<p>La scolarité en secondaire des élèves de l&rsquo;Athénée est rythmée par trois gros voyages aux intérêts pédagogiques différents.</p>



<ul>
<li>Le premier voyage : « Le voyage de première » est réalisé quelques jours après la rentrée de l&rsquo;élève en secondaire. Il se déroule en Belgique et ne dure que deux ou trois jours.</li>
</ul>



<figure class="wp-block-gallery aligncenter has-nested-images columns-default is-cropped wp-block-gallery-1 is-layout-flex wp-block-gallery-is-layout-flex">
<figure class="wp-block-image size-large"><img decoding="async" loading="lazy" width="1024" height="1024" data-id="218" src="https://ipoweb.bruxelles.be/lepage/wp-content/uploads/2020/06/VSIV2748-1024x1024.jpg" alt="Dans un chateau...la nuit...en pleine découverte de la nature..." class="wp-image-218" srcset="https://ipoweb.bruxelles.be/lepage/wp-content/uploads/2020/06/VSIV2748-1024x1024.jpg 1024w, https://ipoweb.bruxelles.be/lepage/wp-content/uploads/2020/06/VSIV2748-300x300.jpg 300w, https://ipoweb.bruxelles.be/lepage/wp-content/uploads/2020/06/VSIV2748-150x150.jpg 150w, https://ipoweb.bruxelles.be/lepage/wp-content/uploads/2020/06/VSIV2748-768x768.jpg 768w, https://ipoweb.bruxelles.be/lepage/wp-content/uploads/2020/06/VSIV2748-1536x1536.jpg 1536w, https://ipoweb.bruxelles.be/lepage/wp-content/uploads/2020/06/VSIV2748-2048x2048.jpg 2048w, https://ipoweb.bruxelles.be/lepage/wp-content/uploads/2020/06/VSIV2748-60x60.jpg 60w" sizes="(max-width: 1024px) 100vw, 1024px" /><figcaption class="wp-element-caption">Chateau de Bouillon la nuit</figcaption></figure>



<figure class="wp-block-image size-large"><img decoding="async" loading="lazy" width="446" height="540" data-id="217" src="https://ipoweb.bruxelles.be/lepage/wp-content/uploads/2020/06/flambeau.png" alt="" class="wp-image-217" srcset="https://ipoweb.bruxelles.be/lepage/wp-content/uploads/2020/06/flambeau.png 446w, https://ipoweb.bruxelles.be/lepage/wp-content/uploads/2020/06/flambeau-248x300.png 248w" sizes="(max-width: 446px) 100vw, 446px" /><figcaption class="wp-element-caption">Chateau de Bouillon la nuit</figcaption></figure>



<figure class="wp-block-image size-large"><img decoding="async" loading="lazy" width="1024" height="768" data-id="216" src="https://ipoweb.bruxelles.be/lepage/wp-content/uploads/2020/06/BPBW9490-1024x768.jpg" alt="" class="wp-image-216" srcset="https://ipoweb.bruxelles.be/lepage/wp-content/uploads/2020/06/BPBW9490-1024x768.jpg 1024w, https://ipoweb.bruxelles.be/lepage/wp-content/uploads/2020/06/BPBW9490-300x225.jpg 300w, https://ipoweb.bruxelles.be/lepage/wp-content/uploads/2020/06/BPBW9490-768x576.jpg 768w, https://ipoweb.bruxelles.be/lepage/wp-content/uploads/2020/06/BPBW9490-1536x1152.jpg 1536w, https://ipoweb.bruxelles.be/lepage/wp-content/uploads/2020/06/BPBW9490.jpg 1920w" sizes="(max-width: 1024px) 100vw, 1024px" /><figcaption class="wp-element-caption">Pause découverte durant une promenade champêtre</figcaption></figure>
</figure>



<p>Il a pour principal but, la cohésion de groupe. C&rsquo;est un voyage qui permet aux élèves et aux professeurs de partager des moments pédagogiques, ludiques et de découvertes communes. </p>



<p>En suscitant l&rsquo;apprentissage social et la connaissance de soi. </p>



<p>Il permettra au nouvel élève de trouver sa place dans cette nouvelle étape de sa scolarité, au sein de l&rsquo;établissement et de son groupe classe.</p>



<ul>
<li>En troisième année, le voyage est surtout culturel, il se déroule en Europe durant une semaine. C&rsquo;est un voyage éducatif permettant de s&rsquo;ouvrir à une culture ou des styles de vie différents tout en faisant des liens directs avec le programme scolaire que ce soit en géographie, latin, histoire, science etc&#8230; </li>
</ul>



<p>Afin de consolider les relations entre les apprentissages scolaires et le monde « en dehors de l&rsquo;école ».</p>



<ul>
<li>En sixième, « le voyage de rhéto » se concrétise par une semaine en Europe. Il est une étape de clôture de la scolarité en secondaire<em>.</em> C&rsquo;est un voyage qui mélange cohésion de groupe, apprentissages, découvertes culturelles et moments de plaisirs partagés.</li>
</ul>



<figure class="wp-block-gallery has-nested-images columns-default is-cropped wp-block-gallery-3 is-layout-flex wp-block-gallery-is-layout-flex">
<figure class="wp-block-image size-large"><img decoding="async" loading="lazy" width="443" height="332" data-id="255" src="https://ipoweb.bruxelles.be/lepage/wp-content/uploads/2020/06/rheto-grece.jpg" alt="" class="wp-image-255" srcset="https://ipoweb.bruxelles.be/lepage/wp-content/uploads/2020/06/rheto-grece.jpg 443w, https://ipoweb.bruxelles.be/lepage/wp-content/uploads/2020/06/rheto-grece-300x225.jpg 300w" sizes="(max-width: 443px) 100vw, 443px" /><figcaption class="wp-element-caption">En Grèce 2017/2018</figcaption></figure>



<figure class="wp-block-image size-large"><img decoding="async" loading="lazy" width="443" height="364" data-id="253" src="https://ipoweb.bruxelles.be/lepage/wp-content/uploads/2020/06/rhetogrece3.jpg" alt="" class="wp-image-253" srcset="https://ipoweb.bruxelles.be/lepage/wp-content/uploads/2020/06/rhetogrece3.jpg 443w, https://ipoweb.bruxelles.be/lepage/wp-content/uploads/2020/06/rhetogrece3-300x247.jpg 300w" sizes="(max-width: 443px) 100vw, 443px" /><figcaption class="wp-element-caption">En Grèce 2017/2018</figcaption></figure>



<figure class="wp-block-image size-large"><img decoding="async" loading="lazy" width="443" height="332" data-id="254" src="https://ipoweb.bruxelles.be/lepage/wp-content/uploads/2020/06/retho-grèce2.jpg" alt="" class="wp-image-254" srcset="https://ipoweb.bruxelles.be/lepage/wp-content/uploads/2020/06/retho-grèce2.jpg 443w, https://ipoweb.bruxelles.be/lepage/wp-content/uploads/2020/06/retho-grèce2-300x225.jpg 300w" sizes="(max-width: 443px) 100vw, 443px" /><figcaption class="wp-element-caption">En Grèce 2017/2018</figcaption></figure>
</figure>



<p>Il permet de créer des souvenirs forts et peut symboliser cette préparation à un « nouveau départ » pour les élèves.</p>

<p>Inscription – 1ère Année secondaire 2025-2026 Dans le cadre du cours de Technologie, les élèves de première année de l’ALL ont réalisé ensemble une présentation interactive sur leur voyage de début d’année dans la magnifique région de Spa.Nous vous invitons à cliquer sur le lien pour découvrir leur travail et revivre cette belle expérience avec [&hellip;]</p>
