{"id":26,"date":"2020-04-21T15:51:43","date_gmt":"2020-04-21T13:51:43","guid":{"rendered":"http:\/\/ipoweb.bruxelles.be\/lepage\/?page_id=26"},"modified":"2020-04-25T13:03:07","modified_gmt":"2020-04-25T11:03:07","slug":"rge","status":"publish","type":"page","link":"https:\/\/ipoweb.bruxelles.be\/lepage\/?page_id=26","title":{"rendered":"RGE"},"content":{"rendered":"\n<p>Vous trouverez <span class=\"has-inline-color has-very-dark-gray-color\"><strong>le r\u00e8glement des \u00e9tudes des \u00e9tablissements d&rsquo;enseignement secondaire de la ville de Bruxelles<\/strong><\/span>, en cliquant sur le lien suivant: <\/p>\n\n\n\n<div class=\"wp-block-file\"><a href=\"http:\/\/ipoweb.bruxelles.be\/lepage\/wp-content\/uploads\/2020\/04\/RE\u0300GLEMENT-DES-E\u0301TUDES-version-2019.pdf\">RE\u0300GLEMENT DES E\u0301TUDES version 2019<\/a><a href=\"http:\/\/ipoweb.bruxelles.be\/lepage\/wp-content\/uploads\/2020\/04\/RE\u0300GLEMENT-DES-E\u0301TUDES-version-2019.pdf\" class=\"wp-block-file__button\" download>T\u00e9l\u00e9charger<\/a><\/div>\n\n\n\n<p><\/p>\n","protected":false},"excerpt":{"rendered":"<p>Vous trouverez le r\u00e8glement des \u00e9tudes des \u00e9tablissements d&rsquo;enseignement secondaire de la ville de Bruxelles, en cliquant sur le lien suivant:<\/p>\n","protected":false},"author":1,"featured_media":0,"parent":0,"menu_order":0,"comment_status":"closed","ping_status":"closed","template":"","meta":{"footnotes":""},"_links":{"self":[{"href":"https:\/\/ipoweb.bruxelles.be\/lepage\/index.php?rest_route=\/wp\/v2\/pages\/26"}],"collection":[{"href":"https:\/\/ipoweb.bruxelles.be\/lepage\/index.php?rest_route=\/wp\/v2\/pages"}],"about":[{"href":"https:\/\/ipoweb.bruxelles.be\/lepage\/index.php?rest_route=\/wp\/v2\/types\/page"}],"author":[{"embeddable":true,"href":"https:\/\/ipoweb.bruxelles.be\/lepage\/index.php?rest_route=\/wp\/v2\/users\/1"}],"replies":[{"embeddable":true,"href":"https:\/\/ipoweb.bruxelles.be\/lepage\/index.php?rest_route=%2Fwp%2Fv2%2Fcomments&post=26"}],"version-history":[{"count":4,"href":"https:\/\/ipoweb.bruxelles.be\/lepage\/index.php?rest_route=\/wp\/v2\/pages\/26\/revisions"}],"predecessor-version":[{"id":158,"href":"https:\/\/ipoweb.bruxelles.be\/lepage\/index.php?rest_route=\/wp\/v2\/pages\/26\/revisions\/158"}],"wp:attachment":[{"href":"https:\/\/ipoweb.bruxelles.be\/lepage\/index.php?rest_route=%2Fwp%2Fv2%2Fmedia&parent=26"}],"curies":[{"name":"wp","href":"https:\/\/api.w.org\/{rel}","templated":true}]}}