{"id":103,"date":"2020-11-12T15:38:52","date_gmt":"2020-11-12T14:38:52","guid":{"rendered":"http:\/\/ipoweb.bruxelles.be\/primmagnolias\/?page_id=103"},"modified":"2022-11-10T13:33:23","modified_gmt":"2022-11-10T12:33:23","slug":"estimation-des-frais-scolaires","status":"publish","type":"page","link":"https:\/\/ipoweb.bruxelles.be\/primmagnolias\/estimation-des-frais-scolaires\/","title":{"rendered":"Estimation des frais scolaires"},"content":{"rendered":"\n<p>En application \u00e0 l\u2019article 100 paragraphe 6 du d\u00e9cret du 24\/07\/1997 de la circulaire minist\u00e9rielle du 21 ao\u00fbt 2007 portant sur l\u2019organisation de l\u2019enseignement maternel et primaire, voici une estimation du montant des frais qui vous seront demand\u00e9s cette ann\u00e9e scolaire.<\/p>\n\n\n\n<h2 class=\"has-accent-color has-text-color wp-block-heading\">FRAIS OBLIGATOIRES :<\/h2>\n\n\n\n<ul class=\"is-style-default\">\n<li>Piscine : <s>+- 37\u20ac\/an<\/s><sup>1<\/sup> (en 2022 &#8211; 2023, la natation et le transport vers la piscine sont gratuits). <\/li>\n\n\n\n<li>S\u00e9jour p\u00e9dagogique avec nuit\u00e9es<sup>2<\/sup> :\n<ul>\n<li>2\u00e8me ann\u00e9e : +- 180\u20ac (5 jours)<\/li>\n\n\n\n<li>4\u00e8me ann\u00e9e : +- 200\u20ac (5 jours)<\/li>\n\n\n\n<li>6\u00e8me ann\u00e9e : +- 220\u20ac (3 \u00e0 5 jours)<\/li>\n<\/ul>\n<\/li>\n\n\n\n<li>Sortie scolaire de fin d&rsquo;ann\u00e9e : jusqu&rsquo;\u00e0 30\u20ac selon le projet de classe<\/li>\n\n\n\n<li>Participation aux frais li\u00e9s \u00e0 des sorties sportives ou culturelles tout au long de l&rsquo;ann\u00e9e<sup>3<\/sup> :\n<ul>\n<li>Sorties culturelles : +- 50\u20ac\/an<\/li>\n\n\n\n<li>Sorties sportives : +- 30\u20ac\/an<\/li>\n<\/ul>\n<\/li>\n<\/ul>\n\n\n\n<h2 class=\"has-accent-color has-text-color wp-block-heading\">FRAIS FACULTATIFS :<\/h2>\n\n\n\n<ul>\n<li>Accueil Temps Libres (garderies) <strong>PAR TRIMESTRE<\/strong> (3 mois)<sub><sup>4<\/sup><\/sub> : <\/li>\n<\/ul>\n\n\n\n<figure class=\"wp-block-table is-style-stripes\"><table><tbody><tr><td class=\"has-text-align-center\" data-align=\"center\">Pour l\u2019ann\u00e9e scolaire 2021 \u2013 2022<\/td><td class=\"has-text-align-center\" data-align=\"center\">1er enfant inscrit dans l\u2019\u00e9cole<\/td><td class=\"has-text-align-center\" data-align=\"center\">2e enfant inscrit dans une \u00e9cole maternelle ou primaire de la Ville de Bruxelles<\/td><\/tr><tr><td class=\"has-text-align-center\" data-align=\"center\">1 prestation le matin<\/td><td class=\"has-text-align-center\" data-align=\"center\">25,00\u20ac<\/td><td class=\"has-text-align-center\" data-align=\"center\">12,50\u20ac<\/td><\/tr><tr><td class=\"has-text-align-center\" data-align=\"center\">1 prestation le midi (si votre enfant mange \u00e0 l\u2019\u00e9cole)<\/td><td class=\"has-text-align-center\" data-align=\"center\">14,50\u20ac <\/td><td class=\"has-text-align-center\" data-align=\"center\">7,25\u20ac<\/td><\/tr><tr><td class=\"has-text-align-center\" data-align=\"center\">1 prestation le soir<\/td><td class=\"has-text-align-center\" data-align=\"center\">25,00\u20ac <\/td><td class=\"has-text-align-center\" data-align=\"center\">12,50\u20ac<\/td><\/tr><tr><td class=\"has-text-align-center\" data-align=\"center\">Mercredi apr\u00e8s-midi<\/td><td class=\"has-text-align-center\" data-align=\"center\">15,50\u20ac<\/td><td class=\"has-text-align-center\" data-align=\"center\">7,75\u20ac<\/td><\/tr><tr><td class=\"has-text-align-center\" data-align=\"center\">Toutes les prestations (matin + midi + soir + mercredi apr\u00e8s-midi)<\/td><td class=\"has-text-align-center\" data-align=\"center\">70,00\u20ac<\/td><td class=\"has-text-align-center\" data-align=\"center\">35\u20ac<\/td><\/tr><\/tbody><\/table><\/figure>\n\n\n\n<ul>\n<li>Des achats group\u00e9s peuvent \u00eatre propos\u00e9s en fonction des projets de classe.<\/li>\n\n\n\n<li>Pour ceux qui le d\u00e9sirent, vous avez la possibilit\u00e9 d\u2019obtenir un t-shirt d\u2019\u00e9ducation physique ainsi qu\u2019un bonnet de bain avec le logo de l\u2019\u00e9cole :\n<ul>\n<li>Un bonnet de natation (prix co\u00fbtant) : 3,33 \u20ac<\/li>\n\n\n\n<li>T-shirt (prix co\u00fbtant) : entre 5,95\u20ac et 6,46\u20ac selon les tailles<\/li>\n\n\n\n<li>Short (prix co\u00fbtant) : entre 10,62\u20ac et 14,22\u20ac selon les tailles<\/li>\n\n\n\n<li>Sac de gymnastique en tissu (prix co\u00fbtant) : 4,41\u20ac<\/li>\n<\/ul>\n<\/li>\n<\/ul>\n\n\n\n<div class=\"wp-block-file\"><object class=\"wp-block-file__embed\" data=\"http:\/\/ipoweb.bruxelles.be\/primmagnolias\/wp-content\/uploads\/2022\/11\/Liste-estimative-des-frais-scolaires-22-23.pdf\" type=\"application\/pdf\" style=\"width:100%;height:600px\" aria-label=\"Contenu embarqu\u00e9 Liste estimative des frais scolaires 22-23.\"><\/object><a id=\"wp-block-file--media-547b2c5c-7c9c-4486-8ca2-17e74b9ce33a\" href=\"http:\/\/ipoweb.bruxelles.be\/primmagnolias\/wp-content\/uploads\/2022\/11\/Liste-estimative-des-frais-scolaires-22-23.pdf\">Liste estimative des frais scolaires 22-23<\/a><a href=\"http:\/\/ipoweb.bruxelles.be\/primmagnolias\/wp-content\/uploads\/2022\/11\/Liste-estimative-des-frais-scolaires-22-23.pdf\" class=\"wp-block-file__button wp-element-button\" download aria-describedby=\"wp-block-file--media-547b2c5c-7c9c-4486-8ca2-17e74b9ce33a\">T\u00e9l\u00e9charger<\/a><\/div>\n\n\n\n<div class=\"wp-block-buttons is-layout-flex wp-block-buttons-is-layout-flex\"><\/div>\n\n\n\n<hr class=\"wp-block-separator has-css-opacity is-style-wide\"\/>\n\n\n\n<p><sup>1 <\/sup>Frais \u00e0 r\u00e9gler en utilisant le virement pr\u00e9vu \u00e0 cet effet et fourni par l\u2019\u00e9cole. Les frais de transport sont compris.<\/p>\n\n\n\n<p><sup>2 <\/sup>S\u2019inscrivant dans le projet p\u00e9dagogique ou dans le projet d\u2019\u00e9tablissement ainsi que les frais de d\u00e9placement qui y sont li\u00e9s<\/p>\n\n\n\n<p><sup>3 <\/sup>S\u2019inscrivant dans le projet p\u00e9dagogique ou dans le projet d\u2019\u00e9tablissement ainsi que les frais de d\u00e9placement qui y sont li\u00e9s <\/p>\n\n\n\n<p><sup>4 <\/sup>Frais \u00e0 r\u00e9gler en utilisant le virement pr\u00e9vu \u00e0 cet effet et fourni par l\u2019\u00e9cole.<\/p>\n","protected":false},"excerpt":{"rendered":"<p>En application \u00e0 l\u2019article 100 paragraphe 6 du d\u00e9cret du 24\/07\/1997 de la circulaire minist\u00e9rielle du 21 ao\u00fbt 2007 portant sur l\u2019organisation de l\u2019enseignement maternel et primaire, voici une estimation du montant des frais qui vous seront demand\u00e9s cette ann\u00e9e scolaire. FRAIS OBLIGATOIRES : FRAIS FACULTATIFS : Pour l\u2019ann\u00e9e scolaire 2021 \u2013 2022 1er enfant&hellip;<\/p>\n","protected":false},"author":1,"featured_media":0,"parent":0,"menu_order":0,"comment_status":"closed","ping_status":"closed","template":"","meta":{"footnotes":""},"_links":{"self":[{"href":"https:\/\/ipoweb.bruxelles.be\/primmagnolias\/wp-json\/wp\/v2\/pages\/103"}],"collection":[{"href":"https:\/\/ipoweb.bruxelles.be\/primmagnolias\/wp-json\/wp\/v2\/pages"}],"about":[{"href":"https:\/\/ipoweb.bruxelles.be\/primmagnolias\/wp-json\/wp\/v2\/types\/page"}],"author":[{"embeddable":true,"href":"https:\/\/ipoweb.bruxelles.be\/primmagnolias\/wp-json\/wp\/v2\/users\/1"}],"replies":[{"embeddable":true,"href":"https:\/\/ipoweb.bruxelles.be\/primmagnolias\/wp-json\/wp\/v2\/comments?post=103"}],"version-history":[{"count":16,"href":"https:\/\/ipoweb.bruxelles.be\/primmagnolias\/wp-json\/wp\/v2\/pages\/103\/revisions"}],"predecessor-version":[{"id":533,"href":"https:\/\/ipoweb.bruxelles.be\/primmagnolias\/wp-json\/wp\/v2\/pages\/103\/revisions\/533"}],"wp:attachment":[{"href":"https:\/\/ipoweb.bruxelles.be\/primmagnolias\/wp-json\/wp\/v2\/media?parent=103"}],"curies":[{"name":"wp","href":"https:\/\/api.w.org\/{rel}","templated":true}]}}