{"id":112,"date":"2020-11-12T15:41:32","date_gmt":"2020-11-12T14:41:32","guid":{"rendered":"http:\/\/ipoweb.bruxelles.be\/primmagnolias\/?page_id=112"},"modified":"2021-12-24T12:33:47","modified_gmt":"2021-12-24T11:33:47","slug":"documents","status":"publish","type":"page","link":"https:\/\/ipoweb.bruxelles.be\/primmagnolias\/documents\/","title":{"rendered":"Documents"},"content":{"rendered":"\n<div class=\"wp-block-buttons is-layout-flex wp-block-buttons-is-layout-flex\">\n<div class=\"wp-block-button\"><a class=\"wp-block-button__link\">Toutes les soci\u00e9t\u00e9s ont des lois. Toutes les \u00e9coles ont des r\u00e8glements. <\/a><\/div>\n<\/div>\n\n\n\n<div class=\"wp-block-file\"><a href=\"http:\/\/ipoweb.bruxelles.be\/primmagnolias\/wp-content\/uploads\/2021\/05\/Reglement-dordre-interieur-R.O.I..pdf\">R\u00e9glement d&rsquo;ordre int\u00e9rieur (R.O.I.)<\/a><a href=\"http:\/\/ipoweb.bruxelles.be\/primmagnolias\/wp-content\/uploads\/2021\/05\/Reglement-dordre-interieur-R.O.I..pdf\" class=\"wp-block-file__button\" download>T\u00e9l\u00e9charger<\/a><\/div>\n\n\n\n<div class=\"wp-block-file\"><a href=\"http:\/\/ipoweb.bruxelles.be\/primmagnolias\/wp-content\/uploads\/2021\/05\/Projet-detablissement.pdf\">Projet d&rsquo;\u00e9tablissement<\/a><a href=\"http:\/\/ipoweb.bruxelles.be\/primmagnolias\/wp-content\/uploads\/2021\/05\/Projet-detablissement.pdf\" class=\"wp-block-file__button\" download>T\u00c9L\u00c9CHARGER<\/a><\/div>\n\n\n\n<p>Ce projet d\u2019\u00e9tablissement a \u00e9t\u00e9 r\u00e9vis\u00e9 et approuv\u00e9 par le Conseil de Participation en juin 2020.<\/p>\n\n\n\n<div class=\"wp-block-file\"><a href=\"http:\/\/ipoweb.bruxelles.be\/primmagnolias\/wp-content\/uploads\/2021\/05\/Autorisation-de-sortie-2021-2022.pdf\">Autorisation de sortie 2021 &#8211; 2022<\/a><a href=\"http:\/\/ipoweb.bruxelles.be\/primmagnolias\/wp-content\/uploads\/2021\/05\/Autorisation-de-sortie-2021-2022.pdf\" class=\"wp-block-file__button\" download>T\u00e9l\u00e9charger<\/a><\/div>\n\n\n\n<div class=\"wp-block-file\"><a href=\"http:\/\/ipoweb.bruxelles.be\/primmagnolias\/wp-content\/uploads\/2021\/05\/Inscription-A.T.L..pdf\">Inscription A.T.L.<\/a><a href=\"http:\/\/ipoweb.bruxelles.be\/primmagnolias\/wp-content\/uploads\/2021\/05\/Inscription-A.T.L..pdf\" class=\"wp-block-file__button\" download>T\u00c9L\u00c9CHARGER<\/a><\/div>\n\n\n\n<div class=\"wp-block-file\"><a href=\"http:\/\/ipoweb.bruxelles.be\/primmagnolias\/wp-content\/uploads\/2021\/05\/Liste-estimative-des-frais-scolaires.pdf\">Liste estimative des frais scolaires<\/a><a href=\"http:\/\/ipoweb.bruxelles.be\/primmagnolias\/wp-content\/uploads\/2021\/05\/Liste-estimative-des-frais-scolaires.pdf\" class=\"wp-block-file__button\" download>T\u00e9l\u00e9charger<\/a><\/div>\n\n\n\n<div class=\"wp-block-file\"><a href=\"http:\/\/ipoweb.bruxelles.be\/primmagnolias\/wp-content\/uploads\/2021\/05\/Tenues-de-natation-interdites.pdf\">Tenues de natation interdites<\/a><a href=\"http:\/\/ipoweb.bruxelles.be\/primmagnolias\/wp-content\/uploads\/2021\/05\/Tenues-de-natation-interdites.pdf\" class=\"wp-block-file__button\" download>T\u00e9l\u00e9charger<\/a><\/div>\n\n\n\n<div class=\"wp-block-buttons is-layout-flex wp-block-buttons-is-layout-flex\"><\/div>\n\n\n\n<p><\/p>\n","protected":false},"excerpt":{"rendered":"<p>Ce projet d\u2019\u00e9tablissement a \u00e9t\u00e9 r\u00e9vis\u00e9 et approuv\u00e9 par le Conseil de Participation en juin 2020.<\/p>\n","protected":false},"author":1,"featured_media":0,"parent":0,"menu_order":0,"comment_status":"closed","ping_status":"closed","template":"","meta":{"footnotes":""},"_links":{"self":[{"href":"https:\/\/ipoweb.bruxelles.be\/primmagnolias\/wp-json\/wp\/v2\/pages\/112"}],"collection":[{"href":"https:\/\/ipoweb.bruxelles.be\/primmagnolias\/wp-json\/wp\/v2\/pages"}],"about":[{"href":"https:\/\/ipoweb.bruxelles.be\/primmagnolias\/wp-json\/wp\/v2\/types\/page"}],"author":[{"embeddable":true,"href":"https:\/\/ipoweb.bruxelles.be\/primmagnolias\/wp-json\/wp\/v2\/users\/1"}],"replies":[{"embeddable":true,"href":"https:\/\/ipoweb.bruxelles.be\/primmagnolias\/wp-json\/wp\/v2\/comments?post=112"}],"version-history":[{"count":13,"href":"https:\/\/ipoweb.bruxelles.be\/primmagnolias\/wp-json\/wp\/v2\/pages\/112\/revisions"}],"predecessor-version":[{"id":503,"href":"https:\/\/ipoweb.bruxelles.be\/primmagnolias\/wp-json\/wp\/v2\/pages\/112\/revisions\/503"}],"wp:attachment":[{"href":"https:\/\/ipoweb.bruxelles.be\/primmagnolias\/wp-json\/wp\/v2\/media?parent=112"}],"curies":[{"name":"wp","href":"https:\/\/api.w.org\/{rel}","templated":true}]}}