{"id":93,"date":"2020-11-12T15:37:01","date_gmt":"2020-11-12T14:37:01","guid":{"rendered":"http:\/\/ipoweb.bruxelles.be\/primmagnolias\/?page_id=93"},"modified":"2024-02-06T17:20:14","modified_gmt":"2024-02-06T16:20:14","slug":"inscriptions","status":"publish","type":"page","link":"https:\/\/ipoweb.bruxelles.be\/primmagnolias\/inscriptions\/","title":{"rendered":"Inscriptions"},"content":{"rendered":"\n<div class=\"wp-block-group alignfull is-layout-flow wp-block-group-is-layout-flow\"><div class=\"wp-block-group__inner-container\">\n<h4 class=\"wp-block-heading has-text-align-center has-accent-color has-text-color\">Pour toute demande d&rsquo;inscription en P1 &#8211; P2 &#8211; P3 &#8211; P4 &#8211; P5 et P6, t\u00e9l\u00e9phonez au secr\u00e9tariat de l&rsquo;\u00e9cole ou envoyez un e-mail.<\/h4>\n\n\n\n<p class=\"has-text-align-center has-large-font-size\">Lorsque l&rsquo;\u00e9cole vous contactera pour fixer un rendez-vous afin de proc\u00e9der \u00e0 l&rsquo;inscription d\u00e9finitive de votre enfant, <strong>il sera obligatoire de vous pr\u00e9senter au rendez-vous fix\u00e9<\/strong> sans quoi la demande d\u2019inscription sera annul\u00e9e et votre enfant ne sera pas inscrit. Si vous \u00eates dans l\u2019impossibilit\u00e9 de vous pr\u00e9senter \u00e0 un rendez-vous, vous pouvez t\u00e9l\u00e9phoner au secr\u00e9tariat afin de fixer une nouvelle date.<\/p>\n<\/div><\/div>\n\n\n\n<div class=\"wp-block-group alignfull is-layout-flow wp-block-group-is-layout-flow\"><div class=\"wp-block-group__inner-container\">\n<div class=\"wp-block-group alignfull is-layout-flow wp-block-group-is-layout-flow\"><div class=\"wp-block-group__inner-container\">\n<div class=\"wp-block-columns alignwide are-vertically-aligned-center tw-gutter-large tw-cols-stack-md is-layout-flex wp-container-5 wp-block-columns-is-layout-flex\">\n<div class=\"wp-block-column is-vertically-aligned-center is-layout-flow wp-block-column-is-layout-flow\">\n<p class=\"has-accent-color has-text-color\"><strong>POUR INSCRIRE UN ENFANT EN 3e OU EN 5e ANN\u00c9E, VEUILLEZ PRENDRE RENDEZ-VOUS AU 02\/475.45.30 ET VOUS MUNIR DES DOCUMENTS SUIVANTS :<\/strong><\/p>\n<\/div>\n\n\n\n<div class=\"wp-block-column is-vertically-aligned-center is-layout-flow wp-block-column-is-layout-flow\">\n<div class=\"wp-block-group has-white-background-color has-background tw-shadow is-layout-flow wp-block-group-is-layout-flow\"><div class=\"wp-block-group__inner-container\">\n<ul class=\"is-style-tw-checkmark tw-list-spacing-loose\">\n<li>Carte d\u2019identit\u00e9 ou passeport de l\u2019enfant ET des parents ;<\/li>\n\n\n\n<li>Composition de m\u00e9nage ou attestation d\u2019ambassade ou d\u2019un organisme europ\u00e9en (adresse, membres de la famille et date d\u2019arriv\u00e9e sur le territoire belge) ;<\/li>\n\n\n\n<li>Si n\u00e9cessaire, document attestant de la date d\u2019arriv\u00e9e sur le territoire belge ;<\/li>\n\n\n\n<li>Bulletin de l\u2019ann\u00e9e pr\u00e9c\u00e9dente (primaire) \u2013 facultatif mais utile pour le suivi p\u00e9dagogique ;<\/li>\n\n\n\n<li>Deux petites photos de l&rsquo;enfant (format photo d&rsquo;identit\u00e9). <\/li>\n<\/ul>\n<\/div><\/div>\n<\/div>\n<\/div>\n<\/div><\/div>\n<\/div><\/div>\n\n\n\n<div class=\"wp-block-group alignfull is-layout-flow wp-block-group-is-layout-flow\"><div class=\"wp-block-group__inner-container\">\n<div class=\"wp-block-columns alignwide are-vertically-aligned-center tw-gutter-large tw-cols-stack-md is-layout-flex wp-container-11 wp-block-columns-is-layout-flex\">\n<div class=\"wp-block-column is-vertically-aligned-center is-layout-flow wp-block-column-is-layout-flow\">\n<p class=\"has-accent-color has-text-color\"><strong>POUR INSCRIRE UN ENFANT EN 2e,  EN 4e OU EN 6e ANN\u00c9E, VEUILLEZ PRENDRE RENDEZ-VOUS AU 02\/475.45.30 ET VOUS MUNIR DES DOCUMENTS SUIVANTS :<\/strong><\/p>\n<\/div>\n\n\n\n<div class=\"wp-block-column is-vertically-aligned-center is-layout-flow wp-block-column-is-layout-flow\">\n<div class=\"wp-block-group has-white-background-color has-background tw-shadow is-layout-flow wp-block-group-is-layout-flow\"><div class=\"wp-block-group__inner-container\">\n<ul class=\"is-style-tw-checkmark tw-list-spacing-loose\">\n<li>Carte d\u2019identit\u00e9 ou passeport de l\u2019enfant ET des parents ;<\/li>\n\n\n\n<li>Composition de m\u00e9nage ou attestation d\u2019ambassade ou d\u2019un organisme europ\u00e9en (adresse, membres de la famille et date d\u2019arriv\u00e9e sur le territoire belge) ;<\/li>\n\n\n\n<li>Si n\u00e9cessaire, document attestant de la date d\u2019arriv\u00e9e sur le territoire belge ;<\/li>\n\n\n\n<li>Bulletin de l\u2019ann\u00e9e pr\u00e9c\u00e9dente (primaire) \u2013 facultatif mais utile pour le suivi p\u00e9dagogique ;<\/li>\n\n\n\n<li>Document de changement d\u2019\u00e9cole \u00e9mis par l\u2019\u00e9cole o\u00f9 votre enfant \u00e9tait pr\u00e9c\u00e9demment inscrit (INDISPENSABLE) ; <\/li>\n\n\n\n<li>Deux petites photos de l&rsquo;enfant (format photo d&rsquo;identit\u00e9).<\/li>\n<\/ul>\n<\/div><\/div>\n<\/div>\n<\/div>\n<\/div><\/div>\n\n\n\n<div class=\"wp-block-group alignfull is-layout-flow wp-block-group-is-layout-flow\"><div class=\"wp-block-group__inner-container\"><\/div><\/div>\n\n\n\n<div class=\"wp-block-cover alignfull is-light\" style=\"min-height:500px\"><span aria-hidden=\"true\" class=\"wp-block-cover__background has-background-dim\"><\/span><img decoding=\"async\" loading=\"lazy\" width=\"1531\" height=\"1021\" class=\"wp-block-cover__image-background wp-image-365\" alt=\"\" src=\"http:\/\/ipoweb.bruxelles.be\/primmagnolias\/wp-content\/uploads\/2021\/02\/doc.jpg\" data-object-fit=\"cover\" srcset=\"https:\/\/ipoweb.bruxelles.be\/primmagnolias\/wp-content\/uploads\/2021\/02\/doc.jpg 1531w, https:\/\/ipoweb.bruxelles.be\/primmagnolias\/wp-content\/uploads\/2021\/02\/doc-300x200.jpg 300w, https:\/\/ipoweb.bruxelles.be\/primmagnolias\/wp-content\/uploads\/2021\/02\/doc-1024x683.jpg 1024w, https:\/\/ipoweb.bruxelles.be\/primmagnolias\/wp-content\/uploads\/2021\/02\/doc-768x512.jpg 768w, https:\/\/ipoweb.bruxelles.be\/primmagnolias\/wp-content\/uploads\/2021\/02\/doc-1200x800.jpg 1200w\" sizes=\"(max-width: 1531px) 100vw, 1531px\" \/><div class=\"wp-block-cover__inner-container is-layout-flow wp-block-cover-is-layout-flow\">\n<h2 class=\"wp-block-heading has-text-align-center\">Documents<\/h2>\n\n\n\n<div class=\"wp-block-buttons is-layout-flex wp-block-buttons-is-layout-flex\">\n<div class=\"wp-block-button\"><a class=\"wp-block-button__link wp-element-button\" href=\"http:\/\/ipoweb.bruxelles.be\/primmagnolias\/wp-content\/uploads\/2021\/01\/REGLEMENT_EPMG-1.pdf\" target=\"_blank\" rel=\"noreferrer noopener\">R\u00e8glement d&rsquo;ordre int\u00e9rieur (R.O.I)<\/a><\/div>\n\n\n\n<div class=\"wp-block-button\"><a class=\"wp-block-button__link wp-element-button\" href=\"http:\/\/ipoweb.bruxelles.be\/primmagnolias\/wp-content\/uploads\/2021\/01\/PROJET_EPMG.pdf\" target=\"_blank\" rel=\"noreferrer noopener\">projet d&rsquo;\u00e9tablissement<\/a><\/div>\n<\/div>\n<\/div><\/div>\n\n\n\n<p><\/p>\n","protected":false},"excerpt":{"rendered":"<p>Pour toute demande d&rsquo;inscription en P1 &#8211; P2 &#8211; P3 &#8211; P4 &#8211; P5 et P6, t\u00e9l\u00e9phonez au secr\u00e9tariat de l&rsquo;\u00e9cole ou envoyez un e-mail. Lorsque l&rsquo;\u00e9cole vous contactera pour fixer un rendez-vous afin de proc\u00e9der \u00e0 l&rsquo;inscription d\u00e9finitive de votre enfant, il sera obligatoire de vous pr\u00e9senter au rendez-vous fix\u00e9 sans quoi la demande&hellip;<\/p>\n","protected":false},"author":1,"featured_media":0,"parent":0,"menu_order":0,"comment_status":"closed","ping_status":"closed","template":"","meta":{"footnotes":""},"_links":{"self":[{"href":"https:\/\/ipoweb.bruxelles.be\/primmagnolias\/wp-json\/wp\/v2\/pages\/93"}],"collection":[{"href":"https:\/\/ipoweb.bruxelles.be\/primmagnolias\/wp-json\/wp\/v2\/pages"}],"about":[{"href":"https:\/\/ipoweb.bruxelles.be\/primmagnolias\/wp-json\/wp\/v2\/types\/page"}],"author":[{"embeddable":true,"href":"https:\/\/ipoweb.bruxelles.be\/primmagnolias\/wp-json\/wp\/v2\/users\/1"}],"replies":[{"embeddable":true,"href":"https:\/\/ipoweb.bruxelles.be\/primmagnolias\/wp-json\/wp\/v2\/comments?post=93"}],"version-history":[{"count":23,"href":"https:\/\/ipoweb.bruxelles.be\/primmagnolias\/wp-json\/wp\/v2\/pages\/93\/revisions"}],"predecessor-version":[{"id":537,"href":"https:\/\/ipoweb.bruxelles.be\/primmagnolias\/wp-json\/wp\/v2\/pages\/93\/revisions\/537"}],"wp:attachment":[{"href":"https:\/\/ipoweb.bruxelles.be\/primmagnolias\/wp-json\/wp\/v2\/media?parent=93"}],"curies":[{"name":"wp","href":"https:\/\/api.w.org\/{rel}","templated":true}]}}