{"id":2041,"date":"2021-03-24T11:24:42","date_gmt":"2021-03-24T10:24:42","guid":{"rendered":"http:\/\/ipoweb.bruxelles.be\/profdemain\/?post_type=avada_faq&#038;p=2041"},"modified":"2021-04-20T15:02:57","modified_gmt":"2021-04-20T13:02:57","slug":"quest-ce-quune-vae","status":"publish","type":"avada_faq","link":"https:\/\/ipoweb.bruxelles.be\/profdemain\/faq-items\/quest-ce-quune-vae\/","title":{"rendered":"Qu\u2019est-ce qu\u2019une VAE ?"},"content":{"rendered":"<p>La valorisation des acquis de l\u2019exp\u00e9rience permet \u00e0 des adultes souhaitant reprendre des \u00e9tudes sup\u00e9rieures d\u2019obtenir des dispenses, une r\u00e9duction de la dur\u00e9e des \u00e9tudes ou un acc\u00e8s en second cycle, sans disposer des titres requis (Certificat d\u2019enseignement secondaire sup\u00e9rieur &#8211; CESS &#8211; ou dipl\u00f4me de 1er cycle &#8211; Bachelier), mais en disposant d\u2019une exp\u00e9rience professionnelle et\/ou personnelle valorisable. Tous les travailleurs, techniciens, employ\u00e9s, cadres qui souhaitent se reconvertir, par choix ou par obligation et sont d\u00e9sireux de valoriser par un dipl\u00f4me de l\u2019enseignement sup\u00e9rieur l\u2019exp\u00e9rience qu\u2019ils ont accumul\u00e9e peuvent \u00eatre int\u00e9ress\u00e9s par cette d\u00e9marche. Toutes les personnes qui souhaitent disposer d\u2019un atout suppl\u00e9mentaire pour leur recherche d\u2019emploi \u00e9galement.<\/p>\n","protected":false},"excerpt":{"rendered":"<p>La valorisation des acquis de l\u2019exp\u00e9rience permet \u00e0 des adultes [&hellip;]<\/p>\n","protected":false},"author":1,"featured_media":0,"menu_order":0,"comment_status":"closed","ping_status":"closed","template":"","format":"standard","meta":{"footnotes":""},"faq_category":[15],"_links":{"self":[{"href":"https:\/\/ipoweb.bruxelles.be\/profdemain\/wp-json\/wp\/v2\/avada_faq\/2041"}],"collection":[{"href":"https:\/\/ipoweb.bruxelles.be\/profdemain\/wp-json\/wp\/v2\/avada_faq"}],"about":[{"href":"https:\/\/ipoweb.bruxelles.be\/profdemain\/wp-json\/wp\/v2\/types\/avada_faq"}],"author":[{"embeddable":true,"href":"https:\/\/ipoweb.bruxelles.be\/profdemain\/wp-json\/wp\/v2\/users\/1"}],"replies":[{"embeddable":true,"href":"https:\/\/ipoweb.bruxelles.be\/profdemain\/wp-json\/wp\/v2\/comments?post=2041"}],"version-history":[{"count":1,"href":"https:\/\/ipoweb.bruxelles.be\/profdemain\/wp-json\/wp\/v2\/avada_faq\/2041\/revisions"}],"predecessor-version":[{"id":2042,"href":"https:\/\/ipoweb.bruxelles.be\/profdemain\/wp-json\/wp\/v2\/avada_faq\/2041\/revisions\/2042"}],"wp:attachment":[{"href":"https:\/\/ipoweb.bruxelles.be\/profdemain\/wp-json\/wp\/v2\/media?parent=2041"}],"wp:term":[{"taxonomy":"faq_category","embeddable":true,"href":"https:\/\/ipoweb.bruxelles.be\/profdemain\/wp-json\/wp\/v2\/faq_category?post=2041"}],"curies":[{"name":"wp","href":"https:\/\/api.w.org\/{rel}","templated":true}]}}

<p>La valorisation des acquis de l’expérience permet à des adultes souhaitant reprendre des études supérieures d’obtenir des dispenses, une réduction de la durée des études ou un accès en second cycle, sans disposer des titres requis (Certificat d’enseignement secondaire supérieur &#8211; CESS &#8211; ou diplôme de 1er cycle &#8211; Bachelier), mais en disposant d’une expérience professionnelle et/ou personnelle valorisable. Tous les travailleurs, techniciens, employés, cadres qui souhaitent se reconvertir, par choix ou par obligation et sont désireux de valoriser par un diplôme de l’enseignement supérieur l’expérience qu’ils ont accumulée peuvent être intéressés par cette démarche. Toutes les personnes qui souhaitent disposer d’un atout supplémentaire pour leur recherche d’emploi également.</p>

<p>La valorisation des acquis de l’expérience permet à des adultes [&hellip;]</p>
