{"id":2045,"date":"2021-03-18T11:26:44","date_gmt":"2021-03-18T10:26:44","guid":{"rendered":"http:\/\/ipoweb.bruxelles.be\/profdemain\/?post_type=avada_faq&#038;p=2045"},"modified":"2021-04-30T13:34:57","modified_gmt":"2021-04-30T11:34:57","slug":"quels-sont-les-documents-a-fournir-pour-introduire-une-demande-de-vae-valorisation-des-acquis-de-lexperience","status":"publish","type":"avada_faq","link":"https:\/\/ipoweb.bruxelles.be\/profdemain\/faq-items\/quels-sont-les-documents-a-fournir-pour-introduire-une-demande-de-vae-valorisation-des-acquis-de-lexperience\/","title":{"rendered":"Quels sont les documents \u00e0 fournir pour introduire une demande de VAE ?"},"content":{"rendered":"<p>Pour introduire un demande d\u2019inscription sur base de la VAE, il convient de fournir un curriculum vitae d\u00e9taill\u00e9. Sur base de ce document, un premier entretien permettra de d\u00e9terminer si le candidat entre, ou non, dans les conditions pour d\u00e9poser un dossier VAE.<\/p>\n<p>Ensuite, et si le candidat r\u00e9pond aux conditions ( <a href=\"http:\/\/ipoweb.bruxelles.be\/profdemain\/wp-content\/uploads\/2021\/03\/VAE-final-site-web-.pdf\">Conditions VAE<\/a> ) le candidat devra fournir une s\u00e9rie de documents probants permettant d\u2019attester desdites comp\u00e9tences. A savoir, et \u00e0 titre d\u2019exemples non exhaustifs :<\/p>\n<ul>\n<li>les dipl\u00f4mes (obtenus en Belgique ou non), relev\u00e9s de notes et descriptifs de contenus de cours, \u00e9ventuellement accompagn\u00e9s des \u00e9quivalences d\u00e9livr\u00e9es par la FWB ;<\/li>\n<li>les certificats de formation et les documents des diff\u00e9rents op\u00e9rateurs de formation ;<\/li>\n<li>les attestations d\u2019emploi (mentionnant la date de d\u00e9but, la date de fin et le descriptif de fonction) ;<\/li>\n<li>des lettres de recommandations ;<\/li>\n<li>des rapports d\u2019\u00e9valuation d\u00e9livr\u00e9s par l\u2019employeur ;<\/li>\n<li>des descriptifs de fonction ;<\/li>\n<li>tout autres documents permettant d\u2019attester des activit\u00e9s personnelles et professionnelles (contrat de b\u00e9n\u00e9volat, book artistique, exp\u00e9rience internationale \u2026 )<\/li>\n<\/ul>\n","protected":false},"excerpt":{"rendered":"<p>Pour introduire un demande d\u2019inscription sur base de la VAE, [&hellip;]<\/p>\n","protected":false},"author":1,"featured_media":0,"menu_order":0,"comment_status":"closed","ping_status":"closed","template":"","format":"standard","meta":{"footnotes":""},"faq_category":[15],"_links":{"self":[{"href":"https:\/\/ipoweb.bruxelles.be\/profdemain\/wp-json\/wp\/v2\/avada_faq\/2045"}],"collection":[{"href":"https:\/\/ipoweb.bruxelles.be\/profdemain\/wp-json\/wp\/v2\/avada_faq"}],"about":[{"href":"https:\/\/ipoweb.bruxelles.be\/profdemain\/wp-json\/wp\/v2\/types\/avada_faq"}],"author":[{"embeddable":true,"href":"https:\/\/ipoweb.bruxelles.be\/profdemain\/wp-json\/wp\/v2\/users\/1"}],"replies":[{"embeddable":true,"href":"https:\/\/ipoweb.bruxelles.be\/profdemain\/wp-json\/wp\/v2\/comments?post=2045"}],"version-history":[{"count":8,"href":"https:\/\/ipoweb.bruxelles.be\/profdemain\/wp-json\/wp\/v2\/avada_faq\/2045\/revisions"}],"predecessor-version":[{"id":2314,"href":"https:\/\/ipoweb.bruxelles.be\/profdemain\/wp-json\/wp\/v2\/avada_faq\/2045\/revisions\/2314"}],"wp:attachment":[{"href":"https:\/\/ipoweb.bruxelles.be\/profdemain\/wp-json\/wp\/v2\/media?parent=2045"}],"wp:term":[{"taxonomy":"faq_category","embeddable":true,"href":"https:\/\/ipoweb.bruxelles.be\/profdemain\/wp-json\/wp\/v2\/faq_category?post=2045"}],"curies":[{"name":"wp","href":"https:\/\/api.w.org\/{rel}","templated":true}]}}

Quels sont les documents à fournir pour introduire une demande de VAE ?

<p>Pour introduire un demande d’inscription sur base de la VAE, il convient de fournir un curriculum vitae détaillé. Sur base de ce document, un premier entretien permettra de déterminer si le candidat entre, ou non, dans les conditions pour déposer un dossier VAE.</p>
<p>Ensuite, et si le candidat répond aux conditions ( <a href="http://ipoweb.bruxelles.be/profdemain/wp-content/uploads/2021/03/VAE-final-site-web-.pdf">Conditions VAE</a> ) le candidat devra fournir une série de documents probants permettant d’attester desdites compétences. A savoir, et à titre d’exemples non exhaustifs :</p>
<ul>
<li>les diplômes (obtenus en Belgique ou non), relevés de notes et descriptifs de contenus de cours, éventuellement accompagnés des équivalences délivrées par la FWB ;</li>
<li>les certificats de formation et les documents des différents opérateurs de formation ;</li>
<li>les attestations d’emploi (mentionnant la date de début, la date de fin et le descriptif de fonction) ;</li>
<li>des lettres de recommandations ;</li>
<li>des rapports d’évaluation délivrés par l’employeur ;</li>
<li>des descriptifs de fonction ;</li>
<li>tout autres documents permettant d’attester des activités personnelles et professionnelles (contrat de bénévolat, book artistique, expérience internationale … )</li>
</ul>
