{"id":2049,"date":"2021-03-22T11:28:56","date_gmt":"2021-03-22T10:28:56","guid":{"rendered":"http:\/\/ipoweb.bruxelles.be\/profdemain\/?post_type=avada_faq&#038;p=2049"},"modified":"2021-04-20T15:27:19","modified_gmt":"2021-04-20T13:27:19","slug":"comment-puis-je-valoriser-mes-acquis-academiques","status":"publish","type":"avada_faq","link":"https:\/\/ipoweb.bruxelles.be\/profdemain\/faq-items\/comment-puis-je-valoriser-mes-acquis-academiques\/","title":{"rendered":"Comment puis-je valoriser mes acquis acad\u00e9miques ?"},"content":{"rendered":"<p>Les acquis acad\u00e9miques \u00e9ventuels font partie int\u00e9grante du dossier de soumission pour la VAE et seront examin\u00e9s par la commission VAE.<br \/>\n\u00c0 l\u2019occasion de cette commission, le candidat est entendu et le cas \u00e9ch\u00e9ant un test de validation de comp\u00e9tences peut lui \u00eatre propos\u00e9.<\/p>\n","protected":false},"excerpt":{"rendered":"<p>Les acquis acad\u00e9miques \u00e9ventuels font partie int\u00e9grante du dossier de [&hellip;]<\/p>\n","protected":false},"author":1,"featured_media":0,"menu_order":0,"comment_status":"closed","ping_status":"closed","template":"","format":"standard","meta":{"footnotes":""},"faq_category":[15],"_links":{"self":[{"href":"https:\/\/ipoweb.bruxelles.be\/profdemain\/wp-json\/wp\/v2\/avada_faq\/2049"}],"collection":[{"href":"https:\/\/ipoweb.bruxelles.be\/profdemain\/wp-json\/wp\/v2\/avada_faq"}],"about":[{"href":"https:\/\/ipoweb.bruxelles.be\/profdemain\/wp-json\/wp\/v2\/types\/avada_faq"}],"author":[{"embeddable":true,"href":"https:\/\/ipoweb.bruxelles.be\/profdemain\/wp-json\/wp\/v2\/users\/1"}],"replies":[{"embeddable":true,"href":"https:\/\/ipoweb.bruxelles.be\/profdemain\/wp-json\/wp\/v2\/comments?post=2049"}],"version-history":[{"count":4,"href":"https:\/\/ipoweb.bruxelles.be\/profdemain\/wp-json\/wp\/v2\/avada_faq\/2049\/revisions"}],"predecessor-version":[{"id":2221,"href":"https:\/\/ipoweb.bruxelles.be\/profdemain\/wp-json\/wp\/v2\/avada_faq\/2049\/revisions\/2221"}],"wp:attachment":[{"href":"https:\/\/ipoweb.bruxelles.be\/profdemain\/wp-json\/wp\/v2\/media?parent=2049"}],"wp:term":[{"taxonomy":"faq_category","embeddable":true,"href":"https:\/\/ipoweb.bruxelles.be\/profdemain\/wp-json\/wp\/v2\/faq_category?post=2049"}],"curies":[{"name":"wp","href":"https:\/\/api.w.org\/{rel}","templated":true}]}}

Comment puis-je valoriser mes acquis académiques ?

<p>Les acquis académiques éventuels font partie intégrante du dossier de soumission pour la VAE et seront examinés par la commission VAE.<br />
À l’occasion de cette commission, le candidat est entendu et le cas échéant un test de validation de compétences peut lui être proposé.</p>

<p>Les acquis académiques éventuels font partie intégrante du dossier de [&hellip;]</p>
