{"id":1950,"date":"2021-03-15T10:09:45","date_gmt":"2021-03-15T09:09:45","guid":{"rendered":"http:\/\/ipoweb.bruxelles.be\/profdemain\/?page_id=1950"},"modified":"2022-07-06T16:07:56","modified_gmt":"2022-07-06T14:07:56","slug":"le-projet-profdemain","status":"publish","type":"page","link":"https:\/\/ipoweb.bruxelles.be\/profdemain\/le-projet-profdemain\/","title":{"rendered":"Le projet Prof Demain"},"content":{"rendered":"<div class=\"fusion-fullwidth fullwidth-box fusion-builder-row-1 fusion-flex-container nonhundred-percent-fullwidth non-hundred-percent-height-scrolling\" style=\"--awb-border-radius-top-left:0px;--awb-border-radius-top-right:0px;--awb-border-radius-bottom-right:0px;--awb-border-radius-bottom-left:0px;--awb-flex-wrap:wrap;\" ><div class=\"fusion-builder-row fusion-row fusion-flex-align-items-flex-start fusion-flex-content-wrap\" style=\"max-width:1365px;margin-left: calc(-5% \/ 2 );margin-right: calc(-5% \/ 2 );\"><div class=\"fusion-layout-column fusion_builder_column fusion-builder-column-0 fusion_builder_column_1_2 1_2 fusion-flex-column\" style=\"--awb-bg-size:cover;--awb-width-large:50%;--awb-margin-top-large:0px;--awb-spacing-right-large:4.75%;--awb-margin-bottom-large:20px;--awb-spacing-left-large:4.75%;--awb-width-medium:50%;--awb-order-medium:0;--awb-spacing-right-medium:4.75%;--awb-spacing-left-medium:4.75%;--awb-width-small:100%;--awb-order-small:0;--awb-spacing-right-small:2.375%;--awb-spacing-left-small:2.375%;\"><div class=\"fusion-column-wrapper fusion-column-has-shadow fusion-flex-justify-content-flex-start fusion-content-layout-column\"><div class=\"fusion-title title fusion-title-1 fusion-sep-none fusion-title-text fusion-title-size-four\"><h4 class=\"fusion-title-heading title-heading-left\" style=\"margin:0;\"><div id=\"Content\">\n<div class=\"boxed\">\n<div id=\"lipsum\">\n<h4>La Ville de Bruxelles, en tant que pouvoir organisateur, n\u2019a de cesse de d\u00e9velopper des solutions pour lutter contre la p\u00e9nurie de personnel enseignant.<\/h4>\n<\/div>\n<\/div>\n<\/div><\/h4><\/div><\/div><\/div><div class=\"fusion-layout-column fusion_builder_column fusion-builder-column-1 fusion_builder_column_1_2 1_2 fusion-flex-column\" style=\"--awb-bg-size:cover;--awb-width-large:50%;--awb-margin-top-large:0px;--awb-spacing-right-large:4.75%;--awb-margin-bottom-large:20px;--awb-spacing-left-large:4.75%;--awb-width-medium:50%;--awb-order-medium:0;--awb-spacing-right-medium:4.75%;--awb-spacing-left-medium:4.75%;--awb-width-small:100%;--awb-order-small:0;--awb-spacing-right-small:2.375%;--awb-spacing-left-small:2.375%;\"><div class=\"fusion-column-wrapper fusion-column-has-shadow fusion-flex-justify-content-flex-start fusion-content-layout-column\"><div class=\"fusion-text fusion-text-1\"><p><strong>De quoi s\u2019agit-il ?<\/strong><\/p>\n<p>Formez-vous \u00e0 au m\u00e9tier d&rsquo;enseignant.e , notamment en langues germaniques, en fran\u00e7ais, en sciences ou en math\u00e9matiques, en horaire adapt\u00e9, \u00e0 la Haute \u00c9cole Francisco Ferrer de la Ville de Bruxelles, tout en exer\u00e7ant les fonctions d\u2019enseignant.e dans le secondaire, sans titre requis, \u00e0 temps partiel dans nos \u00e9coles.<br \/>\n<strong><br \/>\nLes formations en horaire adapt\u00e9<\/strong> propos\u00e9es par la Haute \u00c9cole Francisco Ferrer ont \u00e9t\u00e9 cr\u00e9\u00e9es pour r\u00e9pondre aux besoins des candidats qui souhaitent r\u00e9orienter leur carri\u00e8re professionnelle et d\u00e9couvrir de nouvelles perspectives tout en combinant vie professionnelle et vie \u00e9tudiante. Il n\u2019existe aucune diff\u00e9rence de fond entre la formation en horaire adapt\u00e9 et celle de jour. Le contenu du programme et le dipl\u00f4me obtenu sont identiques. Seule l\u2019organisation pratique est diff\u00e9rente.<\/p>\n<p><strong>Votre exp\u00e9rience professionnelle est un atout !<\/strong><br \/>\nEn fonction de vos comp\u00e9tences et de vos capacit\u00e9s linguistiques et\/ou scientifiques, vous pourrez suivre <u>une formation personnalis\u00e9e <\/u> valorisant vos acquis et vos exp\u00e9riences. Ainsi, vous ne devrez peut-\u00eatre pas suivre l\u2019enti\u00e8ret\u00e9 des modules de la formation.  \u00c0 l\u2019issue de celle-ci, les participant.e.s poss\u00e8dent les titres attendus pour enseigner dans l\u2019enseignement secondaire.<\/p>\n<\/div><\/div><\/div><\/div><\/div>\n","protected":false},"excerpt":{"rendered":"","protected":false},"author":1,"featured_media":0,"parent":0,"menu_order":0,"comment_status":"closed","ping_status":"closed","template":"","meta":{"footnotes":""},"_links":{"self":[{"href":"https:\/\/ipoweb.bruxelles.be\/profdemain\/wp-json\/wp\/v2\/pages\/1950"}],"collection":[{"href":"https:\/\/ipoweb.bruxelles.be\/profdemain\/wp-json\/wp\/v2\/pages"}],"about":[{"href":"https:\/\/ipoweb.bruxelles.be\/profdemain\/wp-json\/wp\/v2\/types\/page"}],"author":[{"embeddable":true,"href":"https:\/\/ipoweb.bruxelles.be\/profdemain\/wp-json\/wp\/v2\/users\/1"}],"replies":[{"embeddable":true,"href":"https:\/\/ipoweb.bruxelles.be\/profdemain\/wp-json\/wp\/v2\/comments?post=1950"}],"version-history":[{"count":12,"href":"https:\/\/ipoweb.bruxelles.be\/profdemain\/wp-json\/wp\/v2\/pages\/1950\/revisions"}],"predecessor-version":[{"id":2340,"href":"https:\/\/ipoweb.bruxelles.be\/profdemain\/wp-json\/wp\/v2\/pages\/1950\/revisions\/2340"}],"wp:attachment":[{"href":"https:\/\/ipoweb.bruxelles.be\/profdemain\/wp-json\/wp\/v2\/media?parent=1950"}],"curies":[{"name":"wp","href":"https:\/\/api.w.org\/{rel}","templated":true}]}}