{"id":255,"date":"2021-03-04T16:13:28","date_gmt":"2021-03-04T15:13:28","guid":{"rendered":"http:\/\/ipoweb.bruxelles.be\/robertdubois\/?page_id=255"},"modified":"2021-10-13T11:25:08","modified_gmt":"2021-10-13T09:25:08","slug":"huderf","status":"publish","type":"page","link":"https:\/\/ipoweb.bruxelles.be\/robertdubois\/huderf\/","title":{"rendered":"Huderf"},"content":{"rendered":"\n<div class=\"wp-block-media-text alignfull has-media-on-the-right is-stacked-on-mobile is-vertically-aligned-top tw-height-full tw-content-narrow has-background-background-color has-background tw-stack-md\" style=\"grid-template-columns:auto 44%\"><figure class=\"wp-block-media-text__media\"><img decoding=\"async\" loading=\"lazy\" width=\"288\" height=\"432\" src=\"http:\/\/ipoweb.bruxelles.be\/robertdubois\/wp-content\/uploads\/2021\/03\/huderf.jpeg\" alt=\"\" class=\"wp-image-338 size-full\" srcset=\"https:\/\/ipoweb.bruxelles.be\/robertdubois\/wp-content\/uploads\/2021\/03\/huderf.jpeg 288w, https:\/\/ipoweb.bruxelles.be\/robertdubois\/wp-content\/uploads\/2021\/03\/huderf-200x300.jpeg 200w\" sizes=\"(max-width: 288px) 100vw, 288px\" \/><\/figure><div class=\"wp-block-media-text__content\">\n<h2 class=\"has-text-align-left has-text-color wp-block-heading\" style=\"color:#00bab3\"><strong>L\u2019\u00c9cole \u00e0 l\u2019h\u00f4pital<\/strong>&nbsp;<\/h2>\n\n\n\n<h6 class=\"wp-block-heading\">\u00e9cole&nbsp;au sein de l\u2019Huderf (h\u00f4pital universitaire des enfants Reine Fabiola)&nbsp;<\/h6>\n\n\n\n<h3 class=\"has-text-color wp-block-heading\" style=\"color:#00bab3\"><strong>Pour qui\u202f?<\/strong>&nbsp;<\/h3>\n\n\n\n<p>A l\u2019H\u00f4pital des Enfants, nous accueillons,&nbsp;au sein de l\u2019\u00e9cole Robert Dubois,&nbsp;des enfants et des adolescents \u00e2g\u00e9s de 2 ans \u00bd \u00e0&nbsp;21&nbsp;ans. Ces&nbsp;jeunes sont hospitalis\u00e9s&nbsp;pour diverses raisons et pour un temps d\u00e9termin\u00e9 par un certificat m\u00e9dical.&nbsp;&nbsp;&nbsp;<\/p>\n\n\n\n<h3 class=\"has-text-color wp-block-heading\" style=\"color:#00bab3\"><strong>Comment ?<\/strong><\/h3>\n\n\n\n<p>Les enfants sont r\u00e9partis sur deux niveaux (fondamental et secondaire) en fonction de leur \u00e2ge&nbsp;et pris en charge&nbsp;par les enseignants soit en classe soit \u00e0 leur chevet.&nbsp;<\/p>\n\n\n\n<p>Nous travaillons en \u00e9troite collaboration avec les \u00e9coles d\u2019origine&nbsp;afin de&nbsp;&nbsp;leur&nbsp;permettre de reprendre le chemin de&nbsp;la scolarit\u00e9&nbsp;de mani\u00e8re harmonieuse le moment venu.&nbsp;<\/p>\n\n\n\n<p>Nous assurons une p\u00e9dagogie&nbsp;adapt\u00e9e\u202f :&nbsp;le travail individualis\u00e9 permet \u00e0 l\u2019\u00e9l\u00e8ve de&nbsp;suivre le&nbsp;rythme&nbsp;de sa classe et de combler les lacunes \u00e9ventuelles.&nbsp;<\/p>\n\n\n\n<p>D\u2019autre part, et ce pour ouvrir l\u2019horizon hospitalier vers le&nbsp; monde ext\u00e9rieur, nous travaillons avec de nombreux intervenants qui enrichissent notre univers p\u00e9dagogique par le sport,&nbsp;l\u2019art,&nbsp;la culture et permettent \u00e0 chacun de s\u2019\u00e9panouir tout en mettant la maladie entre parenth\u00e8ses.&nbsp;<\/p>\n\n\n\n<p>Nous proposons \u00e9galement&nbsp;(avec ou sans encadrement m\u00e9dical)&nbsp;des excursions, visites d\u2019expositions, des classes de d\u00e9paysement adapt\u00e9es aux diff\u00e9rents niveaux d\u2019enseignement.&nbsp;<\/p>\n\n\n\n<p>Le bien-\u00eatre est au centre de nos pr\u00e9occupations.&nbsp;Notre \u00e9cole&nbsp;se veut&nbsp;un lieu agr\u00e9able,&nbsp;dynamique, rassurant&nbsp;m\u00eame s\u2019il est inclus dans le monde hospitalier.&nbsp;<\/p>\n<\/div><\/div>\n\n\n\n<div class=\"wp-block-group alignfull is-layout-flow wp-block-group-is-layout-flow\"><div class=\"wp-block-group__inner-container\">\n<div class=\"wp-block-columns alignwide tw-gutter-large tw-cols-stack-md is-layout-flex wp-container-3 wp-block-columns-is-layout-flex\">\n<div class=\"wp-block-column tw-mt-2 is-layout-flow wp-block-column-is-layout-flow\">\n<h3 class=\"has-text-color wp-block-heading\" style=\"color:#00bab3\"><strong><strong>L\u2019Unit\u00e9&nbsp;p\u00e9dopsychiatrique<\/strong><\/strong><\/h3>\n\n\n\n<h6 class=\"wp-block-heading\"><strong>Unit\u00e9 de soin au sein de l\u2019Huderf (h\u00f4pital universitaire des enfants Reine Fabiola)<\/strong>&nbsp;<\/h6>\n\n\n\n<h3 class=\"has-text-color wp-block-heading\" style=\"color:#00bab3\"><strong>Pour qui\u202f?<\/strong>&nbsp;<\/h3>\n\n\n\n<p>L\u2019Unit\u00e9 accueille 15 jeunes, \u00e2g\u00e9s de 8 \u00e0 14 ans.&nbsp;<\/p>\n\n\n\n<p>Ces jeunes pr\u00e9sentent une souffrance psychopathologique ou une pathologie psychiatrique.&nbsp;<\/p>\n\n\n\n<h3 class=\"has-text-color wp-block-heading\" style=\"color:#00bab3\"><strong>Comment<\/strong><strong>\u202f?<\/strong>&nbsp;<\/h3>\n\n\n\n<p>Une prise en charge \u00e0 diff\u00e9rents niveaux est mise en place&nbsp;<\/p>\n\n\n\n<p>Une \u00e9quipe pluridisciplinaire\u202fcompos\u00e9e de psychiatres, psychologues, infirmiers, \u00e9ducateurs sp\u00e9cialis\u00e9s, et enseignants accompagneront le jeune au cours de son hospitalisation.&nbsp;<\/p>\n\n\n\n<p>Les enseignants de l&rsquo;\u00c9cole Robert Dubois, enseignement sp\u00e9cialis\u00e9 de type 5 \u00e0 l&rsquo;H\u00f4pital, permettent de garder le lien avec l&rsquo;\u00e9cole d&rsquo;origine&nbsp;et de maintenir les activit\u00e9s p\u00e9dagogiques.&nbsp;<\/p>\n\n\n\n<p>Des activit\u00e9s th\u00e9rapeutiques sont \u00e9galement mises en place.&nbsp;<\/p>\n<\/div>\n\n\n\n<div class=\"wp-block-column tw-mb-2 is-layout-flow wp-block-column-is-layout-flow\">\n<figure class=\"wp-block-image size-large\"><img decoding=\"async\" loading=\"lazy\" width=\"288\" height=\"432\" src=\"http:\/\/ipoweb.bruxelles.be\/robertdubois\/wp-content\/uploads\/2021\/03\/huderf.jpeg\" alt=\"\" class=\"wp-image-338\" srcset=\"https:\/\/ipoweb.bruxelles.be\/robertdubois\/wp-content\/uploads\/2021\/03\/huderf.jpeg 288w, https:\/\/ipoweb.bruxelles.be\/robertdubois\/wp-content\/uploads\/2021\/03\/huderf-200x300.jpeg 200w\" sizes=\"(max-width: 288px) 100vw, 288px\" \/><\/figure>\n<\/div>\n<\/div>\n<\/div><\/div>\n\n\n\n<h3 class=\"has-text-color wp-block-heading\" style=\"color:#00bab3\">Contact<\/h3>\n\n\n\n<p><strong>Avenue Jean-Joseph&nbsp;Crocq 17, 1020 Bruxelles<\/strong><\/p>\n\n\n\n<p><strong>&nbsp;02\/477.31.62<\/strong><\/p>\n\n\n\n<p><strong>ecole.r.dubois@brucity.education&nbsp;<\/strong><\/p>\n\n\n\n<p><\/p>\n","protected":false},"excerpt":{"rendered":"<p>L\u2019\u00c9cole \u00e0 l\u2019h\u00f4pital&nbsp; \u00e9cole&nbsp;au sein de l\u2019Huderf (h\u00f4pital universitaire des enfants Reine Fabiola)&nbsp; Pour qui\u202f?&nbsp; A l\u2019H\u00f4pital des Enfants, nous accueillons,&nbsp;au sein de l\u2019\u00e9cole Robert Dubois,&nbsp;des enfants et des adolescents \u00e2g\u00e9s de 2 ans \u00bd \u00e0&nbsp;21&nbsp;ans. Ces&nbsp;jeunes sont hospitalis\u00e9s&nbsp;pour diverses raisons et pour un temps d\u00e9termin\u00e9 par un certificat m\u00e9dical.&nbsp;&nbsp;&nbsp; Comment ? Les enfants sont&hellip;<\/p>\n","protected":false},"author":1,"featured_media":0,"parent":0,"menu_order":0,"comment_status":"closed","ping_status":"closed","template":"","meta":{"footnotes":""},"_links":{"self":[{"href":"https:\/\/ipoweb.bruxelles.be\/robertdubois\/wp-json\/wp\/v2\/pages\/255"}],"collection":[{"href":"https:\/\/ipoweb.bruxelles.be\/robertdubois\/wp-json\/wp\/v2\/pages"}],"about":[{"href":"https:\/\/ipoweb.bruxelles.be\/robertdubois\/wp-json\/wp\/v2\/types\/page"}],"author":[{"embeddable":true,"href":"https:\/\/ipoweb.bruxelles.be\/robertdubois\/wp-json\/wp\/v2\/users\/1"}],"replies":[{"embeddable":true,"href":"https:\/\/ipoweb.bruxelles.be\/robertdubois\/wp-json\/wp\/v2\/comments?post=255"}],"version-history":[{"count":12,"href":"https:\/\/ipoweb.bruxelles.be\/robertdubois\/wp-json\/wp\/v2\/pages\/255\/revisions"}],"predecessor-version":[{"id":449,"href":"https:\/\/ipoweb.bruxelles.be\/robertdubois\/wp-json\/wp\/v2\/pages\/255\/revisions\/449"}],"wp:attachment":[{"href":"https:\/\/ipoweb.bruxelles.be\/robertdubois\/wp-json\/wp\/v2\/media?parent=255"}],"curies":[{"name":"wp","href":"https:\/\/api.w.org\/{rel}","templated":true}]}}