{"id":2289,"date":"2023-09-13T11:22:56","date_gmt":"2023-09-13T09:22:56","guid":{"rendered":"http:\/\/ipoweb.bruxelles.be\/webschools2\/?page_id=2289"},"modified":"2023-09-13T11:28:01","modified_gmt":"2023-09-13T09:28:01","slug":"lhyperactivite-tdah","status":"publish","type":"page","link":"https:\/\/ipoweb.bruxelles.be\/webschools2\/lhyperactivite-tdah\/","title":{"rendered":"L&rsquo;hyperactivit\u00e9 \/ TDAH"},"content":{"rendered":"\n<h4 class=\"wp-block-heading\"><strong>TDAH, le Trouble D\u00e9ficit de l\u2019Attention avec ou sans Hyperactivit\u00e9<\/strong><\/h4>\n\n\n\n<ul>\n<li><a href=\"https:\/\/www.youtube.com\/watch?v=zhcy2v0cl8I\" data-type=\"link\" data-id=\"https:\/\/www.youtube.com\/watch?v=zhcy2v0cl8I\">vid\u00e9o youtube<\/a><\/li>\n<\/ul>\n\n\n\n<p>Souvent associ\u00e9 \u00e0 des enfants turbulents, le Trouble D\u00e9ficit de l\u2019Attention avec ou sans Hyperactivit\u00e9 (TDAH) est bien plus complexe que cela. Il s\u2019agit un trouble du neurod\u00e9veloppement. <\/p>\n\n\n\n<p>Bien souvent, on le r\u00e9sume \u00e0 l\u2019hyperactivit\u00e9 mais cette derni\u00e8re notion fait partie du TDAH aux c\u00f4t\u00e9s du d\u00e9ficit de l\u2019attention et de l\u2019impulsivit\u00e9. Si le terme \u00ab&nbsp;d\u00e9ficit&nbsp;\u00bb peut inqui\u00e9ter, un enfant diagnostiqu\u00e9 TDAH peut tout \u00e0 fait se concentrer sur certaines choses comme se d\u00e9sint\u00e9resser totalement d\u2019autres domaines.<\/p>\n\n\n\n<p>Donc, le TDA\/H r\u00e9sulte d\u2019un probl\u00e8me de r\u00e9gulation de l\u2019attention. Un enfant n\u2019aura donc pas la capacit\u00e9 \u00e0 faire perdurer son attention dans le temps. Cette diff\u00e9rence appara\u00eet petit \u00e0 petit et d\u00e9coule d\u2019un continuum de probl\u00e8mes qui s\u2019accumulent.<\/p>\n\n\n\n<h4 class=\"wp-block-heading\"><strong>Comment l\u2019identifier&nbsp;?<\/strong><\/h4>\n\n\n\n<p>Les sympt\u00f4mes d\u2019un TDA\/H s\u2019observent quotidiennement au travers de deux grandes cat\u00e9gories : l\u2019inattention et l\u2019hyperactivit\u00e9.<\/p>\n\n\n\n<p>Avec persistance, il est primordial d\u2019observer les sympt\u00f4mes dans diff\u00e9rentes situations comme lors d\u2019un repas en famille, \u00e0 l\u2019\u00e9cole ou dans la pratique d\u2019un loisir quelconque.<\/p>\n\n\n\n<p>Alors, pour \u00e9voquer le TDAH, ces sympt\u00f4mes doivent repr\u00e9senter un retentissement s\u00e9v\u00e8re dans le quotidien de l\u2019enfant.<\/p>\n\n\n\n<p>Souvent, ils sont associ\u00e9s \u00e0 d\u2019autres troubles telles que les difficult\u00e9s d\u2019apprentissages dans la lecture et l\u2019\u00e9criture, des troubles telles que dyslexie, dyscalculie, ou encore des troubles des fonctions cognitives.<\/p>\n\n\n\n<p>Source \u00ab\u00a0https:\/\/www.pedagoj.com\/le-tdah\/\u00a0\u00bb<\/p>\n\n\n\n<p><\/p>\n","protected":false},"excerpt":{"rendered":"<p>TDAH, le Trouble D\u00e9ficit de l\u2019Attention avec ou sans Hyperactivit\u00e9 Souvent associ\u00e9 \u00e0 des enfants turbulents, le Trouble D\u00e9ficit de l\u2019Attention avec ou sans Hyperactivit\u00e9 (TDAH) est bien plus complexe que cela. Il s\u2019agit un trouble du neurod\u00e9veloppement. Bien souvent, on le r\u00e9sume \u00e0 l\u2019hyperactivit\u00e9 mais cette derni\u00e8re notion fait partie du TDAH aux c\u00f4t\u00e9s [&hellip;]<\/p>\n","protected":false},"author":2,"featured_media":0,"parent":0,"menu_order":0,"comment_status":"closed","ping_status":"closed","template":"","meta":{"footnotes":""},"_links":{"self":[{"href":"https:\/\/ipoweb.bruxelles.be\/webschools2\/wp-json\/wp\/v2\/pages\/2289"}],"collection":[{"href":"https:\/\/ipoweb.bruxelles.be\/webschools2\/wp-json\/wp\/v2\/pages"}],"about":[{"href":"https:\/\/ipoweb.bruxelles.be\/webschools2\/wp-json\/wp\/v2\/types\/page"}],"author":[{"embeddable":true,"href":"https:\/\/ipoweb.bruxelles.be\/webschools2\/wp-json\/wp\/v2\/users\/2"}],"replies":[{"embeddable":true,"href":"https:\/\/ipoweb.bruxelles.be\/webschools2\/wp-json\/wp\/v2\/comments?post=2289"}],"version-history":[{"count":3,"href":"https:\/\/ipoweb.bruxelles.be\/webschools2\/wp-json\/wp\/v2\/pages\/2289\/revisions"}],"predecessor-version":[{"id":2294,"href":"https:\/\/ipoweb.bruxelles.be\/webschools2\/wp-json\/wp\/v2\/pages\/2289\/revisions\/2294"}],"wp:attachment":[{"href":"https:\/\/ipoweb.bruxelles.be\/webschools2\/wp-json\/wp\/v2\/media?parent=2289"}],"curies":[{"name":"wp","href":"https:\/\/api.w.org\/{rel}","templated":true}]}}

L&rsquo;hyperactivité / TDAH

<h4 class="wp-block-heading"><strong>TDAH, le Trouble Déficit de l’Attention avec ou sans Hyperactivité</strong></h4>



<ul>
<li><a href="https://www.youtube.com/watch?v=zhcy2v0cl8I" data-type="link" data-id="https://www.youtube.com/watch?v=zhcy2v0cl8I">vidéo youtube</a></li>
</ul>



<p>Souvent associé à des enfants turbulents, le Trouble Déficit de l’Attention avec ou sans Hyperactivité (TDAH) est bien plus complexe que cela. Il s’agit un trouble du neurodéveloppement. </p>



<p>Bien souvent, on le résume à l’hyperactivité mais cette dernière notion fait partie du TDAH aux côtés du déficit de l’attention et de l’impulsivité. Si le terme «&nbsp;déficit&nbsp;» peut inquiéter, un enfant diagnostiqué TDAH peut tout à fait se concentrer sur certaines choses comme se désintéresser totalement d’autres domaines.</p>



<p>Donc, le TDA/H résulte d’un problème de régulation de l’attention. Un enfant n’aura donc pas la capacité à faire perdurer son attention dans le temps. Cette différence apparaît petit à petit et découle d’un continuum de problèmes qui s’accumulent.</p>



<h4 class="wp-block-heading"><strong>Comment l’identifier&nbsp;?</strong></h4>



<p>Les symptômes d’un TDA/H s’observent quotidiennement au travers de deux grandes catégories : l’inattention et l’hyperactivité.</p>



<p>Avec persistance, il est primordial d’observer les symptômes dans différentes situations comme lors d’un repas en famille, à l’école ou dans la pratique d’un loisir quelconque.</p>



<p>Alors, pour évoquer le TDAH, ces symptômes doivent représenter un retentissement sévère dans le quotidien de l’enfant.</p>



<p>Souvent, ils sont associés à d’autres troubles telles que les difficultés d’apprentissages dans la lecture et l’écriture, des troubles telles que dyslexie, dyscalculie, ou encore des troubles des fonctions cognitives.</p>



<p>Source « https://www.pedagoj.com/le-tdah/ »</p>



<p></p>

<p>TDAH, le Trouble Déficit de l’Attention avec ou sans Hyperactivité Souvent associé à des enfants turbulents, le Trouble Déficit de l’Attention avec ou sans Hyperactivité (TDAH) est bien plus complexe que cela. Il s’agit un trouble du neurodéveloppement. Bien souvent, on le résume à l’hyperactivité mais cette dernière notion fait partie du TDAH aux côtés [&hellip;]</p>
